{"id":4041,"date":"2013-05-05T15:44:21","date_gmt":"2013-05-05T13:44:21","guid":{"rendered":"http:\/\/klubmamgdynia.pl\/index.php\/produkt\/little-spiwor-juicy-beats-zick-zack-70-110cm-wielokolorowy\/"},"modified":"2026-05-17T22:02:18","modified_gmt":"2026-05-17T20:02:18","slug":"little-spiwor-juicy-beats-zick-zack-70-110cm-wielokolorowy","status":"publish","type":"product","link":"http:\/\/klubmamgdynia.pl\/index.php\/produkt\/little-spiwor-juicy-beats-zick-zack-70-110cm-wielokolorowy\/","title":{"rendered":"Little \u015apiw\u00f3r Juicy Beats Zick Zack 70 110Cm Wielokolorowy"},"content":{"rendered":"<p>\u015apiw\u00f3r dzieci\u0119cy wykonany w 100% z mi\u0119kkiej i przytulnej bawe\u0142ny z pi\u0119knym zygzakiem. Al love r wz\u00f3r. Dzi\u0119ki lekkiej wy\u015bci\u00f3\u0142ce, nie tylko przyjemnie si\u0119 rozgrzewa, ale tak\u017ce oferuje mi\u0119kkie uczucie le\u017cenia. Okr\u0105g\u0142y kszta\u0142t zapewnia Twojej ukochanej osobie wystarczaj\u0105c\u0105 swobod\u0119 ruchu. Zamek b\u0142yskawiczny z zabezpieczeniem podbr\u00f3dka u\u0142atwia zak\u0142adanie i zdejmowanie. Szczeg\u00f3\u0142y dotycz\u0105ce produktu: Lekkie i wygodne karmienie G\u00f3rna: 100 % bawe\u0142ny Podszewka: 100 % bawe\u0142na Wype\u0142nienie: 100 % poliester Mo\u017cliwo\u015b\u0107 prania w temperaturze do 30 \u00b0C, nie rock nadaje si\u0119 do u\u017cytku w \u015brodowisku suchym i mokrym. Zbadano na obecno\u015b\u0107 substancji szkodliwych zgodnie z norm\u0105 Oeko-Tex\u00ae Standard 100 nr 14.HCN.50318 w Hohenstein.<\/p>\n<h2>Little \u015apiw\u00f3r Juicy Beats Zick Zack 70 110Cm Wielokolorowy Little<\/h2>\n<p>zak\u0142adka do ksi\u0105\u017cki szablon, pomys\u0142y na prezent na roczek, zagadki logiczne dla dzieci, halszka, smok wawelski bajka, wzruszaj\u0105ce s\u0142owa dla przyjaci\u00f3\u0142ki, platformy edukacyjne dla dzieci, izabela imie, zabawka na roczek, nauka zegara do druku pdf, dobre \u017carty na prima aprilis, dzie\u0144 matki w\u0142asnor\u0119czny prezent dla mamy od dziecka, zagadka logiczna, kontynenty do druku, delfinarium polska, cytaty dziecko, znaczenie imiona alan, miastodzieci, ciekawe zagadki i odpowiedzi, test zaczarowana zagroda, zabawki na roczek<\/p>\n<p>yyyyy<\/p>\n<p>&nbsp;<\/p>\n","protected":false},"excerpt":{"rendered":"<p>\u015apiw\u00f3r dzieci\u0119cy wykonany w 100% z mi\u0119kkiej i przytulnej bawe\u0142ny z pi\u0119knym zygzakiem. Al love r wz\u00f3r. Dzi\u0119ki lekkiej wy\u015bci\u00f3\u0142ce, nie tylko przyjemnie si\u0119 rozgrzewa, ale tak\u017ce oferuje mi\u0119kkie uczucie le\u017cenia. Okr\u0105g\u0142y kszta\u0142t zapewnia Twojej ukochanej osobie wystarczaj\u0105c\u0105 swobod\u0119 ruchu. Zamek b\u0142yskawiczny z zabezpieczeniem podbr\u00f3dka u\u0142atwia zak\u0142adanie i zdejmowanie. Szczeg\u00f3\u0142y dotycz\u0105ce produktu: Lekkie i wygodne [&hellip;]<\/p>\n","protected":false},"featured_media":4042,"comment_status":"closed","ping_status":"open","template":"","meta":[],"product_cat":[1101,395],"product_tag":[621,586,803,634],"class_list":["post-4041","product","type-product","status-publish","has-post-thumbnail","hentry","product_cat-little","product_cat-spiworki","product_tag-prezenty-roczek","product_tag-smieszne-zagadki","product_tag-szlaczki-do-druku","product_tag-zagadki-wielkanocne-dla-dzieci"],"_links":{"self":[{"href":"http:\/\/klubmamgdynia.pl\/index.php\/wp-json\/wp\/v2\/product\/4041","targetHints":{"allow":["GET"]}}],"collection":[{"href":"http:\/\/klubmamgdynia.pl\/index.php\/wp-json\/wp\/v2\/product"}],"about":[{"href":"http:\/\/klubmamgdynia.pl\/index.php\/wp-json\/wp\/v2\/types\/product"}],"replies":[{"embeddable":true,"href":"http:\/\/klubmamgdynia.pl\/index.php\/wp-json\/wp\/v2\/comments?post=4041"}],"wp:featuredmedia":[{"embeddable":true,"href":"http:\/\/klubmamgdynia.pl\/index.php\/wp-json\/wp\/v2\/media\/4042"}],"wp:attachment":[{"href":"http:\/\/klubmamgdynia.pl\/index.php\/wp-json\/wp\/v2\/media?parent=4041"}],"wp:term":[{"taxonomy":"product_cat","embeddable":true,"href":"http:\/\/klubmamgdynia.pl\/index.php\/wp-json\/wp\/v2\/product_cat?post=4041"},{"taxonomy":"product_tag","embeddable":true,"href":"http:\/\/klubmamgdynia.pl\/index.php\/wp-json\/wp\/v2\/product_tag?post=4041"}],"curies":[{"name":"wp","href":"https:\/\/api.w.org\/{rel}","templated":true}]}}