{"id":4047,"date":"2015-03-27T13:55:42","date_gmt":"2015-03-27T12:55:42","guid":{"rendered":"http:\/\/klubmamgdynia.pl\/index.php\/produkt\/mga-crate-creatures-surprise-barf-buddies-crunch-seria-1-555148\/"},"modified":"2026-04-19T14:55:58","modified_gmt":"2026-04-19T12:55:58","slug":"mga-crate-creatures-surprise-barf-buddies-crunch-seria-1-555148","status":"publish","type":"product","link":"http:\/\/klubmamgdynia.pl\/index.php\/produkt\/mga-crate-creatures-surprise-barf-buddies-crunch-seria-1-555148\/","title":{"rendered":"MGA Crate Creatures Surprise Barf Buddies Crunch Seria 1 555148"},"content":{"rendered":"<p>Crate Creatures s\u0105 szczuplejsze ni\u017c kiedykolwiek, dzi\u0119ki nowym figurkom kolekcjonerskim Barf Buddies. Nape\u0142nij usta figurki do\u0142\u0105czonym kolorowym slimem, nast\u0119pnie poci\u0105gnij j\u0105 za ogon lub p\u0142etw\u0119 i obserwuj jak go zwymiotuje. W kolekcji sze\u015b\u0107 unikatowych postaci, ka\u017cda posiada r\u00f3\u017cne kolory slime\u00f3w (niebieski, zielony, pomara\u0144czowy, fioletowy lub \u017c\u00f3\u0142ty). Slime Barf Buddies zawiera 3 tajemnicze, kolekcjonerskie mini figurki Puke Pals ukrywaj\u0105ce si\u0119 w \u015brodku. Mo\u017cliwo\u015b\u0107 ponownego nape\u0142nienia figurki \u201eBarf Buddies\u201d slimem i zabawkami do kolekcjonowania w celu ponownej zabawy. Opakowanie z funkcj\u0105 &#8222;Try Me&#8221;.Zawarto\u015b\u0107 i cechy zestawu:Figurka Crate Creatures Surprise Barf Buddies &#8211; CrunchKolorowy slime 8g &#8211; niebieski, zielony, pomara\u0144czowy, fioletowy lub \u017c\u00f3\u0142ty (w zale\u017cno\u015bci od zestawu)3 tajemnicze mini figurki Puke PalsZabawa w odkrywanie i kolekcjonowanie<\/p>\n<h2>MGA Crate Creatures Surprise Barf Buddies Crunch Seria 1 555148 MGA<\/h2>\n<p>jak narysowa\u0107 sanie miko\u0142aja, kolorowanka harry potter, skalne miasto, medrcy swiata, prezent dla pi\u0119tnastolatka<\/p>\n<p>yyyyy<\/p>\n<p>&nbsp;<\/p>\n","protected":false},"excerpt":{"rendered":"<p>Crate Creatures s\u0105 szczuplejsze ni\u017c kiedykolwiek, dzi\u0119ki nowym figurkom kolekcjonerskim Barf Buddies. Nape\u0142nij usta figurki do\u0142\u0105czonym kolorowym slimem, nast\u0119pnie poci\u0105gnij j\u0105 za ogon lub p\u0142etw\u0119 i obserwuj jak go zwymiotuje. W kolekcji sze\u015b\u0107 unikatowych postaci, ka\u017cda posiada r\u00f3\u017cne kolory slime\u00f3w (niebieski, zielony, pomara\u0144czowy, fioletowy lub \u017c\u00f3\u0142ty). Slime Barf Buddies zawiera 3 tajemnicze, kolekcjonerskie mini figurki [&hellip;]<\/p>\n","protected":false},"featured_media":4048,"comment_status":"closed","ping_status":"open","template":"","meta":[],"product_cat":[95,301],"product_tag":[685,758,745,628],"class_list":["post-4047","product","type-product","status-publish","has-post-thumbnail","hentry","product_cat-figurki-makiety-i-zestawy","product_cat-mga","product_tag-cytaty-o-rodzinie","product_tag-julian","product_tag-prezent-dla-15-latki","product_tag-zagadka"],"_links":{"self":[{"href":"http:\/\/klubmamgdynia.pl\/index.php\/wp-json\/wp\/v2\/product\/4047","targetHints":{"allow":["GET"]}}],"collection":[{"href":"http:\/\/klubmamgdynia.pl\/index.php\/wp-json\/wp\/v2\/product"}],"about":[{"href":"http:\/\/klubmamgdynia.pl\/index.php\/wp-json\/wp\/v2\/types\/product"}],"replies":[{"embeddable":true,"href":"http:\/\/klubmamgdynia.pl\/index.php\/wp-json\/wp\/v2\/comments?post=4047"}],"wp:featuredmedia":[{"embeddable":true,"href":"http:\/\/klubmamgdynia.pl\/index.php\/wp-json\/wp\/v2\/media\/4048"}],"wp:attachment":[{"href":"http:\/\/klubmamgdynia.pl\/index.php\/wp-json\/wp\/v2\/media?parent=4047"}],"wp:term":[{"taxonomy":"product_cat","embeddable":true,"href":"http:\/\/klubmamgdynia.pl\/index.php\/wp-json\/wp\/v2\/product_cat?post=4047"},{"taxonomy":"product_tag","embeddable":true,"href":"http:\/\/klubmamgdynia.pl\/index.php\/wp-json\/wp\/v2\/product_tag?post=4047"}],"curies":[{"name":"wp","href":"https:\/\/api.w.org\/{rel}","templated":true}]}}