{"id":4051,"date":"2010-11-05T00:25:39","date_gmt":"2010-11-04T23:25:39","guid":{"rendered":"http:\/\/klubmamgdynia.pl\/index.php\/produkt\/mga-ready2robot-pilots-553992\/"},"modified":"2026-05-02T11:36:06","modified_gmt":"2026-05-02T09:36:06","slug":"mga-ready2robot-pilots-553992","status":"publish","type":"product","link":"http:\/\/klubmamgdynia.pl\/index.php\/produkt\/mga-ready2robot-pilots-553992\/","title":{"rendered":"MGA Ready2Robot Pilots 553992"},"content":{"rendered":"<p>MGA Ready2Robot Pilots mix                            <\/p>\n<p>Jedyna linia kolekcjonerska dla ch\u0142opc\u00f3w, kt\u00f3ra pozwala budowa\u0107, miesza\u0107 i \u0142\u0105czy\u0107 niestandardowe &#8222;boty&#8221; i walczy\u0107 z przyjaci\u00f3\u0142mi w b\u00f3jce robot\u00f3w na terenie Fightanium Arena. Dodaj swoj\u0105 bro\u0144 aby Twoje bitwy osi\u0105gn\u0119\u0142y kolejny poziom! Czterech wyj\u0105tkowych pilot\u00f3w w ka\u017cdym pakiecie. Jeden pilot pakowany poza mas\u0105, aby \u0142atwo zidentyfikowa\u0107 r\u00f3\u017cne rodzaje i zebra\u0107 je wszystkie. Ukryty pilot wewn\u0105trz masy Cztery r\u00f3\u017cne kolorowe masy Zbierz wszystkich 16 pilot\u00f3w, aby dostosowa\u0107 swoje Mechboty Wiek: 5+<\/p>\n<h2>MGA Ready2Robot Pilots 553992 MGA<\/h2>\n<p>kiedy dzieci zbieraja cukierki na halloween, jaki prezent na roczek, pa\u0144stwa europy i ich stolice quiz, zagadki o psach, zagadki wiosenne dla dzieci, w uk\u0142adzie s\u0142onecznym, jesienne zagadki, cytaty o dziecku<\/p>\n<p>yyyyy<\/p>\n<p>&nbsp;<\/p>\n","protected":false},"excerpt":{"rendered":"<p>MGA Ready2Robot Pilots mix Jedyna linia kolekcjonerska dla ch\u0142opc\u00f3w, kt\u00f3ra pozwala budowa\u0107, miesza\u0107 i \u0142\u0105czy\u0107 niestandardowe &#8222;boty&#8221; i walczy\u0107 z przyjaci\u00f3\u0142mi w b\u00f3jce robot\u00f3w na terenie Fightanium Arena. Dodaj swoj\u0105 bro\u0144 aby Twoje bitwy osi\u0105gn\u0119\u0142y kolejny poziom! Czterech wyj\u0105tkowych pilot\u00f3w w ka\u017cdym pakiecie. Jeden pilot pakowany poza mas\u0105, aby \u0142atwo zidentyfikowa\u0107 r\u00f3\u017cne rodzaje i zebra\u0107 [&hellip;]<\/p>\n","protected":false},"featured_media":4052,"comment_status":"closed","ping_status":"open","template":"","meta":[],"product_cat":[95,301],"product_tag":[865,813,614,711,811],"class_list":["post-4051","product","type-product","status-publish","has-post-thumbnail","hentry","product_cat-figurki-makiety-i-zestawy","product_cat-mga","product_tag-cytaty-o-dzieciach","product_tag-krotkie-zagadki-matematyczne-z-odpowiedziami","product_tag-pia","product_tag-prezenty-dla-nastolatkow","product_tag-zagadki-logiczne-dla-dzieci"],"_links":{"self":[{"href":"http:\/\/klubmamgdynia.pl\/index.php\/wp-json\/wp\/v2\/product\/4051","targetHints":{"allow":["GET"]}}],"collection":[{"href":"http:\/\/klubmamgdynia.pl\/index.php\/wp-json\/wp\/v2\/product"}],"about":[{"href":"http:\/\/klubmamgdynia.pl\/index.php\/wp-json\/wp\/v2\/types\/product"}],"replies":[{"embeddable":true,"href":"http:\/\/klubmamgdynia.pl\/index.php\/wp-json\/wp\/v2\/comments?post=4051"}],"wp:featuredmedia":[{"embeddable":true,"href":"http:\/\/klubmamgdynia.pl\/index.php\/wp-json\/wp\/v2\/media\/4052"}],"wp:attachment":[{"href":"http:\/\/klubmamgdynia.pl\/index.php\/wp-json\/wp\/v2\/media?parent=4051"}],"wp:term":[{"taxonomy":"product_cat","embeddable":true,"href":"http:\/\/klubmamgdynia.pl\/index.php\/wp-json\/wp\/v2\/product_cat?post=4051"},{"taxonomy":"product_tag","embeddable":true,"href":"http:\/\/klubmamgdynia.pl\/index.php\/wp-json\/wp\/v2\/product_tag?post=4051"}],"curies":[{"name":"wp","href":"https:\/\/api.w.org\/{rel}","templated":true}]}}