{"id":4071,"date":"2018-03-09T19:45:55","date_gmt":"2018-03-09T18:45:55","guid":{"rendered":"http:\/\/klubmamgdynia.pl\/index.php\/produkt\/artyk-zestaw-mistrza-kuchni-edufun-9el-zabawka\/"},"modified":"2026-04-03T21:09:25","modified_gmt":"2026-04-03T19:09:25","slug":"artyk-zestaw-mistrza-kuchni-edufun-9el-zabawka","status":"publish","type":"product","link":"http:\/\/klubmamgdynia.pl\/index.php\/produkt\/artyk-zestaw-mistrza-kuchni-edufun-9el-zabawka\/","title":{"rendered":"Artyk Zestaw Mistrza Kuchni Edu&amp;Fun 9El. &#8211; Zabawka"},"content":{"rendered":"<p>Miks wzor\u00f3w, towar wysy\u0142any losowo. Cena za sztuk\u0119.Zestaw mistrza kuchni Edu&amp;Fun 9 el.2 WZORY, W ZESTAWIE: DESKA DO KROJENIA 12X9 CM., N\u00d3\u017b, 7 OWOC\u00d3W, WARZYW NA RZEP DO KROJENIA.EAN: 5901811125812<\/p>\n<h2>Artyk Zestaw Mistrza Kuchni Edu&amp;Fun 9El. &#8211; Zabawka Artyk<\/h2>\n<p>test detektyw pozytywka, imiona dla ch\u0142opc\u00f3w, basen warszawa, znaczenie imiona justyna, bal halloween dla dzieci 2021, r\u00f3\u017cne zagadki, janusz, prezent dla 7 latka ch\u0142opca, wiersz o marzannie, kr\u00f3tkie bajki do czytania na dobranoc, zaproszenie na urodziny do druku, filmy animowane \u015bwi\u0105teczne, regina, kanapki na urodziny dziecka, starodawne \u017cyczenia bo\u017conarodzeniowe, opisy rodzina, zagadki dla dzieci 7-8 lat online, weso\u0142e pisanki tekst<\/p>\n<p>yyyyy<\/p>\n<p>&nbsp;<\/p>\n","protected":false},"excerpt":{"rendered":"<p>Miks wzor\u00f3w, towar wysy\u0142any losowo. Cena za sztuk\u0119.Zestaw mistrza kuchni Edu&amp;Fun 9 el.2 WZORY, W ZESTAWIE: DESKA DO KROJENIA 12X9 CM., N\u00d3\u017b, 7 OWOC\u00d3W, WARZYW NA RZEP DO KROJENIA.EAN: 5901811125812 Artyk Zestaw Mistrza Kuchni Edu&amp;Fun 9El. &#8211; Zabawka Artyk test detektyw pozytywka, imiona dla ch\u0142opc\u00f3w, basen warszawa, znaczenie imiona justyna, bal halloween dla dzieci 2021, [&hellip;]<\/p>\n","protected":false},"featured_media":4072,"comment_status":"closed","ping_status":"open","template":"","meta":[],"product_cat":[336,53],"product_tag":[864,716,617,744,579],"class_list":["post-4071","product","type-product","status-publish","has-post-thumbnail","hentry","product_cat-artyk","product_cat-kaciki-zabaw","product_tag-basen-warszawa","product_tag-filmy-animowane-o-swietach","product_tag-keyword","product_tag-kolorowanki-swiateczne-do-wydruku","product_tag-quiz-opowiesci-z-narnii-lew-czarownica-i-stara-szafa"],"_links":{"self":[{"href":"http:\/\/klubmamgdynia.pl\/index.php\/wp-json\/wp\/v2\/product\/4071","targetHints":{"allow":["GET"]}}],"collection":[{"href":"http:\/\/klubmamgdynia.pl\/index.php\/wp-json\/wp\/v2\/product"}],"about":[{"href":"http:\/\/klubmamgdynia.pl\/index.php\/wp-json\/wp\/v2\/types\/product"}],"replies":[{"embeddable":true,"href":"http:\/\/klubmamgdynia.pl\/index.php\/wp-json\/wp\/v2\/comments?post=4071"}],"wp:featuredmedia":[{"embeddable":true,"href":"http:\/\/klubmamgdynia.pl\/index.php\/wp-json\/wp\/v2\/media\/4072"}],"wp:attachment":[{"href":"http:\/\/klubmamgdynia.pl\/index.php\/wp-json\/wp\/v2\/media?parent=4071"}],"wp:term":[{"taxonomy":"product_cat","embeddable":true,"href":"http:\/\/klubmamgdynia.pl\/index.php\/wp-json\/wp\/v2\/product_cat?post=4071"},{"taxonomy":"product_tag","embeddable":true,"href":"http:\/\/klubmamgdynia.pl\/index.php\/wp-json\/wp\/v2\/product_tag?post=4071"}],"curies":[{"name":"wp","href":"https:\/\/api.w.org\/{rel}","templated":true}]}}