{"id":4073,"date":"2023-08-07T21:15:49","date_gmt":"2023-08-07T19:15:49","guid":{"rendered":"http:\/\/klubmamgdynia.pl\/?post_type=product&#038;p=4073"},"modified":"2026-04-19T02:30:17","modified_gmt":"2026-04-19T00:30:17","slug":"mamamiakids-hustawka-dziecieca-drewniana-korona-pomponik-szara-rozowa","status":"publish","type":"product","link":"http:\/\/klubmamgdynia.pl\/index.php\/produkt\/mamamiakids-hustawka-dziecieca-drewniana-korona-pomponik-szara-rozowa\/","title":{"rendered":"Mamamiakids Hu\u015btawka Dzieci\u0119ca Drewniana Korona Pomponik Szara R\u00f3\u017cowa"},"content":{"rendered":"<p>Hu\u015btawka to idealny dodatek do domu ale tak\u017ce ogrodu. R\u0119cznie robiona hu\u015btawka, przeznaczona dla dzieci od momentu ich samodzielnego siedzenia do oko\u0142o 20 kg. Hu\u015btawka to idealna atrakcja dla dzieci, a zw\u0142aszcza dla tych, kt\u00f3re si\u0119 szybko nudz\u0105 i potrzebuj\u0105 du\u017co uwagi.Dzi\u0119ki Cleanaboo absolutnie ka\u017cdy rozlany na materiale p\u0142yn formuje si\u0119 w krople i nie wnika do wn\u0119trza tkaniny.Wymiary ca\u0142ej hu\u015btawki:D\u0142ugo\u015b\u0107: 40 cmSzeroko\u015b\u0107: 40 cmG\u0142\u0119boko\u015b\u0107: 30 cmWymiar siedziska: 30 cm x 30 cmObci\u0105\u017cenie hu\u015btawki max do: 20 kg.Ca\u0142kowita d\u0142ugo\u015b\u0107 od sufitu 2 m (mo\u017cliwo\u015b\u0107 regulowania wysoko\u015bci hu\u015btawki poprzez odwi\u0105zanie sup\u0142\u00f3w pod siedziskiem.)Nie posiada ostrych kraw\u0119dzi oraz jest wyposa\u017cona w pasy bezpiecze\u0144stwa.Wszystkie elementy s\u0105 wype\u0142nione hipoalergiczn\u0105 kulk\u0105 silikonow\u0105.Najwa\u017cniejsze cechy:Najwy\u017csza staranno\u015b\u0107 wykonania, produkt wykonany r\u0119cznie.Niezwyk\u0142y i unikalny design.Stabilna i bezpieczna konstrukcja.\u0141atwo\u015b\u0107 utrzymania w czysto\u015bci.Uniwersalne zastosowanie, hu\u015btawka jest idealna zar\u00f3wno do stosowania wewn\u0105trz, jak i na zewn\u0105trz.<\/p>\n<h2>Mamamiakids Hu\u015btawka Dzieci\u0119ca Drewniana Korona Pomponik Szara R\u00f3\u017cowa <\/h2>\n<p>trudne zadania matematyczne, zagadki wielkanocne dla doros\u0142ych, cytat na dzie\u0144 mamy, ka\u0142u\u017cy\u015bci, kolorowanki konie z je\u017ad\u017acem, quiz o bo\u017cym narodzeniu<\/p>\n<p>yyyyy<\/p>\n<p>&nbsp;<\/p>\n","protected":false},"excerpt":{"rendered":"<p>Hu\u015btawka to idealny dodatek do domu ale tak\u017ce ogrodu. R\u0119cznie robiona hu\u015btawka, przeznaczona dla dzieci od momentu ich samodzielnego siedzenia do oko\u0142o 20 kg. Hu\u015btawka to idealna atrakcja dla dzieci, a zw\u0142aszcza dla tych, kt\u00f3re si\u0119 szybko nudz\u0105 i potrzebuj\u0105 du\u017co uwagi.Dzi\u0119ki Cleanaboo absolutnie ka\u017cdy rozlany na materiale p\u0142yn formuje si\u0119 w krople i nie [&hellip;]<\/p>\n","protected":false},"featured_media":4074,"comment_status":"closed","ping_status":"open","template":"","meta":[],"product_cat":[1156],"product_tag":[686,867,747,621],"class_list":["post-4073","product","type-product","status-publish","has-post-thumbnail","hentry","product_cat-lezaczki-bujaki-i-hustawki-niemowlece","product_tag-co-na-roczek-dla-chlopca","product_tag-kolorowanki-dla-dziewczynek","product_tag-malowanki-do-druku","product_tag-prezenty-roczek"],"_links":{"self":[{"href":"http:\/\/klubmamgdynia.pl\/index.php\/wp-json\/wp\/v2\/product\/4073","targetHints":{"allow":["GET"]}}],"collection":[{"href":"http:\/\/klubmamgdynia.pl\/index.php\/wp-json\/wp\/v2\/product"}],"about":[{"href":"http:\/\/klubmamgdynia.pl\/index.php\/wp-json\/wp\/v2\/types\/product"}],"replies":[{"embeddable":true,"href":"http:\/\/klubmamgdynia.pl\/index.php\/wp-json\/wp\/v2\/comments?post=4073"}],"wp:featuredmedia":[{"embeddable":true,"href":"http:\/\/klubmamgdynia.pl\/index.php\/wp-json\/wp\/v2\/media\/4074"}],"wp:attachment":[{"href":"http:\/\/klubmamgdynia.pl\/index.php\/wp-json\/wp\/v2\/media?parent=4073"}],"wp:term":[{"taxonomy":"product_cat","embeddable":true,"href":"http:\/\/klubmamgdynia.pl\/index.php\/wp-json\/wp\/v2\/product_cat?post=4073"},{"taxonomy":"product_tag","embeddable":true,"href":"http:\/\/klubmamgdynia.pl\/index.php\/wp-json\/wp\/v2\/product_tag?post=4073"}],"curies":[{"name":"wp","href":"https:\/\/api.w.org\/{rel}","templated":true}]}}