{"id":4101,"date":"2023-10-30T12:51:17","date_gmt":"2023-10-30T11:51:17","guid":{"rendered":"http:\/\/klubmamgdynia.pl\/?post_type=product&#038;p=4101"},"modified":"2026-05-17T22:29:32","modified_gmt":"2026-05-17T20:29:32","slug":"little-frog-zakardowa-chusta-kolkowa-gone-with-the-wind-s-17m","status":"publish","type":"product","link":"http:\/\/klubmamgdynia.pl\/index.php\/produkt\/little-frog-zakardowa-chusta-kolkowa-gone-with-the-wind-s-17m\/","title":{"rendered":"Little Frog \u017bakardowa Chusta K\u00f3\u0142kowa Gone With The Wind S (1,7M)"},"content":{"rendered":"<p>Little Frog \u017cakardowa chusta k\u00f3\u0142kowa &#8211; Gone with the wind S (1,7 m)\u2022Polska \u017cakardowa chusta do noszenia dzieci marki Little Frog &#8211; ju\u017c od pierwszych dni\u2022100% bawe\u0142ny\u2022chusta tkana splotem \u017cakardowym\u2022chusta k\u00f3\u0142kowa<\/p>\n<h2>Little Frog \u017bakardowa Chusta K\u00f3\u0142kowa Gone With The Wind S (1,7M) Little Frog<\/h2>\n<p>trudne zagadki dla doros\u0142ych, kolorowanki do druku dla dziewczynek, dobranoc zimowo, plac zabaw pozna\u0144, zagadki logiczne na inteligencj\u0119 dla doros\u0142ych, antystresowe mandale do druku, konkurs dla dzieci, bardzo trudne zagadki, ma\u0142y ksi\u0105\u017c\u0119 cytaty o mi\u0142o\u015bci, przeczytaj mi wiersz, zagadki dla 4 latka do druku, zgadywanki dla dzieci, zagadki dla dzieci o zwierz\u0119tach, prezenty dla nastolatka, kolorowanki dla dziewczyn, rado\u015b\u0107 dziecka cytaty, maski karnawa\u0142owe do druku, zagadki matematyczne z odpowiedziami, szablony postacie do szopki do druku<\/p>\n<p>yyyyy<\/p>\n<p>&nbsp;<\/p>\n","protected":false},"excerpt":{"rendered":"<p>Little Frog \u017cakardowa chusta k\u00f3\u0142kowa &#8211; Gone with the wind S (1,7 m)\u2022Polska \u017cakardowa chusta do noszenia dzieci marki Little Frog &#8211; ju\u017c od pierwszych dni\u2022100% bawe\u0142ny\u2022chusta tkana splotem \u017cakardowym\u2022chusta k\u00f3\u0142kowa Little Frog \u017bakardowa Chusta K\u00f3\u0142kowa Gone With The Wind S (1,7M) Little Frog trudne zagadki dla doros\u0142ych, kolorowanki do druku dla dziewczynek, dobranoc zimowo, [&hellip;]<\/p>\n","protected":false},"featured_media":4102,"comment_status":"closed","ping_status":"open","template":"","meta":[],"product_cat":[1150,1104],"product_tag":[831,619,798],"class_list":["post-4101","product","type-product","status-publish","has-post-thumbnail","hentry","product_cat-little-frog","product_cat-nosidelka-i-chusty","product_tag-bruno","product_tag-iwo-imie","product_tag-prezenty-dla-nastolatki"],"_links":{"self":[{"href":"http:\/\/klubmamgdynia.pl\/index.php\/wp-json\/wp\/v2\/product\/4101","targetHints":{"allow":["GET"]}}],"collection":[{"href":"http:\/\/klubmamgdynia.pl\/index.php\/wp-json\/wp\/v2\/product"}],"about":[{"href":"http:\/\/klubmamgdynia.pl\/index.php\/wp-json\/wp\/v2\/types\/product"}],"replies":[{"embeddable":true,"href":"http:\/\/klubmamgdynia.pl\/index.php\/wp-json\/wp\/v2\/comments?post=4101"}],"wp:featuredmedia":[{"embeddable":true,"href":"http:\/\/klubmamgdynia.pl\/index.php\/wp-json\/wp\/v2\/media\/4102"}],"wp:attachment":[{"href":"http:\/\/klubmamgdynia.pl\/index.php\/wp-json\/wp\/v2\/media?parent=4101"}],"wp:term":[{"taxonomy":"product_cat","embeddable":true,"href":"http:\/\/klubmamgdynia.pl\/index.php\/wp-json\/wp\/v2\/product_cat?post=4101"},{"taxonomy":"product_tag","embeddable":true,"href":"http:\/\/klubmamgdynia.pl\/index.php\/wp-json\/wp\/v2\/product_tag?post=4101"}],"curies":[{"name":"wp","href":"https:\/\/api.w.org\/{rel}","templated":true}]}}