{"id":4111,"date":"2017-09-27T16:53:09","date_gmt":"2017-09-27T14:53:09","guid":{"rendered":"http:\/\/klubmamgdynia.pl\/index.php\/produkt\/tuban-zestaw-big-tuban-i-250m-plynu-do-baniek\/"},"modified":"2026-04-17T05:12:31","modified_gmt":"2026-04-17T03:12:31","slug":"tuban-zestaw-big-tuban-i-250m-plynu-do-baniek","status":"publish","type":"product","link":"http:\/\/klubmamgdynia.pl\/index.php\/produkt\/tuban-zestaw-big-tuban-i-250m-plynu-do-baniek\/","title":{"rendered":"Tuban Zestaw Big Tuban I 250M P\u0142ynu Do Baniek"},"content":{"rendered":"<p>Zestaw do tworzenia baniek od Tuban z kt\u00f3rego skorzystaj\u0105 zar\u00f3wno ma\u0142e dzieci jak i doros\u0142e osoby. Zapewnia wiele godzin wspania\u0142ej rozrywki i \u015bwietn\u0105 atrakcj\u0119 podczas imprezy urodzinowej dziecka. W&#8230;<\/p>\n<h2>Tuban Zestaw Big Tuban I 250M P\u0142ynu Do Baniek Tuban<\/h2>\n<p>niespotykane imiona \u017ce\u0144skie, quiz o kosmosie dla dzieci, miasto dzieci pl, platformy edukacyjne dla dzieci, prezent na roczek dziewczynka, piosenka na dzie\u0144 nauczyciela przedszkole, cicha noc po angielsku, kolorowanki pokemon<\/p>\n<p>yyyyy<\/p>\n<p>&nbsp;<\/p>\n","protected":false},"excerpt":{"rendered":"<p>Zestaw do tworzenia baniek od Tuban z kt\u00f3rego skorzystaj\u0105 zar\u00f3wno ma\u0142e dzieci jak i doros\u0142e osoby. Zapewnia wiele godzin wspania\u0142ej rozrywki i \u015bwietn\u0105 atrakcj\u0119 podczas imprezy urodzinowej dziecka. W&#8230; Tuban Zestaw Big Tuban I 250M P\u0142ynu Do Baniek Tuban niespotykane imiona \u017ce\u0144skie, quiz o kosmosie dla dzieci, miasto dzieci pl, platformy edukacyjne dla dzieci, prezent [&hellip;]<\/p>\n","protected":false},"featured_media":4112,"comment_status":"closed","ping_status":"open","template":"","meta":[],"product_cat":[472,558],"product_tag":[871,758,677],"class_list":["post-4111","product","type-product","status-publish","has-post-thumbnail","hentry","product_cat-banki-mydlane","product_cat-tuban","product_tag-bajka-o-smoku-wawelskim","product_tag-julian","product_tag-milosz-imie"],"_links":{"self":[{"href":"http:\/\/klubmamgdynia.pl\/index.php\/wp-json\/wp\/v2\/product\/4111","targetHints":{"allow":["GET"]}}],"collection":[{"href":"http:\/\/klubmamgdynia.pl\/index.php\/wp-json\/wp\/v2\/product"}],"about":[{"href":"http:\/\/klubmamgdynia.pl\/index.php\/wp-json\/wp\/v2\/types\/product"}],"replies":[{"embeddable":true,"href":"http:\/\/klubmamgdynia.pl\/index.php\/wp-json\/wp\/v2\/comments?post=4111"}],"wp:featuredmedia":[{"embeddable":true,"href":"http:\/\/klubmamgdynia.pl\/index.php\/wp-json\/wp\/v2\/media\/4112"}],"wp:attachment":[{"href":"http:\/\/klubmamgdynia.pl\/index.php\/wp-json\/wp\/v2\/media?parent=4111"}],"wp:term":[{"taxonomy":"product_cat","embeddable":true,"href":"http:\/\/klubmamgdynia.pl\/index.php\/wp-json\/wp\/v2\/product_cat?post=4111"},{"taxonomy":"product_tag","embeddable":true,"href":"http:\/\/klubmamgdynia.pl\/index.php\/wp-json\/wp\/v2\/product_tag?post=4111"}],"curies":[{"name":"wp","href":"https:\/\/api.w.org\/{rel}","templated":true}]}}