{"id":4117,"date":"2021-07-26T16:44:10","date_gmt":"2021-07-26T14:44:10","guid":{"rendered":"http:\/\/klubmamgdynia.pl\/index.php\/produkt\/imperial-mega-zestaw-banki-mydlane\/"},"modified":"2026-04-26T06:55:57","modified_gmt":"2026-04-26T04:55:57","slug":"imperial-mega-zestaw-banki-mydlane","status":"publish","type":"product","link":"http:\/\/klubmamgdynia.pl\/index.php\/produkt\/imperial-mega-zestaw-banki-mydlane\/","title":{"rendered":"Imperial Mega Zestaw Ba\u0144ki Mydlane"},"content":{"rendered":"<p>Zestaw do puszczania ogromnych i trwa\u0142ych baniek.Pozwoli Ci cieszy\u0107 si\u0119 wspania\u0142ymi, d\u0142ugo utrzymuj\u0105cymi si\u0119 w powietrzu ba\u0144kami mydlanymi.<\/p>\n<h2>Imperial Mega Zestaw Ba\u0144ki Mydlane Imperial<\/h2>\n<p>zagadki trudne, smieszne zagadki, prezent dla 16 latki, kartka walentynkowa r\u0119cznie robiona \u0142atwa, zagadki dla dzieci 5 lat, kawa\u0142y na prima aprilis dla rodzic\u00f3w, nasza zima z\u0142a tekst, zagadki o przyborach szkolnych, trudne zagadki dla doros\u0142ych, karty pracy dla dzieci z ukrainy do druku<\/p>\n<p>yyyyy<\/p>\n<p>&nbsp;<\/p>\n","protected":false},"excerpt":{"rendered":"<p>Zestaw do puszczania ogromnych i trwa\u0142ych baniek.Pozwoli Ci cieszy\u0107 si\u0119 wspania\u0142ymi, d\u0142ugo utrzymuj\u0105cymi si\u0119 w powietrzu ba\u0144kami mydlanymi. Imperial Mega Zestaw Ba\u0144ki Mydlane Imperial zagadki trudne, smieszne zagadki, prezent dla 16 latki, kartka walentynkowa r\u0119cznie robiona \u0142atwa, zagadki dla dzieci 5 lat, kawa\u0142y na prima aprilis dla rodzic\u00f3w, nasza zima z\u0142a tekst, zagadki o przyborach [&hellip;]<\/p>\n","protected":false},"featured_media":4118,"comment_status":"closed","ping_status":"open","template":"","meta":[],"product_cat":[472,1188],"product_tag":[697,690,630,760],"class_list":["post-4117","product","type-product","status-publish","has-post-thumbnail","hentry","product_cat-banki-mydlane","product_cat-imperial","product_tag-krotkie-bajki-do-czytania","product_tag-pieski-male-dwa-tekst","product_tag-podchwytliwe-zagadki-z-odpowiedziami","product_tag-zagadka-matematyczna"],"_links":{"self":[{"href":"http:\/\/klubmamgdynia.pl\/index.php\/wp-json\/wp\/v2\/product\/4117","targetHints":{"allow":["GET"]}}],"collection":[{"href":"http:\/\/klubmamgdynia.pl\/index.php\/wp-json\/wp\/v2\/product"}],"about":[{"href":"http:\/\/klubmamgdynia.pl\/index.php\/wp-json\/wp\/v2\/types\/product"}],"replies":[{"embeddable":true,"href":"http:\/\/klubmamgdynia.pl\/index.php\/wp-json\/wp\/v2\/comments?post=4117"}],"wp:featuredmedia":[{"embeddable":true,"href":"http:\/\/klubmamgdynia.pl\/index.php\/wp-json\/wp\/v2\/media\/4118"}],"wp:attachment":[{"href":"http:\/\/klubmamgdynia.pl\/index.php\/wp-json\/wp\/v2\/media?parent=4117"}],"wp:term":[{"taxonomy":"product_cat","embeddable":true,"href":"http:\/\/klubmamgdynia.pl\/index.php\/wp-json\/wp\/v2\/product_cat?post=4117"},{"taxonomy":"product_tag","embeddable":true,"href":"http:\/\/klubmamgdynia.pl\/index.php\/wp-json\/wp\/v2\/product_tag?post=4117"}],"curies":[{"name":"wp","href":"https:\/\/api.w.org\/{rel}","templated":true}]}}