{"id":4121,"date":"2020-12-19T01:54:37","date_gmt":"2020-12-19T00:54:37","guid":{"rendered":"http:\/\/klubmamgdynia.pl\/index.php\/produkt\/mz-cinque-cnq02705\/"},"modified":"2026-05-17T22:56:55","modified_gmt":"2026-05-17T20:56:55","slug":"mz-cinque-cnq02705","status":"publish","type":"product","link":"http:\/\/klubmamgdynia.pl\/index.php\/produkt\/mz-cinque-cnq02705\/","title":{"rendered":"M&amp;Z Cinque CNQ02705"},"content":{"rendered":"<p>Produkt zaprojektowany i wyprodukowany we W\u0142oszechDane techniczne.datagrid table { border-collapse collapse text-align left width 700px } .datagrid {font-family Arial, Helvetica, sans-serif background fff overflow hidden }.datagrid table td, .datagrid table th { padding 5px 20px }.datagrid table tbody td { background F0F0F0 color000000 font-size 14pxfont-weight normal }.datagrid table tbody .alt td { background ffffff color 000000 }.datagrid table tbody tdfirst-child { border-left none }.datagrid table tbody trlast-child td { border-bottom none }.datagrid table tbody td.alt{font-weightbold}rodzaj produktubateria prysznicowa podtynkowakolorchrom b\u0142yszcz\u0105cymonta\u017cpodtynkowyg\u0142owicaceramicznaw zestawieelement monta\u017cowy wewn\u0119trznyogranicznik przep\u0142ywu wodybrakperlator-rodzaj wylewki-ilo\u015b\u0107 obs\u0142ugiwanych wyj\u015b\u0107 wodyjednotermostatnieMocne strony\u0142atwy monta\u017cwysoka jako\u015b\u0107 wykonaniape\u0142ny serwis gwarancyjny i pogwarancyjnype\u0142ny dost\u0119p do cz\u0119\u015bci zamiennychGWARANCJA 2 lata pow\u0142oka, 5 lat szczelno\u015b\u0107 g\u0142owicy<\/p>\n<h2>M&amp;Z Cinque CNQ02705 M&amp;Z<\/h2>\n<p>ksi\u0105\u017cka dla dzieci online, pozytywne cytaty mama cytaty, kolorowanka lol do druku, atrakcje dla dzieci wielkopolska, kolorowanka harry potter do druku, kwiaty polne nazwy i zdj\u0119cia, el\u017cbieta imi\u0119<\/p>\n<p>yyyyy<\/p>\n<p>&nbsp;<\/p>\n","protected":false},"excerpt":{"rendered":"<p>Produkt zaprojektowany i wyprodukowany we W\u0142oszechDane techniczne.datagrid table { border-collapse collapse text-align left width 700px } .datagrid {font-family Arial, Helvetica, sans-serif background fff overflow hidden }.datagrid table td, .datagrid table th { padding 5px 20px }.datagrid table tbody td { background F0F0F0 color000000 font-size 14pxfont-weight normal }.datagrid table tbody .alt td { background ffffff color [&hellip;]<\/p>\n","protected":false},"featured_media":4122,"comment_status":"closed","ping_status":"open","template":"","meta":[],"product_cat":[1189,1177],"product_tag":[605,782,634],"class_list":["post-4121","product","type-product","status-publish","has-post-thumbnail","hentry","product_cat-baterie-lazienkowe","product_cat-mz","product_tag-milena","product_tag-zagadki-dla-dzieci-z-odpowiedziami","product_tag-zagadki-wielkanocne-dla-dzieci"],"_links":{"self":[{"href":"http:\/\/klubmamgdynia.pl\/index.php\/wp-json\/wp\/v2\/product\/4121","targetHints":{"allow":["GET"]}}],"collection":[{"href":"http:\/\/klubmamgdynia.pl\/index.php\/wp-json\/wp\/v2\/product"}],"about":[{"href":"http:\/\/klubmamgdynia.pl\/index.php\/wp-json\/wp\/v2\/types\/product"}],"replies":[{"embeddable":true,"href":"http:\/\/klubmamgdynia.pl\/index.php\/wp-json\/wp\/v2\/comments?post=4121"}],"wp:featuredmedia":[{"embeddable":true,"href":"http:\/\/klubmamgdynia.pl\/index.php\/wp-json\/wp\/v2\/media\/4122"}],"wp:attachment":[{"href":"http:\/\/klubmamgdynia.pl\/index.php\/wp-json\/wp\/v2\/media?parent=4121"}],"wp:term":[{"taxonomy":"product_cat","embeddable":true,"href":"http:\/\/klubmamgdynia.pl\/index.php\/wp-json\/wp\/v2\/product_cat?post=4121"},{"taxonomy":"product_tag","embeddable":true,"href":"http:\/\/klubmamgdynia.pl\/index.php\/wp-json\/wp\/v2\/product_tag?post=4121"}],"curies":[{"name":"wp","href":"https:\/\/api.w.org\/{rel}","templated":true}]}}