{"id":4135,"date":"2023-04-20T07:05:30","date_gmt":"2023-04-20T05:05:30","guid":{"rendered":"http:\/\/klubmamgdynia.pl\/?post_type=product&#038;p=4135"},"modified":"2026-04-08T20:36:34","modified_gmt":"2026-04-08T18:36:34","slug":"adar-lalka-z-polskim-dzwiekiem-35cm-501324","status":"publish","type":"product","link":"http:\/\/klubmamgdynia.pl\/index.php\/produkt\/adar-lalka-z-polskim-dzwiekiem-35cm-501324\/","title":{"rendered":"Adar Lalka z polskim d\u017awi\u0119kiem 35cm 501324"},"content":{"rendered":"<p>Lalka bobas 35cm z polskim d\u017awi\u0119kiem, \u015bpiewa i m\u00f3wi po polsku.Lala ubrana w szar\u0105,ciep\u0142\u0105,bluz\u0119,r\u00f3\u017cowe body w paski,czapk\u0119 i skarpetki.Zabawka wymaga u\u017cycia baterii 3xLR44(w zestawie).Lala zapakowana w \u0142adne,prezentowe pude\u0142ko.Wymiary opakowania 40x10x18 cm.Wiek 3+&#8230;.<\/p>\n<h2>Adar Lalka z polskim d\u017awi\u0119kiem 35cm 501324 Adar<\/h2>\n<p>pokoloruj wed\u0142ug wzoru, zagadki dla dzieci, na wyspach bergamutach, miko\u0142ajki dla dzieci warszawa 2021, bajka o smoku, psikusy na prima aprilis, myszka minnie kolorowanka, zagadki na inteligencj\u0119, adriana imie, jeziora blisko warszawy, kolorowanka harry potter, dobre zagadki logiczne, quizy ortograficzne trudne, \u0142atwe ale podchwytliwe zagadki, t\u0119cza kolorowanka, kr\u00f3tkie bajki do czytania na dobranoc, prezent na roczek dla ch\u0142opca, quizy ma\u0142y ksi\u0105\u017c\u0119<\/p>\n<p>yyyyy<\/p>\n<p>&nbsp;<\/p>\n","protected":false},"excerpt":{"rendered":"<p>Lalka bobas 35cm z polskim d\u017awi\u0119kiem, \u015bpiewa i m\u00f3wi po polsku.Lala ubrana w szar\u0105,ciep\u0142\u0105,bluz\u0119,r\u00f3\u017cowe body w paski,czapk\u0119 i skarpetki.Zabawka wymaga u\u017cycia baterii 3xLR44(w zestawie).Lala zapakowana w \u0142adne,prezentowe pude\u0142ko.Wymiary opakowania 40x10x18 cm.Wiek 3+&#8230;. Adar Lalka z polskim d\u017awi\u0119kiem 35cm 501324 Adar pokoloruj wed\u0142ug wzoru, zagadki dla dzieci, na wyspach bergamutach, miko\u0142ajki dla dzieci warszawa 2021, bajka [&hellip;]<\/p>\n","protected":false},"featured_media":4136,"comment_status":"closed","ping_status":"open","template":"","meta":[],"product_cat":[175,65],"product_tag":[716,684,846,857],"class_list":["post-4135","product","type-product","status-publish","has-post-thumbnail","hentry","product_cat-adar","product_cat-lalki","product_tag-filmy-animowane-o-swietach","product_tag-prezent-dla-dziewczynki-na-roczek","product_tag-rysowanki","product_tag-zagadki-dla-dzieci-7-8-lat"],"_links":{"self":[{"href":"http:\/\/klubmamgdynia.pl\/index.php\/wp-json\/wp\/v2\/product\/4135","targetHints":{"allow":["GET"]}}],"collection":[{"href":"http:\/\/klubmamgdynia.pl\/index.php\/wp-json\/wp\/v2\/product"}],"about":[{"href":"http:\/\/klubmamgdynia.pl\/index.php\/wp-json\/wp\/v2\/types\/product"}],"replies":[{"embeddable":true,"href":"http:\/\/klubmamgdynia.pl\/index.php\/wp-json\/wp\/v2\/comments?post=4135"}],"wp:featuredmedia":[{"embeddable":true,"href":"http:\/\/klubmamgdynia.pl\/index.php\/wp-json\/wp\/v2\/media\/4136"}],"wp:attachment":[{"href":"http:\/\/klubmamgdynia.pl\/index.php\/wp-json\/wp\/v2\/media?parent=4135"}],"wp:term":[{"taxonomy":"product_cat","embeddable":true,"href":"http:\/\/klubmamgdynia.pl\/index.php\/wp-json\/wp\/v2\/product_cat?post=4135"},{"taxonomy":"product_tag","embeddable":true,"href":"http:\/\/klubmamgdynia.pl\/index.php\/wp-json\/wp\/v2\/product_tag?post=4135"}],"curies":[{"name":"wp","href":"https:\/\/api.w.org\/{rel}","templated":true}]}}