{"id":4139,"date":"2021-01-24T06:19:03","date_gmt":"2021-01-24T05:19:03","guid":{"rendered":"http:\/\/klubmamgdynia.pl\/index.php\/produkt\/adar-lalka-stylowa-60cm-2\/"},"modified":"2026-05-17T22:23:38","modified_gmt":"2026-05-17T20:23:38","slug":"adar-lalka-stylowa-60cm-2","status":"publish","type":"product","link":"http:\/\/klubmamgdynia.pl\/index.php\/produkt\/adar-lalka-stylowa-60cm-2\/","title":{"rendered":"Adar Lalka Stylowa 60Cm 2"},"content":{"rendered":"<p>Lalka 60cm, szyte w\u0142osy, z polskim d\u017awiekiem, \u015bpiewa i m\u00f3wi po polsku; BOX<\/p>\n<h2>Adar Lalka Stylowa 60Cm 2 Adar<\/h2>\n<p>kolorowanka dla dzieci, pytania do lektury asiunia, zabawy miko\u0142ajkowe dla dzieci, atrakcje dla dzieci wroc\u0142aw 2021, znaczenie imiona pola<\/p>\n<p>yyyyy<\/p>\n<p>&nbsp;<\/p>\n","protected":false},"excerpt":{"rendered":"<p>Lalka 60cm, szyte w\u0142osy, z polskim d\u017awiekiem, \u015bpiewa i m\u00f3wi po polsku; BOX Adar Lalka Stylowa 60Cm 2 Adar kolorowanka dla dzieci, pytania do lektury asiunia, zabawy miko\u0142ajkowe dla dzieci, atrakcje dla dzieci wroc\u0142aw 2021, znaczenie imiona pola yyyyy &nbsp;<\/p>\n","protected":false},"featured_media":4140,"comment_status":"closed","ping_status":"open","template":"","meta":[],"product_cat":[175,65],"product_tag":[802,844,648,585,602,869,733],"class_list":["post-4139","product","type-product","status-publish","has-post-thumbnail","hentry","product_cat-adar","product_cat-lalki","product_tag-co-kupic-dziewczynce-na-roczek","product_tag-co-kupic-na-roczek","product_tag-dobrej-nocy-i-sza","product_tag-kolorowanki-dla-chlopcow","product_tag-quiz-o-zwierzetach-domowych","product_tag-zagadki-na-logike","product_tag-zarty-na-prima-aprilis"],"_links":{"self":[{"href":"http:\/\/klubmamgdynia.pl\/index.php\/wp-json\/wp\/v2\/product\/4139","targetHints":{"allow":["GET"]}}],"collection":[{"href":"http:\/\/klubmamgdynia.pl\/index.php\/wp-json\/wp\/v2\/product"}],"about":[{"href":"http:\/\/klubmamgdynia.pl\/index.php\/wp-json\/wp\/v2\/types\/product"}],"replies":[{"embeddable":true,"href":"http:\/\/klubmamgdynia.pl\/index.php\/wp-json\/wp\/v2\/comments?post=4139"}],"wp:featuredmedia":[{"embeddable":true,"href":"http:\/\/klubmamgdynia.pl\/index.php\/wp-json\/wp\/v2\/media\/4140"}],"wp:attachment":[{"href":"http:\/\/klubmamgdynia.pl\/index.php\/wp-json\/wp\/v2\/media?parent=4139"}],"wp:term":[{"taxonomy":"product_cat","embeddable":true,"href":"http:\/\/klubmamgdynia.pl\/index.php\/wp-json\/wp\/v2\/product_cat?post=4139"},{"taxonomy":"product_tag","embeddable":true,"href":"http:\/\/klubmamgdynia.pl\/index.php\/wp-json\/wp\/v2\/product_tag?post=4139"}],"curies":[{"name":"wp","href":"https:\/\/api.w.org\/{rel}","templated":true}]}}