{"id":4141,"date":"2022-03-26T08:34:05","date_gmt":"2022-03-26T07:34:05","guid":{"rendered":"http:\/\/klubmamgdynia.pl\/index.php\/produkt\/fru-blu-super-banki-mydlane-plyn-5l-dkf8238\/"},"modified":"2026-04-06T01:24:58","modified_gmt":"2026-04-05T23:24:58","slug":"fru-blu-super-banki-mydlane-plyn-5l-dkf8238","status":"publish","type":"product","link":"http:\/\/klubmamgdynia.pl\/index.php\/produkt\/fru-blu-super-banki-mydlane-plyn-5l-dkf8238\/","title":{"rendered":"Fru Blu Super Ba\u0144ki Mydlane &#8211; P\u0142yn 5L Dkf8238"},"content":{"rendered":"<p>P\u0142yn do robienia super baniek mydlanych 5 LDoskona\u0142y p\u0142yn do robienia ogromnych, kolorowych i bardziej trwa\u0142ych baniek mydlanych. P\u0142yn jest robiony wed\u0142ug polskiej receptury i produkowany jest r\u00f3wnie\u017c w Polsce.Ba\u0144ki robione z p\u0142ynu SUPER BA\u0143KI MYDLANE s\u0105 bardziej wytrzyma\u0142e i mo\u017cna bawi\u0107 si\u0119 nimi na r\u00f3\u017cne sposoby: mo\u017cna je \u0142\u0105czy\u0107, delikatnie podrzuca\u0107 a nawet \u017conglowa\u0107!I wygl\u0105daj\u0105 przy tym niesamowicie, mieni\u0105 si\u0119 wszystkimi kolorami t\u0119czy!Du\u017cy p\u0142yn 5 litrowy, do robienia SUPER baniek mydlanych, to ogrom rado\u015bci z d\u0142uuugiej zabawy razem z Rodzin\u0105.P\u0142yn SUPER BA\u0143KI MYDLANE jest w 100% bezpieczny dla dzieci.G\u0142\u00f3wne cechy produktu:Dla dzieci w wieku od 3 roku \u017cyciaNajnowsza wersja p\u0142ynuPojemno\u015b\u0107 &#8211; 5lDedykowany do serii Fru BluDzi\u0119ki temu zrobisz ogromne ba\u0144kiWymiary opakowania: 19 x 30 x 12 cmWysoka jako\u015b\u0107 wykonania<\/p>\n<h2>Fru Blu Super Ba\u0144ki Mydlane &#8211; P\u0142yn 5L Dkf8238 TM Toys<\/h2>\n<p>tezeusz, kolorowanki \u015bwi\u0105teczne do wydruku, linda, pierwsze urodziny prezent na roczek dla ch\u0142opca, serce kolorowanka, zagadki o bo\u017cym narodzeniu, 45 pa\u0144stw europy i ich stolice quiz, ida swieta wielkanocne ida swieta<\/p>\n<p>yyyyy<\/p>\n<p>&nbsp;<\/p>\n","protected":false},"excerpt":{"rendered":"<p>P\u0142yn do robienia super baniek mydlanych 5 LDoskona\u0142y p\u0142yn do robienia ogromnych, kolorowych i bardziej trwa\u0142ych baniek mydlanych. P\u0142yn jest robiony wed\u0142ug polskiej receptury i produkowany jest r\u00f3wnie\u017c w Polsce.Ba\u0144ki robione z p\u0142ynu SUPER BA\u0143KI MYDLANE s\u0105 bardziej wytrzyma\u0142e i mo\u017cna bawi\u0107 si\u0119 nimi na r\u00f3\u017cne sposoby: mo\u017cna je \u0142\u0105czy\u0107, delikatnie podrzuca\u0107 a nawet \u017conglowa\u0107!I [&hellip;]<\/p>\n","protected":false},"featured_media":4142,"comment_status":"closed","ping_status":"open","template":"","meta":[],"product_cat":[472,145],"product_tag":[789,731,703,711],"class_list":["post-4141","product","type-product","status-publish","has-post-thumbnail","hentry","product_cat-banki-mydlane","product_cat-tm-toys","product_tag-kaczuszka","product_tag-maly-ksiaze-cytaty","product_tag-prezent-dla-nastolatki","product_tag-prezenty-dla-nastolatkow"],"_links":{"self":[{"href":"http:\/\/klubmamgdynia.pl\/index.php\/wp-json\/wp\/v2\/product\/4141","targetHints":{"allow":["GET"]}}],"collection":[{"href":"http:\/\/klubmamgdynia.pl\/index.php\/wp-json\/wp\/v2\/product"}],"about":[{"href":"http:\/\/klubmamgdynia.pl\/index.php\/wp-json\/wp\/v2\/types\/product"}],"replies":[{"embeddable":true,"href":"http:\/\/klubmamgdynia.pl\/index.php\/wp-json\/wp\/v2\/comments?post=4141"}],"wp:featuredmedia":[{"embeddable":true,"href":"http:\/\/klubmamgdynia.pl\/index.php\/wp-json\/wp\/v2\/media\/4142"}],"wp:attachment":[{"href":"http:\/\/klubmamgdynia.pl\/index.php\/wp-json\/wp\/v2\/media?parent=4141"}],"wp:term":[{"taxonomy":"product_cat","embeddable":true,"href":"http:\/\/klubmamgdynia.pl\/index.php\/wp-json\/wp\/v2\/product_cat?post=4141"},{"taxonomy":"product_tag","embeddable":true,"href":"http:\/\/klubmamgdynia.pl\/index.php\/wp-json\/wp\/v2\/product_tag?post=4141"}],"curies":[{"name":"wp","href":"https:\/\/api.w.org\/{rel}","templated":true}]}}