{"id":4149,"date":"2021-05-01T12:39:12","date_gmt":"2021-05-01T10:39:12","guid":{"rendered":"http:\/\/klubmamgdynia.pl\/index.php\/produkt\/sowkadesign-hustawka-kokon-dla-dzieci-indianska-przygoda\/"},"modified":"2026-04-06T17:50:58","modified_gmt":"2026-04-06T15:50:58","slug":"sowkadesign-hustawka-kokon-dla-dzieci-indianska-przygoda","status":"publish","type":"product","link":"http:\/\/klubmamgdynia.pl\/index.php\/produkt\/sowkadesign-hustawka-kokon-dla-dzieci-indianska-przygoda\/","title":{"rendered":"Sowkadesign Hu\u015btawka Kokon Dla Dzieci India\u0144ska Przygoda"},"content":{"rendered":"<p>Hu\u015btawka kokon India\u0144ska Przygoda Jedn\u0105 z najprzyjemniejszych zabaw dla dzieci jest hu\u015btanie. Na placach zabaw to w\u0142a\u015bnie hu\u015btawki s\u0105 zwykle najbardziej oblegane. Mo\u017ce zatem sprawi\u0107 dziecku hu\u015btawk\u0119 z kt\u00f3rej b\u0119dzie mog\u0142o korzysta\u0107 w domu niezale\u017cnie od pogody? To nie tylko wspania\u0142a zabawa, ale r\u00f3wnie\u017c relaks przed snem. Hu\u015btanie i ko\u0142ysanie koj\u0105co wp\u0142ywa na malucha i pozwala mu si\u0119 wyciszy\u0107. Hu\u015btawka dla dzieci kokon idealnie sprawdzi si\u0119 w pokoju, jako oryginalny element dekoracyjny. Szeroki wyb\u00f3r wzor\u00f3w i kolor\u00f3w pozwala dopasowa\u0107 jego wygl\u0105d do wn\u0119trza. Sprawdzi si\u0119 r\u00f3wnie\u017c jako hu\u015btawka na taras, czy do powieszenia w ogrodzie na ga\u0142\u0119zi. Nale\u017cy jednak pami\u0119ta\u0107, aby chowa\u0107 j\u0105 przed niekorzystnymi warunkami atmosferycznymi, by mog\u0142a pos\u0142u\u017cy\u0107 przez d\u0142u\u017cszy czas. U\u017cycie wysokiej jako\u015bci tkanin sprawia, \u017ce hu\u015btawka jest mi\u0142a w dotyku, a wzmocniony, solidny uchwyt g\u00f3rny gwarantuje bezpiecze\u0144stwo u\u017cytkowania (wytrzymuje do 80 kg obci\u0105\u017cenia). Wewn\u0105trz kokonu znajduje si\u0119 okr\u0105g\u0142a, wygodna poduszka w poszewce zapinanej na zamek, dzi\u0119ki czemu \u0142atwiej j\u0105 \u015bci\u0105gn\u0105\u0107 do prania. Wyposa\u017cenie: dwuwarstwowa hu\u015btawka &#8211; kokon 1 okr\u0105g\u0142a poduszka, wype\u0142niona wysokiej jako\u015bci kulk\u0105 silikonow\u0105, w poszewce zapinanej na suwak Specyfikacja hu\u015btawki kokon: wysoko\u015b\u0107 &#8211; 180 cm \u015brednica &#8211; 70 cm maksymalne obci\u0105\u017cenie &#8211; 80 kg hu\u015btawka uszyta jest w 100% z certyfikowanej bawe\u0142ny (certyfikat Oeko &#8211; Tex) pra\u0107 w temp. 30-40\u00b0C zdejmowana poszewka poduszki Przeznaczony dla dzieci od 24 miesi\u0119cy Wzmocniony uchwyt g\u00f3rny Uwaga: Zestaw nie zawiera mocowania. Nale\u017cy zaopatrzy\u0107 si\u0119 w odpowiedni hak, w zale\u017cno\u015bci od rodzaju sufitu\/pod\u0142o\u017ca do kt\u00f3rego b\u0119dzie mocowany. Hu\u015btawka kokon India\u0144ska przygoda to ciekawy model o nietuzinkowym wzornictwie nawi\u0105zuj\u0105cym do kultury india\u0144skiej. B\u0119dzie doskona\u0142\u0105 ozdob\u0105 zar\u00f3wno do pokoju dziewcz\u0119cego, jak i ch\u0142opi\u0119cego. Dost\u0119pny jest w wersji z kremow\u0105 i mi\u0119tow\u0105 poduszk\u0105. Uwaga: Hu\u015btawka przeznaczona jest do u\u017cytkowania tylko w pozycji siedz\u0105cej. Nie nale\u017cy sta\u0107 wewn\u0105trz kokonu. Uszkodzenia wynik\u0142e z nieprawid\u0142owego u\u017cytkowania nie podlegaj\u0105 reklamacji.<\/p>\n<h2>Sowkadesign Hu\u015btawka Kokon Dla Dzieci India\u0144ska Przygoda S\u00f3wka Design<\/h2>\n<p>imie gaja, quiz kajko i kokosz szko\u0142a latania, star wars kolorowanka, zabawy ruchowe dla dzieci, sentencja dla dziecka, test asiunia, zabawy z 7 latkiem, prezenty dla rocznego dziecka, po\u0142\u0105cz kropki do druku, kolorowanka lol surprise<\/p>\n<p>yyyyy<\/p>\n<p>&nbsp;<\/p>\n","protected":false},"excerpt":{"rendered":"<p>Hu\u015btawka kokon India\u0144ska Przygoda Jedn\u0105 z najprzyjemniejszych zabaw dla dzieci jest hu\u015btanie. Na placach zabaw to w\u0142a\u015bnie hu\u015btawki s\u0105 zwykle najbardziej oblegane. Mo\u017ce zatem sprawi\u0107 dziecku hu\u015btawk\u0119 z kt\u00f3rej b\u0119dzie mog\u0142o korzysta\u0107 w domu niezale\u017cnie od pogody? To nie tylko wspania\u0142a zabawa, ale r\u00f3wnie\u017c relaks przed snem. Hu\u015btanie i ko\u0142ysanie koj\u0105co wp\u0142ywa na malucha i [&hellip;]<\/p>\n","protected":false},"featured_media":4150,"comment_status":"closed","ping_status":"open","template":"","meta":[],"product_cat":[1156,288],"product_tag":[673,749,715],"class_list":["post-4149","product","type-product","status-publish","has-post-thumbnail","hentry","product_cat-lezaczki-bujaki-i-hustawki-niemowlece","product_cat-sowka-design","product_tag-juz-blisko-koleda-tekst","product_tag-najlepsze-zarty-na-prima-aprilis","product_tag-zosia-samosia"],"_links":{"self":[{"href":"http:\/\/klubmamgdynia.pl\/index.php\/wp-json\/wp\/v2\/product\/4149","targetHints":{"allow":["GET"]}}],"collection":[{"href":"http:\/\/klubmamgdynia.pl\/index.php\/wp-json\/wp\/v2\/product"}],"about":[{"href":"http:\/\/klubmamgdynia.pl\/index.php\/wp-json\/wp\/v2\/types\/product"}],"replies":[{"embeddable":true,"href":"http:\/\/klubmamgdynia.pl\/index.php\/wp-json\/wp\/v2\/comments?post=4149"}],"wp:featuredmedia":[{"embeddable":true,"href":"http:\/\/klubmamgdynia.pl\/index.php\/wp-json\/wp\/v2\/media\/4150"}],"wp:attachment":[{"href":"http:\/\/klubmamgdynia.pl\/index.php\/wp-json\/wp\/v2\/media?parent=4149"}],"wp:term":[{"taxonomy":"product_cat","embeddable":true,"href":"http:\/\/klubmamgdynia.pl\/index.php\/wp-json\/wp\/v2\/product_cat?post=4149"},{"taxonomy":"product_tag","embeddable":true,"href":"http:\/\/klubmamgdynia.pl\/index.php\/wp-json\/wp\/v2\/product_tag?post=4149"}],"curies":[{"name":"wp","href":"https:\/\/api.w.org\/{rel}","templated":true}]}}