{"id":4165,"date":"2016-05-24T01:15:28","date_gmt":"2016-05-23T23:15:28","guid":{"rendered":"http:\/\/klubmamgdynia.pl\/index.php\/produkt\/iladian-10-kapsulek\/"},"modified":"2026-04-03T20:41:18","modified_gmt":"2026-04-03T18:41:18","slug":"iladian-10-kapsulek","status":"publish","type":"product","link":"http:\/\/klubmamgdynia.pl\/index.php\/produkt\/iladian-10-kapsulek\/","title":{"rendered":"Iladian 10 kapsu\u0142ek"},"content":{"rendered":"<p>Iladian 10 kapsu\u0142ek <\/p>\n<p>Fizjologiczna mikroflora pochwy kobiety w okresie rozrodczym sk\u0142ada si\u0119 z r\u00f3\u017cnych rodzaj\u00f3w bakterii, w tym z pa\u0142eczek kwasu mlekowego nale\u017c\u0105cych do rodzaju Lactobacillus. Pozostaj\u0105c w odpowiedniej r\u00f3wnowadze, chroni przez wzrostem obcych drobnoustroj\u00f3w. Do licznych czynnik\u00f3w, sprzyjaj\u0105cych zmianom mikroflory pochwy nale\u017c\u0105 m.in.: terapia antybiotykowa, antykoncepcja hormonalna, zaburzenia hormonalne i immunologiczne, indywidualne predyspozycje, klimakterium, zwyczaje higieniczne, cz\u0119ste korzystanie z basenu, sauny lub jacuzzi.Iladian suplement diety zawiera pa\u0142eczki kwasu mlekowego L. rhamnosus, L. reuteri oraz dodatkowo L. gasseri. Ponadto preparat zosta\u0142 wzbogacony o laktoferyn\u0119, bia\u0142ko wielofunkcyjne, kt\u00f3re w warunkach fizjologicznych wyst\u0119puje w wydzielinach \u015bluzowych pochwy.                            <\/p>\n<p>            Dawkowanie<\/p>\n<p>\u00a0Doustnie 1 kapsu\u0142ka dziennie, popijaj\u0105c szklank\u0105 wody. Dla uzyskania po\u017c\u0105danych efekt\u00f3w nale\u017cy przyjmowa\u0107 preparat przez co najmniej 20 dni. W trakcie doustnej terapii antybiotykowej lub doustnego przyjmowania innych lek\u00f3w przeciwbakteryjnych preparat nale\u017cy spo\u017cywa\u0107, zachowuj\u0105c co najmniej 2 godziny odst\u0119pu przed lub po przyj\u0119ciu antybiotyku lub innego leku przeciwbakteryjnego.Nie przekracza\u0107 zalecanej dziennej porcji do spo\u017cycia.Suplement diety nie mo\u017ce by\u0107 stosowany jako substytut (zamiennik) zr\u00f3\u017cnicowanej diety.                            <\/p>\n<p>            Sk\u0142ad<\/p>\n<p>Lactobacillus rhamnosus, laktoza jednowodna, laktoferyna, likopen, Lactobacillus reuteri, Lactobacillus gasseri, sole magnezowe kwas\u00f3w t\u0142uszczowych (substancja glazuruj\u0105ca). Sk\u0142adniki kapsu\u0142ki: \u017celatyna, dwutlenek tytanu (barwnik).Produkt zawiera mleko i produkty pochodne (\u0142\u0105cznie z laktoz\u0105).<\/p>\n<h2>Iladian 10 kapsu\u0142ek Aflofarm<\/h2>\n<p>cytaty z ma\u0142ego ksi\u0119cia o przyja\u017ani, cytaty korczak, kolorowanki do druku konie, zagadki logiczne na inteligencj\u0119, pozytywne cytaty mama cytaty, prezent dla 7 latka, wszystkie kraje \u015bwiata quiz, jesienne zagadki, cytaty o przyja\u017ani ma\u0142y ksi\u0105\u017c\u0119, zagadki dla dzieci 5 lat, zagadki o dinozaurach, renata to nie imi\u0119, bezpieczne kosmetyki do makija\u017cu dla dzieci, zagadki, impreza halloween 2021 dla dzieci, \u0142amig\u0142\u00f3wki dla dzieci do druku, gdzie strumyk p\u0142ynie z wolna tekst, test z lektury ania z zielonego wzg\u00f3rza klasa 6 z odpowiedziami, psi patrol kolorowanki, kr\u00f3tkie bajki dla dzieci<\/p>\n<p>yyyyy<\/p>\n<p>&nbsp;<\/p>\n","protected":false},"excerpt":{"rendered":"<p>Iladian 10 kapsu\u0142ek Fizjologiczna mikroflora pochwy kobiety w okresie rozrodczym sk\u0142ada si\u0119 z r\u00f3\u017cnych rodzaj\u00f3w bakterii, w tym z pa\u0142eczek kwasu mlekowego nale\u017c\u0105cych do rodzaju Lactobacillus. Pozostaj\u0105c w odpowiedniej r\u00f3wnowadze, chroni przez wzrostem obcych drobnoustroj\u00f3w. Do licznych czynnik\u00f3w, sprzyjaj\u0105cych zmianom mikroflory pochwy nale\u017c\u0105 m.in.: terapia antybiotykowa, antykoncepcja hormonalna, zaburzenia hormonalne i immunologiczne, indywidualne predyspozycje, klimakterium, [&hellip;]<\/p>\n","protected":false},"featured_media":4166,"comment_status":"closed","ping_status":"open","template":"","meta":[],"product_cat":[201,1194],"product_tag":[658,613,814],"class_list":["post-4165","product","type-product","status-publish","has-post-thumbnail","hentry","product_cat-aflofarm","product_cat-uklad-plciowy-i-moczowy","product_tag-alan-znaczenie-imienia","product_tag-na-wyspach-bergamutach","product_tag-prezenty-dla-nastolatek"],"_links":{"self":[{"href":"http:\/\/klubmamgdynia.pl\/index.php\/wp-json\/wp\/v2\/product\/4165","targetHints":{"allow":["GET"]}}],"collection":[{"href":"http:\/\/klubmamgdynia.pl\/index.php\/wp-json\/wp\/v2\/product"}],"about":[{"href":"http:\/\/klubmamgdynia.pl\/index.php\/wp-json\/wp\/v2\/types\/product"}],"replies":[{"embeddable":true,"href":"http:\/\/klubmamgdynia.pl\/index.php\/wp-json\/wp\/v2\/comments?post=4165"}],"wp:featuredmedia":[{"embeddable":true,"href":"http:\/\/klubmamgdynia.pl\/index.php\/wp-json\/wp\/v2\/media\/4166"}],"wp:attachment":[{"href":"http:\/\/klubmamgdynia.pl\/index.php\/wp-json\/wp\/v2\/media?parent=4165"}],"wp:term":[{"taxonomy":"product_cat","embeddable":true,"href":"http:\/\/klubmamgdynia.pl\/index.php\/wp-json\/wp\/v2\/product_cat?post=4165"},{"taxonomy":"product_tag","embeddable":true,"href":"http:\/\/klubmamgdynia.pl\/index.php\/wp-json\/wp\/v2\/product_tag?post=4165"}],"curies":[{"name":"wp","href":"https:\/\/api.w.org\/{rel}","templated":true}]}}