{"id":4177,"date":"2017-05-07T03:27:02","date_gmt":"2017-05-07T01:27:02","guid":{"rendered":"http:\/\/klubmamgdynia.pl\/index.php\/produkt\/barbie-lalka-fashionistas-fbr37-fgv00\/"},"modified":"2026-04-06T01:39:25","modified_gmt":"2026-04-05T23:39:25","slug":"barbie-lalka-fashionistas-fbr37-fgv00","status":"publish","type":"product","link":"http:\/\/klubmamgdynia.pl\/index.php\/produkt\/barbie-lalka-fashionistas-fbr37-fgv00\/","title":{"rendered":"Barbie Lalka Fashionistas Fbr37 Fgv00"},"content":{"rendered":"<p>Barbie Fashionistas Lalki Modne przyjaci\u00f3\u0142ki<\/p>\n<p>Ka\u017cda lalka Barbie\u00ae Fashionistas\u2122 ma sw\u00f3j wyj\u0105tkowy wygl\u0105d, pocz\u0105wszy od lu\u017anego stylu codziennego, na oryginalnym boho-chic ko\u0144cz\u0105c. Wszystkie stylizacje inspirowane s\u0105 najnowszymi trendami! Du\u017ca r\u00f3\u017cnorodno\u015b\u0107, nowe style, kostiumy, buciki i akcesoria sprawi\u0105, \u017ce m\u0142ode specjalistki od mody b\u0119d\u0105 mia\u0142y wi\u0119cej mo\u017cliwo\u015bci wykorzystania wyobra\u017ani i odgrywania swoich historyjek. W zestawie lalka Barbie\u00ae Fashionistas\u2122 w ubrankach i z dodatkami.Nie stoj\u0105 samodzielnie. P\u0142askie buciki pasuj\u0105 na lalki z ruchomymi kostkami lub p\u0142askimi stopami.<\/p>\n<h2>Barbie Lalka Fashionistas Fbr37 Fgv00 Barbie<\/h2>\n<p>litera y do druku, kr\u00f3tkie bajki dla dzieci do czytania, cytaty o rodzicach, maska karnawa\u0142owa pdf, kolorowanki spongebob, logiczne zagadki, jaki prezent na roczek, dzie\u0144 matki w\u0142asnor\u0119czny prezent dla mamy od dziecka, \u0142\u0105czenie kropek<\/p>\n<p>yyyyy<\/p>\n<p>&nbsp;<\/p>\n","protected":false},"excerpt":{"rendered":"<p>Barbie Fashionistas Lalki Modne przyjaci\u00f3\u0142ki Ka\u017cda lalka Barbie\u00ae Fashionistas\u2122 ma sw\u00f3j wyj\u0105tkowy wygl\u0105d, pocz\u0105wszy od lu\u017anego stylu codziennego, na oryginalnym boho-chic ko\u0144cz\u0105c. Wszystkie stylizacje inspirowane s\u0105 najnowszymi trendami! Du\u017ca r\u00f3\u017cnorodno\u015b\u0107, nowe style, kostiumy, buciki i akcesoria sprawi\u0105, \u017ce m\u0142ode specjalistki od mody b\u0119d\u0105 mia\u0142y wi\u0119cej mo\u017cliwo\u015bci wykorzystania wyobra\u017ani i odgrywania swoich historyjek. W zestawie lalka [&hellip;]<\/p>\n","protected":false},"featured_media":4178,"comment_status":"closed","ping_status":"open","template":"","meta":[],"product_cat":[173,65],"product_tag":[668,611,654,697,723,757],"class_list":["post-4177","product","type-product","status-publish","has-post-thumbnail","hentry","product_cat-barbie","product_cat-lalki","product_tag-atrakcje-dla-dzieci-wroclaw","product_tag-bajki-do-czytania-psi-patrol","product_tag-krotkie-bajki-dla-dzieci-do-czytania","product_tag-krotkie-bajki-do-czytania","product_tag-krotkie-bajki-do-czytania-na-dobranoc","product_tag-test-z-lektury-ania-z-zielonego-wzgorza-klasa-6-z-odpowiedziami"],"_links":{"self":[{"href":"http:\/\/klubmamgdynia.pl\/index.php\/wp-json\/wp\/v2\/product\/4177","targetHints":{"allow":["GET"]}}],"collection":[{"href":"http:\/\/klubmamgdynia.pl\/index.php\/wp-json\/wp\/v2\/product"}],"about":[{"href":"http:\/\/klubmamgdynia.pl\/index.php\/wp-json\/wp\/v2\/types\/product"}],"replies":[{"embeddable":true,"href":"http:\/\/klubmamgdynia.pl\/index.php\/wp-json\/wp\/v2\/comments?post=4177"}],"wp:featuredmedia":[{"embeddable":true,"href":"http:\/\/klubmamgdynia.pl\/index.php\/wp-json\/wp\/v2\/media\/4178"}],"wp:attachment":[{"href":"http:\/\/klubmamgdynia.pl\/index.php\/wp-json\/wp\/v2\/media?parent=4177"}],"wp:term":[{"taxonomy":"product_cat","embeddable":true,"href":"http:\/\/klubmamgdynia.pl\/index.php\/wp-json\/wp\/v2\/product_cat?post=4177"},{"taxonomy":"product_tag","embeddable":true,"href":"http:\/\/klubmamgdynia.pl\/index.php\/wp-json\/wp\/v2\/product_tag?post=4177"}],"curies":[{"name":"wp","href":"https:\/\/api.w.org\/{rel}","templated":true}]}}