{"id":4187,"date":"2021-09-23T08:16:18","date_gmt":"2021-09-23T06:16:18","guid":{"rendered":"http:\/\/klubmamgdynia.pl\/index.php\/produkt\/hero-psi-patrol-pluszowy-zuma-27-cm\/"},"modified":"2026-04-04T23:47:41","modified_gmt":"2026-04-04T21:47:41","slug":"hero-psi-patrol-pluszowy-zuma-27-cm","status":"publish","type":"product","link":"http:\/\/klubmamgdynia.pl\/index.php\/produkt\/hero-psi-patrol-pluszowy-zuma-27-cm\/","title":{"rendered":"Hero Psi Patrol Pluszowy Zuma 27 Cm"},"content":{"rendered":"<p>Przytulanka wygl\u0105daj\u0105ca identycznie jak Zuma, bohaterka niezwykle popularnej bajki Psi Patrol. Zabawka doskonale oddaj\u0105 wygl\u0105d swojego bajkowego odpowiednika.Przytulanka wygl\u0105daj\u0105ca identycznie jak Zuma, bohaterka niezwykle popularnej bajki Psi Patrol. Zabawka doskonale oddaj\u0105 wygl\u0105d swojego bajkowego odpowiednika. Maskotka wype\u0142niona jest mi\u0119kkim pluszem i wykonana jest z wysokiej jako\u015bci materia\u0142\u00f3w. Dzieci mog\u0105 spa\u0107 spokojnie gdy czuwa nad nimi ich ulubiona bohaterka. Maluchy mog\u0105 tak\u017ce odgrywa\u0107 scenki z ulubionych odcink\u00f3w lub wymy\u015bla\u0107 nowe, niezwyk\u0142e przygody i prze\u017cywa\u0107 je wraz z pluszow\u0105 przyjaci\u00f3\u0142k\u0105.Pluszowy psiak to wspania\u0142y pomys\u0142 na trafiony prezent dla ka\u017cdego wielbiciela Psiego Patrolu.Wiek: 0+Wymiary ok: 27 cm.<\/p>\n<h2>Hero Psi Patrol Pluszowy Zuma 27 Cm Hero<\/h2>\n<p>najlepsze zarty na prima aprilis, quiz o bajkach, rado\u015b\u0107 dziecka cytaty, z\u0142ote my\u015bli pedagogiczne, znaczenie imienia milan, prezent dla 15 latki, lol kolorowanki do druku, basen \u015bl\u0105sk<\/p>\n<p>yyyyy<\/p>\n<p>&nbsp;<\/p>\n","protected":false},"excerpt":{"rendered":"<p>Przytulanka wygl\u0105daj\u0105ca identycznie jak Zuma, bohaterka niezwykle popularnej bajki Psi Patrol. Zabawka doskonale oddaj\u0105 wygl\u0105d swojego bajkowego odpowiednika.Przytulanka wygl\u0105daj\u0105ca identycznie jak Zuma, bohaterka niezwykle popularnej bajki Psi Patrol. Zabawka doskonale oddaj\u0105 wygl\u0105d swojego bajkowego odpowiednika. Maskotka wype\u0142niona jest mi\u0119kkim pluszem i wykonana jest z wysokiej jako\u015bci materia\u0142\u00f3w. Dzieci mog\u0105 spa\u0107 spokojnie gdy czuwa nad nimi [&hellip;]<\/p>\n","protected":false},"featured_media":4188,"comment_status":"closed","ping_status":"open","template":"","meta":[],"product_cat":[1198,42],"product_tag":[781,622,682,675,779],"class_list":["post-4187","product","type-product","status-publish","has-post-thumbnail","hentry","product_cat-hero","product_cat-maskotki","product_tag-cytaty-o-wychowaniu-dzieci","product_tag-fajne-zagadki","product_tag-przyjazn-cytaty","product_tag-test-z-lektury-kajko-i-kokosz-szkola-latania","product_tag-zarty-na-prima-aprilis-w-domu"],"_links":{"self":[{"href":"http:\/\/klubmamgdynia.pl\/index.php\/wp-json\/wp\/v2\/product\/4187","targetHints":{"allow":["GET"]}}],"collection":[{"href":"http:\/\/klubmamgdynia.pl\/index.php\/wp-json\/wp\/v2\/product"}],"about":[{"href":"http:\/\/klubmamgdynia.pl\/index.php\/wp-json\/wp\/v2\/types\/product"}],"replies":[{"embeddable":true,"href":"http:\/\/klubmamgdynia.pl\/index.php\/wp-json\/wp\/v2\/comments?post=4187"}],"wp:featuredmedia":[{"embeddable":true,"href":"http:\/\/klubmamgdynia.pl\/index.php\/wp-json\/wp\/v2\/media\/4188"}],"wp:attachment":[{"href":"http:\/\/klubmamgdynia.pl\/index.php\/wp-json\/wp\/v2\/media?parent=4187"}],"wp:term":[{"taxonomy":"product_cat","embeddable":true,"href":"http:\/\/klubmamgdynia.pl\/index.php\/wp-json\/wp\/v2\/product_cat?post=4187"},{"taxonomy":"product_tag","embeddable":true,"href":"http:\/\/klubmamgdynia.pl\/index.php\/wp-json\/wp\/v2\/product_tag?post=4187"}],"curies":[{"name":"wp","href":"https:\/\/api.w.org\/{rel}","templated":true}]}}