{"id":4203,"date":"2016-06-03T07:19:36","date_gmt":"2016-06-03T05:19:36","guid":{"rendered":"http:\/\/klubmamgdynia.pl\/index.php\/produkt\/oillan-winter-ochronny-krem-do-rak-50ml\/"},"modified":"2026-04-05T18:46:15","modified_gmt":"2026-04-05T16:46:15","slug":"oillan-winter-ochronny-krem-do-rak-50ml","status":"publish","type":"product","link":"http:\/\/klubmamgdynia.pl\/index.php\/produkt\/oillan-winter-ochronny-krem-do-rak-50ml\/","title":{"rendered":"Oillan Winter ochronny krem do r\u0105k 50ml"},"content":{"rendered":"<p>Oillan Winter Ochronny krem do r\u0105k 50 mlSpecjalna ochronna formu\u0142a kremu zabezpiecza podra\u017cnion\u0105, such\u0105 oraz \u0142uszcz\u0105c\u0105 si\u0119 sk\u00f3r\u0119 dzieci i doros\u0142ych przed negatywnym dzia\u0142aniem czynnik\u00f3w atmosferycznych (wiatr, ch\u0142\u00f3d, mr\u00f3z).Ekstrakt z alg antarktycznych Durvillea antartica intensywnie nawil\u017ca oraz zapobiega utracie wody z nask\u00f3rka. Olej parafinowy tworzy delikatny film ochronny na powierzchni sk\u00f3ry, wzmacnia barier\u0119 ochronn\u0105 oraz doskonale nat\u0142uszcza i wyg\u0142adza nask\u00f3rek.Zastosowanie: ochrona podra\u017cnionej, suchej oraz \u0142uszcz\u0105cej si\u0119 sk\u00f3ry dzieci i doros\u0142ych przed negatywnym dzia\u0142aniem czynnik\u00f3w atmosferycznych (wiatr, ch\u0142\u00f3d, mr\u00f3z). Mo\u017ce by\u0107 stosowany powy\u017cej 3. roku \u017cycia.Spos\u00f3b u\u017cycia: nanie\u015b\u0107 niewielk\u0105 ilo\u015b\u0107 kremu kilka razy w ci\u0105gu dnia.G\u0142\u00f3wne sk\u0142adniki: algi arktyczne Durvillea antartica, olej parafinowy, hipoalergiczna substancja zapachowa.Produkt przebadany dermatologicznie.Nie zawiera: paraben\u00f3w, alergen\u00f3w, barwnik\u00f3w.Zawiera hipoalergiczn\u0105 substancj\u0119 zapachow\u0105.pH neutralne dla sk\u00f3ry.Dla dzieci powy\u017cej 3 roku \u017cycia i doros\u0142ych.<\/p>\n<h2>Oillan Winter ochronny krem do r\u0105k 50ml Oillan<\/h2>\n<p>ada imie, dobranoc zimowo, plac zabaw pozna\u0144, gry dla m\u0142odzie\u017cy, karty pracy dla dzieci z ukrainy do druku, sta\u0142a pod \u015bniegiem, pisanie po \u015bladzie do druku pdf, pytania do lektury asiunia, test ch\u0142opcy z placu broni klasa 5, zagadki dla 4 latka do druku, skye psi patrol kolorowanka, wiosenna kolorowanka, quiz konie, dobranoc zimowe, znaczenie imienia milan, sentencje o przyja\u017ani, nietypowe imiona \u017ce\u0144skie, po\u0142\u0105cz kropki do wydruku pdf<\/p>\n<p>yyyyy<\/p>\n<p>&nbsp;<\/p>\n","protected":false},"excerpt":{"rendered":"<p>Oillan Winter Ochronny krem do r\u0105k 50 mlSpecjalna ochronna formu\u0142a kremu zabezpiecza podra\u017cnion\u0105, such\u0105 oraz \u0142uszcz\u0105c\u0105 si\u0119 sk\u00f3r\u0119 dzieci i doros\u0142ych przed negatywnym dzia\u0142aniem czynnik\u00f3w atmosferycznych (wiatr, ch\u0142\u00f3d, mr\u00f3z).Ekstrakt z alg antarktycznych Durvillea antartica intensywnie nawil\u017ca oraz zapobiega utracie wody z nask\u00f3rka. Olej parafinowy tworzy delikatny film ochronny na powierzchni sk\u00f3ry, wzmacnia barier\u0119 ochronn\u0105 oraz [&hellip;]<\/p>\n","protected":false},"featured_media":4204,"comment_status":"closed","ping_status":"open","template":"","meta":[],"product_cat":[134,1154],"product_tag":[845,792,851,669,738],"class_list":["post-4203","product","type-product","status-publish","has-post-thumbnail","hentry","product_cat-dermokosmetyki","product_cat-oillan","product_tag-ach-spij-kochanie-tekst","product_tag-cytaty-o-mamie","product_tag-jak-narysowac-kota","product_tag-kolorowanki","product_tag-wroclaw-dla-dzieci"],"_links":{"self":[{"href":"http:\/\/klubmamgdynia.pl\/index.php\/wp-json\/wp\/v2\/product\/4203","targetHints":{"allow":["GET"]}}],"collection":[{"href":"http:\/\/klubmamgdynia.pl\/index.php\/wp-json\/wp\/v2\/product"}],"about":[{"href":"http:\/\/klubmamgdynia.pl\/index.php\/wp-json\/wp\/v2\/types\/product"}],"replies":[{"embeddable":true,"href":"http:\/\/klubmamgdynia.pl\/index.php\/wp-json\/wp\/v2\/comments?post=4203"}],"wp:featuredmedia":[{"embeddable":true,"href":"http:\/\/klubmamgdynia.pl\/index.php\/wp-json\/wp\/v2\/media\/4204"}],"wp:attachment":[{"href":"http:\/\/klubmamgdynia.pl\/index.php\/wp-json\/wp\/v2\/media?parent=4203"}],"wp:term":[{"taxonomy":"product_cat","embeddable":true,"href":"http:\/\/klubmamgdynia.pl\/index.php\/wp-json\/wp\/v2\/product_cat?post=4203"},{"taxonomy":"product_tag","embeddable":true,"href":"http:\/\/klubmamgdynia.pl\/index.php\/wp-json\/wp\/v2\/product_tag?post=4203"}],"curies":[{"name":"wp","href":"https:\/\/api.w.org\/{rel}","templated":true}]}}