{"id":4207,"date":"2014-09-09T19:17:45","date_gmt":"2014-09-09T17:17:45","guid":{"rendered":"http:\/\/klubmamgdynia.pl\/index.php\/produkt\/majorette-pojazdy-budowlane-betoniarka-man-tgs-mixer-2057281\/"},"modified":"2026-04-30T03:28:40","modified_gmt":"2026-04-30T01:28:40","slug":"majorette-pojazdy-budowlane-betoniarka-man-tgs-mixer-2057281","status":"publish","type":"product","link":"http:\/\/klubmamgdynia.pl\/index.php\/produkt\/majorette-pojazdy-budowlane-betoniarka-man-tgs-mixer-2057281\/","title":{"rendered":"Majorette &#8211; Pojazdy budowlane Betoniarka MAN TGS Mixer 2057281"},"content":{"rendered":"<p>Majorette Construction to pojazdy budowalne: zabawki z si\u0142\u0105! Miasteczko Majorette rozbudowuje si\u0119 w imponuj\u0105cym tempie, a do pomocy niew\u0105tpliwie przydadz\u0105 si\u0119 odpowiednie pojazdy &#8211; koparki, betoniarki, buldo\u017cery itp. We wsp\u00f3\u0142pracy z oryginalnymi producentami maszyn budowlanych &#8211; MAN oraz Liebherr &#8211; powsta\u0142a wyj\u0105tkowa seria sk\u0142adaj\u0105ca si\u0119 z 6 replik pojazd\u00f3w. Modele wykonano z najwy\u017cszej jako\u015bci metalu. Pora rozpocz\u0105\u0107 budow\u0119!Cechy serii:pojazdy bez nap\u0119dudost\u0119pne modele: MAN, Renault, Liebherr, Hamm, Mercedes Benz, VW, Massey Fergusonruchome cz\u0119\u015bci6 rodzaj\u00f3wmateria\u0142: metal\/plastikd\u0142ugo\u015b\u0107: ok. 7.5 cmdla dzieci w wieku: 3+Cena dotyczy pojazdu z serii Construction &#8211; Betoniarka MAN TGS Mixer 2057281.<\/p>\n<h2>Majorette &#8211; Pojazdy budowlane Betoniarka MAN TGS Mixer 2057281 Majorette<\/h2>\n<p>koreczki dla dzieci na urodziny, zaj\u0105czek z jajka ugotowanego, asiunia &#8211; test z lektury pdf, quiz o usa, zabawki na roczek dla ch\u0142opca, zagadki dla starszych dzieci, zagadki o bo\u017cym narodzeniu, ma\u0142o nas do pieczenia chleba, korczak cytaty, kolorowanka antystresowa, co na prezent dla nastolatk\u00f3w, cytaty dla dzieci, jak si\u0119 rysuje psa, zosia samosia, zabawy ruchowe dla dzieci w przedszkolu, wroc\u0142aw i okolice atrakcje, pomys\u0142 na prezent dla nastolatka, szkic jak narysowa\u0107 kota, cytaty rodzina<\/p>\n<p>yyyyy<\/p>\n<p>&nbsp;<\/p>\n","protected":false},"excerpt":{"rendered":"<p>Majorette Construction to pojazdy budowalne: zabawki z si\u0142\u0105! Miasteczko Majorette rozbudowuje si\u0119 w imponuj\u0105cym tempie, a do pomocy niew\u0105tpliwie przydadz\u0105 si\u0119 odpowiednie pojazdy &#8211; koparki, betoniarki, buldo\u017cery itp. We wsp\u00f3\u0142pracy z oryginalnymi producentami maszyn budowlanych &#8211; MAN oraz Liebherr &#8211; powsta\u0142a wyj\u0105tkowa seria sk\u0142adaj\u0105ca si\u0119 z 6 replik pojazd\u00f3w. Modele wykonano z najwy\u017cszej jako\u015bci metalu. [&hellip;]<\/p>\n","protected":false},"featured_media":4208,"comment_status":"closed","ping_status":"open","template":"","meta":[],"product_cat":[83,343],"product_tag":[728,688,783,733],"class_list":["post-4207","product","type-product","status-publish","has-post-thumbnail","hentry","product_cat-auta-i-inne-pojazdy-do-zabawy","product_cat-majorette","product_tag-bezwarunkowa-milosc-do-dziecka-cytaty","product_tag-kolysanki-tekst","product_tag-prezenty-na-roczek-dla-chlopca","product_tag-zarty-na-prima-aprilis"],"_links":{"self":[{"href":"http:\/\/klubmamgdynia.pl\/index.php\/wp-json\/wp\/v2\/product\/4207","targetHints":{"allow":["GET"]}}],"collection":[{"href":"http:\/\/klubmamgdynia.pl\/index.php\/wp-json\/wp\/v2\/product"}],"about":[{"href":"http:\/\/klubmamgdynia.pl\/index.php\/wp-json\/wp\/v2\/types\/product"}],"replies":[{"embeddable":true,"href":"http:\/\/klubmamgdynia.pl\/index.php\/wp-json\/wp\/v2\/comments?post=4207"}],"wp:featuredmedia":[{"embeddable":true,"href":"http:\/\/klubmamgdynia.pl\/index.php\/wp-json\/wp\/v2\/media\/4208"}],"wp:attachment":[{"href":"http:\/\/klubmamgdynia.pl\/index.php\/wp-json\/wp\/v2\/media?parent=4207"}],"wp:term":[{"taxonomy":"product_cat","embeddable":true,"href":"http:\/\/klubmamgdynia.pl\/index.php\/wp-json\/wp\/v2\/product_cat?post=4207"},{"taxonomy":"product_tag","embeddable":true,"href":"http:\/\/klubmamgdynia.pl\/index.php\/wp-json\/wp\/v2\/product_tag?post=4207"}],"curies":[{"name":"wp","href":"https:\/\/api.w.org\/{rel}","templated":true}]}}