{"id":4237,"date":"2018-03-30T00:30:06","date_gmt":"2018-03-29T22:30:06","guid":{"rendered":"http:\/\/klubmamgdynia.pl\/index.php\/produkt\/gra-planszowa-pro-kids-blokus-one-mettel\/"},"modified":"2026-04-14T17:51:10","modified_gmt":"2026-04-14T15:51:10","slug":"gra-planszowa-pro-kids-blokus-one-mettel","status":"publish","type":"product","link":"http:\/\/klubmamgdynia.pl\/index.php\/produkt\/gra-planszowa-pro-kids-blokus-one-mettel\/","title":{"rendered":"Gra planszowa Pro Kids Blokus One Mettel"},"content":{"rendered":"<p>Blokus Puzzle to gra strategiczna dla jednego gracza, kt\u00f3ra zapewnia godziny nieko\u0144cz\u0105c\u0105 si\u0119 zabaw\u0119. Blokus Puzzle to idealna gra w podr\u00f3\u017cy, dzi\u0119ki niewielkim rozmiarom 17 x 22 cm oraz wpinanym elementom sprawia, \u017ce uk\u0142adanka nie rozsypie si\u0119.Gra zawiera 3 r\u00f3\u017cne typy puzzli i 48 uk\u0142adanel do wyboru, mo\u017cliwo\u015b\u0107 \u0142amig\u0142\u00f3wek jest niesko\u0144czona!Zasady gry s\u0105 dziecinnie proste jednak uk\u0142adanki mog\u0105 da\u0107 wiele zabawy zar\u00f3wno nowicjuszom, jak i expertom.Gra zawiera:- 21 mocowanych na zatrzask element\u00f3w Blokus,- 1 przezroczyst\u0105 plansz\u0119 do gry,- 48 kart z puzzlami. NAZWA BLOKUS ONE METTEL PRODUCENT PRO KIDS WIEK 7+ WYMIARY 2200 X 1700 X 500 MM EAN 0887961744910<\/p>\n<h2>Gra planszowa Pro Kids Blokus One Mettel Mattel<\/h2>\n<p>prezent dla 15 latki, ogr\u00f3d bajek, prezent dla 15 latka, szopka do druku, zagadki logiczne dla dzieci, kotki do druku, kolorowanka my little pony, test z lektury dzieci z bullerbyn, bajki dla dzieci do czytania na dobranoc, kanapki halloween, laurka dla babci<\/p>\n<p>yyyyy<\/p>\n<p>&nbsp;<\/p>\n","protected":false},"excerpt":{"rendered":"<p>Blokus Puzzle to gra strategiczna dla jednego gracza, kt\u00f3ra zapewnia godziny nieko\u0144cz\u0105c\u0105 si\u0119 zabaw\u0119. Blokus Puzzle to idealna gra w podr\u00f3\u017cy, dzi\u0119ki niewielkim rozmiarom 17 x 22 cm oraz wpinanym elementom sprawia, \u017ce uk\u0142adanka nie rozsypie si\u0119.Gra zawiera 3 r\u00f3\u017cne typy puzzli i 48 uk\u0142adanel do wyboru, mo\u017cliwo\u015b\u0107 \u0142amig\u0142\u00f3wek jest niesko\u0144czona!Zasady gry s\u0105 dziecinnie proste [&hellip;]<\/p>\n","protected":false},"featured_media":4238,"comment_status":"closed","ping_status":"open","template":"","meta":[],"product_cat":[235,289],"product_tag":[681,797,624,581,860],"class_list":["post-4237","product","type-product","status-publish","has-post-thumbnail","hentry","product_cat-gry-planszowe","product_cat-mattel","product_tag-flagi-europy-quiz","product_tag-kiekrz","product_tag-krotkie-zagadki","product_tag-zagadki-dla-8-latka","product_tag-zagadki-logiczne-dla-doroslych"],"_links":{"self":[{"href":"http:\/\/klubmamgdynia.pl\/index.php\/wp-json\/wp\/v2\/product\/4237","targetHints":{"allow":["GET"]}}],"collection":[{"href":"http:\/\/klubmamgdynia.pl\/index.php\/wp-json\/wp\/v2\/product"}],"about":[{"href":"http:\/\/klubmamgdynia.pl\/index.php\/wp-json\/wp\/v2\/types\/product"}],"replies":[{"embeddable":true,"href":"http:\/\/klubmamgdynia.pl\/index.php\/wp-json\/wp\/v2\/comments?post=4237"}],"wp:featuredmedia":[{"embeddable":true,"href":"http:\/\/klubmamgdynia.pl\/index.php\/wp-json\/wp\/v2\/media\/4238"}],"wp:attachment":[{"href":"http:\/\/klubmamgdynia.pl\/index.php\/wp-json\/wp\/v2\/media?parent=4237"}],"wp:term":[{"taxonomy":"product_cat","embeddable":true,"href":"http:\/\/klubmamgdynia.pl\/index.php\/wp-json\/wp\/v2\/product_cat?post=4237"},{"taxonomy":"product_tag","embeddable":true,"href":"http:\/\/klubmamgdynia.pl\/index.php\/wp-json\/wp\/v2\/product_tag?post=4237"}],"curies":[{"name":"wp","href":"https:\/\/api.w.org\/{rel}","templated":true}]}}