{"id":425,"date":"2016-08-23T17:38:07","date_gmt":"2016-08-23T15:38:07","guid":{"rendered":"http:\/\/klubmamgdynia.pl\/?post_type=product&#038;p=425"},"modified":"2026-05-01T18:55:33","modified_gmt":"2026-05-01T16:55:33","slug":"swede-kolejka-na-baterie","status":"publish","type":"product","link":"http:\/\/klubmamgdynia.pl\/index.php\/produkt\/swede-kolejka-na-baterie\/","title":{"rendered":"Swede Kolejka Na Baterie"},"content":{"rendered":"<h2>Swede Kolejka Na Baterie Swede<\/h2>\n<p>dary jesieni kolorowanki jesie\u0144, na wyspach bergamutach, zagadki dla dzieci 7-8 lat online, zagadki o zwierz\u0119tach dla dzieci, chase kolorowanka, ko\u0142ysanki tekst, cytat z kubusia puchatka o mi\u0142o\u015bci, pokoloruj wed\u0142ug wzoru, kryspinow, prezent na roczek nie zabawka, szlaczki do druku, prezent dla rocznej dziewczynki, wycinanki do druku, kr\u00f3tkie bajki do czytania, jednorozec z dyni, leonardo imie, kwiaty polne nazwy i zdj\u0119cia<\/p>\n<p>yyyyy<\/p>\n<p>&nbsp;<\/p>\n","protected":false},"excerpt":{"rendered":"<p>Swede Kolejka Na Baterie Swede dary jesieni kolorowanki jesie\u0144, na wyspach bergamutach, zagadki dla dzieci 7-8 lat online, zagadki o zwierz\u0119tach dla dzieci, chase kolorowanka, ko\u0142ysanki tekst, cytat z kubusia puchatka o mi\u0142o\u015bci, pokoloruj wed\u0142ug wzoru, kryspinow, prezent na roczek nie zabawka, szlaczki do druku, prezent dla rocznej dziewczynki, wycinanki do druku, kr\u00f3tkie bajki do [&hellip;]<\/p>\n","protected":false},"featured_media":426,"comment_status":"closed","ping_status":"open","template":"","meta":[],"product_cat":[83,171],"product_tag":[831,619,813,586,661,628],"class_list":["post-425","product","type-product","status-publish","has-post-thumbnail","hentry","product_cat-auta-i-inne-pojazdy-do-zabawy","product_cat-swede","product_tag-bruno","product_tag-iwo-imie","product_tag-krotkie-zagadki-matematyczne-z-odpowiedziami","product_tag-smieszne-zagadki","product_tag-swinka-peppa-kolorowanka","product_tag-zagadka"],"_links":{"self":[{"href":"http:\/\/klubmamgdynia.pl\/index.php\/wp-json\/wp\/v2\/product\/425","targetHints":{"allow":["GET"]}}],"collection":[{"href":"http:\/\/klubmamgdynia.pl\/index.php\/wp-json\/wp\/v2\/product"}],"about":[{"href":"http:\/\/klubmamgdynia.pl\/index.php\/wp-json\/wp\/v2\/types\/product"}],"replies":[{"embeddable":true,"href":"http:\/\/klubmamgdynia.pl\/index.php\/wp-json\/wp\/v2\/comments?post=425"}],"wp:featuredmedia":[{"embeddable":true,"href":"http:\/\/klubmamgdynia.pl\/index.php\/wp-json\/wp\/v2\/media\/426"}],"wp:attachment":[{"href":"http:\/\/klubmamgdynia.pl\/index.php\/wp-json\/wp\/v2\/media?parent=425"}],"wp:term":[{"taxonomy":"product_cat","embeddable":true,"href":"http:\/\/klubmamgdynia.pl\/index.php\/wp-json\/wp\/v2\/product_cat?post=425"},{"taxonomy":"product_tag","embeddable":true,"href":"http:\/\/klubmamgdynia.pl\/index.php\/wp-json\/wp\/v2\/product_tag?post=425"}],"curies":[{"name":"wp","href":"https:\/\/api.w.org\/{rel}","templated":true}]}}