{"id":4259,"date":"2017-09-09T20:57:07","date_gmt":"2017-09-09T18:57:07","guid":{"rendered":"http:\/\/klubmamgdynia.pl\/index.php\/produkt\/grafika-puzzle-3000el-zycie-w-domu\/"},"modified":"2026-05-17T22:38:00","modified_gmt":"2026-05-17T20:38:00","slug":"grafika-puzzle-3000el-zycie-w-domu","status":"publish","type":"product","link":"http:\/\/klubmamgdynia.pl\/index.php\/produkt\/grafika-puzzle-3000el-zycie-w-domu\/","title":{"rendered":"Grafika Puzzle 3000El. \u017bycie W Domu"},"content":{"rendered":"<p>Puzzle francuskiej firmy &#8222;Grafika&#8221; sk\u0142adaj\u0105ce si\u0119 z 3000 element\u00f3w.EAN: 3663384029905<\/p>\n<h2>Grafika Puzzle 3000El. \u017bycie W Domu Grafika<\/h2>\n<p>maska kota, bajki dla dzieci na dobranoc do czytania, wroc\u0142aw atrakcje dla dzieci, zosia samosia wiersz, po \u0142\u0105ce biega lato tekst, wobies, mitologia test wiedzy, farma dyni poznan, kolorowanka do wydruku, kolorowanki do druku zwierz\u0119ta, zagadki na my\u015blenie, kolorowanki do druku super zings, walentynka dla c\u00f3rki, cytat na dzie\u0144 matki, bajki do czytania, okolice wroc\u0142awia atrakcje, p\u0142ywalnie warszawa, opis do zdj\u0119cia dziecka, zagadki dla 7 latk\u00f3w<\/p>\n<p>yyyyy<\/p>\n<p>&nbsp;<\/p>\n","protected":false},"excerpt":{"rendered":"<p>Puzzle francuskiej firmy &#8222;Grafika&#8221; sk\u0142adaj\u0105ce si\u0119 z 3000 element\u00f3w.EAN: 3663384029905 Grafika Puzzle 3000El. \u017bycie W Domu Grafika maska kota, bajki dla dzieci na dobranoc do czytania, wroc\u0142aw atrakcje dla dzieci, zosia samosia wiersz, po \u0142\u0105ce biega lato tekst, wobies, mitologia test wiedzy, farma dyni poznan, kolorowanka do wydruku, kolorowanki do druku zwierz\u0119ta, zagadki na my\u015blenie, [&hellip;]<\/p>\n","protected":false},"featured_media":4260,"comment_status":"closed","ping_status":"open","template":"","meta":[],"product_cat":[1209,90],"product_tag":[658,854,738],"class_list":["post-4259","product","type-product","status-publish","has-post-thumbnail","hentry","product_cat-grafika","product_cat-puzzle","product_tag-alan-znaczenie-imienia","product_tag-cytaty-rodzina","product_tag-wroclaw-dla-dzieci"],"_links":{"self":[{"href":"http:\/\/klubmamgdynia.pl\/index.php\/wp-json\/wp\/v2\/product\/4259","targetHints":{"allow":["GET"]}}],"collection":[{"href":"http:\/\/klubmamgdynia.pl\/index.php\/wp-json\/wp\/v2\/product"}],"about":[{"href":"http:\/\/klubmamgdynia.pl\/index.php\/wp-json\/wp\/v2\/types\/product"}],"replies":[{"embeddable":true,"href":"http:\/\/klubmamgdynia.pl\/index.php\/wp-json\/wp\/v2\/comments?post=4259"}],"wp:featuredmedia":[{"embeddable":true,"href":"http:\/\/klubmamgdynia.pl\/index.php\/wp-json\/wp\/v2\/media\/4260"}],"wp:attachment":[{"href":"http:\/\/klubmamgdynia.pl\/index.php\/wp-json\/wp\/v2\/media?parent=4259"}],"wp:term":[{"taxonomy":"product_cat","embeddable":true,"href":"http:\/\/klubmamgdynia.pl\/index.php\/wp-json\/wp\/v2\/product_cat?post=4259"},{"taxonomy":"product_tag","embeddable":true,"href":"http:\/\/klubmamgdynia.pl\/index.php\/wp-json\/wp\/v2\/product_tag?post=4259"}],"curies":[{"name":"wp","href":"https:\/\/api.w.org\/{rel}","templated":true}]}}