{"id":4265,"date":"2015-05-10T06:33:05","date_gmt":"2015-05-10T04:33:05","guid":{"rendered":"http:\/\/klubmamgdynia.pl\/index.php\/produkt\/bigtoys-puzzle-drewno-farma\/"},"modified":"2026-04-05T22:32:30","modified_gmt":"2026-04-05T20:32:30","slug":"bigtoys-puzzle-drewno-farma","status":"publish","type":"product","link":"http:\/\/klubmamgdynia.pl\/index.php\/produkt\/bigtoys-puzzle-drewno-farma\/","title":{"rendered":"Bigtoys Puzzle Drewno Farma"},"content":{"rendered":"<p>Drewniane puzzle kszta\u0142towe.Z motywem farmy. Chwy\u0107 wygodny okr\u0105g\u0142y uchwyt i spr\u00f3buj dopasowa\u0107 element.Wymiary: 30 x 22,5 cmWiek: 3+&#8230;<\/p>\n<h2>Bigtoys Puzzle Drewno Farma Bigtoys<\/h2>\n<p>jak zapakowa\u0107 prezent dla dziecka, kolorowanki antystresowe do druku, wz\u00f3r drzewo genealogiczne szablon do wydruku, wyci\u0119cia szablon korony do druku, quiz z ma\u0142ego ksi\u0119cia, znaki drogowe quiz, prezent dla nastolatka, krzy\u017c\u00f3wki dla dzieci do druku, bajki na dobranoc psi patrol, zagadki sprawdzaj\u0105ce inteligencj\u0119, quizy o koniach, kr\u00f3tkie bajki dla dzieci do czytania, zagadki logiczne dla dzieci 10 lat do druku, kolorowanki dla dziewczynek 10 lat, jak narysowa\u0107 kota, stare piosenki dla dzieci teksty, miasto dzieci, zima z\u0142a tekst<\/p>\n<p>yyyyy<\/p>\n<p>&nbsp;<\/p>\n","protected":false},"excerpt":{"rendered":"<p>Drewniane puzzle kszta\u0142towe.Z motywem farmy. Chwy\u0107 wygodny okr\u0105g\u0142y uchwyt i spr\u00f3buj dopasowa\u0107 element.Wymiary: 30 x 22,5 cmWiek: 3+&#8230; Bigtoys Puzzle Drewno Farma Bigtoys jak zapakowa\u0107 prezent dla dziecka, kolorowanki antystresowe do druku, wz\u00f3r drzewo genealogiczne szablon do wydruku, wyci\u0119cia szablon korony do druku, quiz z ma\u0142ego ksi\u0119cia, znaki drogowe quiz, prezent dla nastolatka, krzy\u017c\u00f3wki dla [&hellip;]<\/p>\n","protected":false},"featured_media":4266,"comment_status":"closed","ping_status":"open","template":"","meta":[],"product_cat":[331,90],"product_tag":[744,677,739,830,857],"class_list":["post-4265","product","type-product","status-publish","has-post-thumbnail","hentry","product_cat-bigtoys","product_cat-puzzle","product_tag-kolorowanki-swiateczne-do-wydruku","product_tag-milosz-imie","product_tag-prima-aprilis-w-szkole","product_tag-rodzina-cytaty","product_tag-zagadki-dla-dzieci-7-8-lat"],"_links":{"self":[{"href":"http:\/\/klubmamgdynia.pl\/index.php\/wp-json\/wp\/v2\/product\/4265","targetHints":{"allow":["GET"]}}],"collection":[{"href":"http:\/\/klubmamgdynia.pl\/index.php\/wp-json\/wp\/v2\/product"}],"about":[{"href":"http:\/\/klubmamgdynia.pl\/index.php\/wp-json\/wp\/v2\/types\/product"}],"replies":[{"embeddable":true,"href":"http:\/\/klubmamgdynia.pl\/index.php\/wp-json\/wp\/v2\/comments?post=4265"}],"wp:featuredmedia":[{"embeddable":true,"href":"http:\/\/klubmamgdynia.pl\/index.php\/wp-json\/wp\/v2\/media\/4266"}],"wp:attachment":[{"href":"http:\/\/klubmamgdynia.pl\/index.php\/wp-json\/wp\/v2\/media?parent=4265"}],"wp:term":[{"taxonomy":"product_cat","embeddable":true,"href":"http:\/\/klubmamgdynia.pl\/index.php\/wp-json\/wp\/v2\/product_cat?post=4265"},{"taxonomy":"product_tag","embeddable":true,"href":"http:\/\/klubmamgdynia.pl\/index.php\/wp-json\/wp\/v2\/product_tag?post=4265"}],"curies":[{"name":"wp","href":"https:\/\/api.w.org\/{rel}","templated":true}]}}