{"id":4275,"date":"2013-04-21T04:43:49","date_gmt":"2013-04-21T02:43:49","guid":{"rendered":"http:\/\/klubmamgdynia.pl\/index.php\/produkt\/dk-koraliki-do-prasowania-prasowanka-szablon-domek\/"},"modified":"2026-04-06T01:17:08","modified_gmt":"2026-04-05T23:17:08","slug":"dk-koraliki-do-prasowania-prasowanka-szablon-domek","status":"publish","type":"product","link":"http:\/\/klubmamgdynia.pl\/index.php\/produkt\/dk-koraliki-do-prasowania-prasowanka-szablon-domek\/","title":{"rendered":"Dk Koraliki Do Prasowania Prasowanka Szablon Domek"},"content":{"rendered":"<p>Prasowanka, Szablon Domek<\/p>\n<h2>Dk Koraliki Do Prasowania Prasowanka Szablon Domek Dk<\/h2>\n<p>test opowie\u015b\u0107 wigilijna, \u015bmieszne zagadki, miriam imie, ninjago kolorowanka, asiunia &#8211; test z lektury pdf, prezent dla rocznego dziecka, zabawy dla 6 latk\u00f3w, kolorowanka piesek, zagadki wielkanocne dla doros\u0142ych, kolorowanki do druku super zings, quiz stolice europy, malowanka<\/p>\n<p>yyyyy<\/p>\n<p>&nbsp;<\/p>\n","protected":false},"excerpt":{"rendered":"<p>Prasowanka, Szablon Domek Dk Koraliki Do Prasowania Prasowanka Szablon Domek Dk test opowie\u015b\u0107 wigilijna, \u015bmieszne zagadki, miriam imie, ninjago kolorowanka, asiunia &#8211; test z lektury pdf, prezent dla rocznego dziecka, zabawy dla 6 latk\u00f3w, kolorowanka piesek, zagadki wielkanocne dla doros\u0142ych, kolorowanki do druku super zings, quiz stolice europy, malowanka yyyyy &nbsp;<\/p>\n","protected":false},"featured_media":4276,"comment_status":"closed","ping_status":"open","template":"","meta":[],"product_cat":[408,21],"product_tag":[723,605,816],"class_list":["post-4275","product","type-product","status-publish","has-post-thumbnail","hentry","product_cat-dk","product_cat-zabawki-plastyczne","product_tag-krotkie-bajki-do-czytania-na-dobranoc","product_tag-milena","product_tag-place-zabaw-warszawa"],"_links":{"self":[{"href":"http:\/\/klubmamgdynia.pl\/index.php\/wp-json\/wp\/v2\/product\/4275","targetHints":{"allow":["GET"]}}],"collection":[{"href":"http:\/\/klubmamgdynia.pl\/index.php\/wp-json\/wp\/v2\/product"}],"about":[{"href":"http:\/\/klubmamgdynia.pl\/index.php\/wp-json\/wp\/v2\/types\/product"}],"replies":[{"embeddable":true,"href":"http:\/\/klubmamgdynia.pl\/index.php\/wp-json\/wp\/v2\/comments?post=4275"}],"wp:featuredmedia":[{"embeddable":true,"href":"http:\/\/klubmamgdynia.pl\/index.php\/wp-json\/wp\/v2\/media\/4276"}],"wp:attachment":[{"href":"http:\/\/klubmamgdynia.pl\/index.php\/wp-json\/wp\/v2\/media?parent=4275"}],"wp:term":[{"taxonomy":"product_cat","embeddable":true,"href":"http:\/\/klubmamgdynia.pl\/index.php\/wp-json\/wp\/v2\/product_cat?post=4275"},{"taxonomy":"product_tag","embeddable":true,"href":"http:\/\/klubmamgdynia.pl\/index.php\/wp-json\/wp\/v2\/product_tag?post=4275"}],"curies":[{"name":"wp","href":"https:\/\/api.w.org\/{rel}","templated":true}]}}