{"id":4283,"date":"2012-03-08T16:00:23","date_gmt":"2012-03-08T15:00:23","guid":{"rendered":"http:\/\/klubmamgdynia.pl\/index.php\/produkt\/schuco-model-samochodu-452659600-h0-mercedes-benz-8\/"},"modified":"2026-05-17T22:17:00","modified_gmt":"2026-05-17T20:17:00","slug":"schuco-model-samochodu-452659600-h0-mercedes-benz-8","status":"publish","type":"product","link":"http:\/\/klubmamgdynia.pl\/index.php\/produkt\/schuco-model-samochodu-452659600-h0-mercedes-benz-8\/","title":{"rendered":"Schuco Model Samochodu 452659600 H0 Mercedes Benz 8"},"content":{"rendered":"<p>H0 Mercedes Benz \/ 8PrototypowyNiedrogiZ czarnym wn\u0119trzemUwaga! Opis tego produktu zosta\u0142 przet\u0142umaczony automatycznie. Je\u015bli mo\u017cemy poprawi\u0107 go dzi\u0119ki Tobie, prosimy o kontakt.Schuco-gotowy model .Dane techniczne: Klasa wiekowa: Od 15 lat \u00b7 Model (Tabor kolejowy): Model samochodu \u00b7 Producent pojazdu: Mercedes Benz \u00b7 Rodzaj modelu (Modelastwo kolejowe): gotowy model \u00b7 Skala modelarska: H0 \u00b7 Specyfikacja: \/ 8<\/p>\n<h2>Schuco Model Samochodu 452659600 H0 Mercedes Benz 8 Schuco<\/h2>\n<p>izabella imi\u0119, wzruszajace cytaty o rodzinie, malgorzata imi\u0119, jeremi, eneduerabe, matylda imi\u0119, \u017carty na prima aprilis w domu, kolorowanka kotka, iwo imi\u0119<\/p>\n<p>yyyyy<\/p>\n<p>&nbsp;<\/p>\n","protected":false},"excerpt":{"rendered":"<p>H0 Mercedes Benz \/ 8PrototypowyNiedrogiZ czarnym wn\u0119trzemUwaga! Opis tego produktu zosta\u0142 przet\u0142umaczony automatycznie. Je\u015bli mo\u017cemy poprawi\u0107 go dzi\u0119ki Tobie, prosimy o kontakt.Schuco-gotowy model .Dane techniczne: Klasa wiekowa: Od 15 lat \u00b7 Model (Tabor kolejowy): Model samochodu \u00b7 Producent pojazdu: Mercedes Benz \u00b7 Rodzaj modelu (Modelastwo kolejowe): gotowy model \u00b7 Skala modelarska: H0 \u00b7 Specyfikacja: \/ [&hellip;]<\/p>\n","protected":false},"featured_media":4284,"comment_status":"closed","ping_status":"open","template":"","meta":[],"product_cat":[303,1212],"product_tag":[781,616,794,809,592],"class_list":["post-4283","product","type-product","status-publish","has-post-thumbnail","hentry","product_cat-kolekcjonerskie-modele-pojazdow","product_cat-schuco","product_tag-cytaty-o-wychowaniu-dzieci","product_tag-test-mikolajek-25-pytan","product_tag-test-opowiesci-z-narnii-lew-czarownica-i-stara-szafa-do-druku","product_tag-zagadki","product_tag-zagadki-dla-dzieci"],"_links":{"self":[{"href":"http:\/\/klubmamgdynia.pl\/index.php\/wp-json\/wp\/v2\/product\/4283","targetHints":{"allow":["GET"]}}],"collection":[{"href":"http:\/\/klubmamgdynia.pl\/index.php\/wp-json\/wp\/v2\/product"}],"about":[{"href":"http:\/\/klubmamgdynia.pl\/index.php\/wp-json\/wp\/v2\/types\/product"}],"replies":[{"embeddable":true,"href":"http:\/\/klubmamgdynia.pl\/index.php\/wp-json\/wp\/v2\/comments?post=4283"}],"wp:featuredmedia":[{"embeddable":true,"href":"http:\/\/klubmamgdynia.pl\/index.php\/wp-json\/wp\/v2\/media\/4284"}],"wp:attachment":[{"href":"http:\/\/klubmamgdynia.pl\/index.php\/wp-json\/wp\/v2\/media?parent=4283"}],"wp:term":[{"taxonomy":"product_cat","embeddable":true,"href":"http:\/\/klubmamgdynia.pl\/index.php\/wp-json\/wp\/v2\/product_cat?post=4283"},{"taxonomy":"product_tag","embeddable":true,"href":"http:\/\/klubmamgdynia.pl\/index.php\/wp-json\/wp\/v2\/product_tag?post=4283"}],"curies":[{"name":"wp","href":"https:\/\/api.w.org\/{rel}","templated":true}]}}