{"id":4285,"date":"2015-12-07T05:53:53","date_gmt":"2015-12-07T04:53:53","guid":{"rendered":"http:\/\/klubmamgdynia.pl\/index.php\/produkt\/mega-creative-zestaw-lekarski-22x9x13-4777-122-132-skrz36-72-zabawka\/"},"modified":"2026-04-23T16:40:13","modified_gmt":"2026-04-23T14:40:13","slug":"mega-creative-zestaw-lekarski-22x9x13-4777-122-132-skrz36-72-zabawka","status":"publish","type":"product","link":"http:\/\/klubmamgdynia.pl\/index.php\/produkt\/mega-creative-zestaw-lekarski-22x9x13-4777-122-132-skrz36-72-zabawka\/","title":{"rendered":"Mega Creative Zestaw Lekarski 22x9x13 4777-122\/132 Skrz36\/72 &#8211; Zabawka"},"content":{"rendered":"<p>Cena za pojednycz\u0105 sztuk\u0119, mix wzor\u00f3w, towra wysy\u0142any losowo.Wieloelementowy zestaw ma\u0142ego lekarza dost\u0119pny w dw\u00f3ch kolorach.EAN: 5903246448856<\/p>\n<h2>Mega Creative Zestaw Lekarski 22x9x13 4777-122\/132 Skrz36\/72 &#8211; Zabawka Mega Creative<\/h2>\n<p>rzadkie imiona \u017ce\u0144skie, test z lektury spos\u00f3b na alcybiadesa, podchwytliwe zagadki z odpowiedziami, my jeste\u015bmy krasnoludki tekst, prezent na urodziny dla nastolatk\u00f3w, buziak gify na dobranoc smieszne<\/p>\n<p>yyyyy<\/p>\n<p>&nbsp;<\/p>\n","protected":false},"excerpt":{"rendered":"<p>Cena za pojednycz\u0105 sztuk\u0119, mix wzor\u00f3w, towra wysy\u0142any losowo.Wieloelementowy zestaw ma\u0142ego lekarza dost\u0119pny w dw\u00f3ch kolorach.EAN: 5903246448856 Mega Creative Zestaw Lekarski 22x9x13 4777-122\/132 Skrz36\/72 &#8211; Zabawka Mega Creative rzadkie imiona \u017ce\u0144skie, test z lektury spos\u00f3b na alcybiadesa, podchwytliwe zagadki z odpowiedziami, my jeste\u015bmy krasnoludki tekst, prezent na urodziny dla nastolatk\u00f3w, buziak gify na dobranoc smieszne [&hellip;]<\/p>\n","protected":false},"featured_media":4286,"comment_status":"closed","ping_status":"open","template":"","meta":[],"product_cat":[53,64],"product_tag":[617,613,646,627,714],"class_list":["post-4285","product","type-product","status-publish","has-post-thumbnail","hentry","product_cat-kaciki-zabaw","product_cat-mega-creative","product_tag-keyword","product_tag-na-wyspach-bergamutach","product_tag-prezent-na-pierwsze-urodziny","product_tag-quiz-dzieci-z-bullerbyn","product_tag-zagadki-logiczne"],"_links":{"self":[{"href":"http:\/\/klubmamgdynia.pl\/index.php\/wp-json\/wp\/v2\/product\/4285","targetHints":{"allow":["GET"]}}],"collection":[{"href":"http:\/\/klubmamgdynia.pl\/index.php\/wp-json\/wp\/v2\/product"}],"about":[{"href":"http:\/\/klubmamgdynia.pl\/index.php\/wp-json\/wp\/v2\/types\/product"}],"replies":[{"embeddable":true,"href":"http:\/\/klubmamgdynia.pl\/index.php\/wp-json\/wp\/v2\/comments?post=4285"}],"wp:featuredmedia":[{"embeddable":true,"href":"http:\/\/klubmamgdynia.pl\/index.php\/wp-json\/wp\/v2\/media\/4286"}],"wp:attachment":[{"href":"http:\/\/klubmamgdynia.pl\/index.php\/wp-json\/wp\/v2\/media?parent=4285"}],"wp:term":[{"taxonomy":"product_cat","embeddable":true,"href":"http:\/\/klubmamgdynia.pl\/index.php\/wp-json\/wp\/v2\/product_cat?post=4285"},{"taxonomy":"product_tag","embeddable":true,"href":"http:\/\/klubmamgdynia.pl\/index.php\/wp-json\/wp\/v2\/product_tag?post=4285"}],"curies":[{"name":"wp","href":"https:\/\/api.w.org\/{rel}","templated":true}]}}