{"id":4289,"date":"2014-12-14T02:11:02","date_gmt":"2014-12-14T01:11:02","guid":{"rendered":"http:\/\/klubmamgdynia.pl\/index.php\/produkt\/mega-creative-meble-sypialnia-34x18x14-mc-wb-24\/"},"modified":"2026-04-29T01:40:36","modified_gmt":"2026-04-28T23:40:36","slug":"mega-creative-meble-sypialnia-34x18x14-mc-wb-24","status":"publish","type":"product","link":"http:\/\/klubmamgdynia.pl\/index.php\/produkt\/mega-creative-meble-sypialnia-34x18x14-mc-wb-24\/","title":{"rendered":"Mega Creative Meble Sypialnia 34X18X14 Mc Wb 24"},"content":{"rendered":"<p>MEBLE SYPIALNIA KR\u00d3LICZEKMEGA CREATIVE 501267Wymiary opakowania: 34 x 18 x 14 cmWiek: 3+ lataZestaw mebelk\u00f3w do domku kr\u00f3liczka idealne do sypialni. Zabawkowa sypialnia ma niezwykle realistyczny wygl\u0105d, kt\u00f3ry z pewno\u015bci\u0105 przypadnie do gustu ka\u017cdej dziewczynce. Pozwoli na jeszcze lepsz\u0105 zabaw\u0119 i sprawi mn\u00f3stwo rado\u015bci.Zawarto\u015b\u0107 zestawu:\u0142\u00f3\u017cko sypialniane z poduszk\u0105 i kocykiem,toaletka,krzes\u0142o do siedzenia,stolik nocny,szafa,figurka Kr\u00f3liczek,akcesoria.<\/p>\n<h2>Mega Creative Meble Sypialnia 34X18X14 Mc Wb 24 Mega Creative<\/h2>\n<p>proste zagadki logiczne, prezent dla pi\u0119tnastolatka, esmeralda, cytaty na dzie\u0144 nauczyciela, kolorowanka sky, everest psi patrol, opis rodzina, prima aprilis zarty<\/p>\n<p>yyyyy<\/p>\n<p>&nbsp;<\/p>\n","protected":false},"excerpt":{"rendered":"<p>MEBLE SYPIALNIA KR\u00d3LICZEKMEGA CREATIVE 501267Wymiary opakowania: 34 x 18 x 14 cmWiek: 3+ lataZestaw mebelk\u00f3w do domku kr\u00f3liczka idealne do sypialni. Zabawkowa sypialnia ma niezwykle realistyczny wygl\u0105d, kt\u00f3ry z pewno\u015bci\u0105 przypadnie do gustu ka\u017cdej dziewczynce. Pozwoli na jeszcze lepsz\u0105 zabaw\u0119 i sprawi mn\u00f3stwo rado\u015bci.Zawarto\u015b\u0107 zestawu:\u0142\u00f3\u017cko sypialniane z poduszk\u0105 i kocykiem,toaletka,krzes\u0142o do siedzenia,stolik nocny,szafa,figurka Kr\u00f3liczek,akcesoria. Mega [&hellip;]<\/p>\n","protected":false},"featured_media":4290,"comment_status":"closed","ping_status":"open","template":"","meta":[],"product_cat":[172,64],"product_tag":[747,803,809],"class_list":["post-4289","product","type-product","status-publish","has-post-thumbnail","hentry","product_cat-akcesoria-dla-lalek","product_cat-mega-creative","product_tag-malowanki-do-druku","product_tag-szlaczki-do-druku","product_tag-zagadki"],"_links":{"self":[{"href":"http:\/\/klubmamgdynia.pl\/index.php\/wp-json\/wp\/v2\/product\/4289","targetHints":{"allow":["GET"]}}],"collection":[{"href":"http:\/\/klubmamgdynia.pl\/index.php\/wp-json\/wp\/v2\/product"}],"about":[{"href":"http:\/\/klubmamgdynia.pl\/index.php\/wp-json\/wp\/v2\/types\/product"}],"replies":[{"embeddable":true,"href":"http:\/\/klubmamgdynia.pl\/index.php\/wp-json\/wp\/v2\/comments?post=4289"}],"wp:featuredmedia":[{"embeddable":true,"href":"http:\/\/klubmamgdynia.pl\/index.php\/wp-json\/wp\/v2\/media\/4290"}],"wp:attachment":[{"href":"http:\/\/klubmamgdynia.pl\/index.php\/wp-json\/wp\/v2\/media?parent=4289"}],"wp:term":[{"taxonomy":"product_cat","embeddable":true,"href":"http:\/\/klubmamgdynia.pl\/index.php\/wp-json\/wp\/v2\/product_cat?post=4289"},{"taxonomy":"product_tag","embeddable":true,"href":"http:\/\/klubmamgdynia.pl\/index.php\/wp-json\/wp\/v2\/product_tag?post=4289"}],"curies":[{"name":"wp","href":"https:\/\/api.w.org\/{rel}","templated":true}]}}