{"id":4293,"date":"2019-08-28T07:18:00","date_gmt":"2019-08-28T05:18:00","guid":{"rendered":"http:\/\/klubmamgdynia.pl\/index.php\/produkt\/philips-avent-scd843-26\/"},"modified":"2026-04-23T01:09:47","modified_gmt":"2026-04-22T23:09:47","slug":"philips-avent-scd843-26","status":"publish","type":"product","link":"http:\/\/klubmamgdynia.pl\/index.php\/produkt\/philips-avent-scd843-26\/","title":{"rendered":"Philips Avent SCD843\/26"},"content":{"rendered":"<p>Philips AVENT Baby monitor SCD843\/26. Maksymalny zasi\u0119g: 300 m, Maksymalny zakres wewn\u0119trzny (pomieszczenie): 50 m. Standardowe rozwi\u0105zania komunikacyjne: FHSS, Pasmo cz\u0119stotliwo\u015bci: 2.4 GHz. Kolor produktu: Bia\u0142y. D\u0142ugo\u015b\u0107 przek\u0105tnej ekranu: 8,89 cm (3.5&#8243;), Typ wy\u015bwietlacza: LCD. Rodzaj zasilania: Pr\u0105d przemienny, Napi\u0119cie wej\u015bciowe AC: 100 &#8211; 240 V, Cz\u0119stotliwo\u015b\u0107 wej\u015bciowa AC: 50 &#8211; 60 Hz<\/p>\n<h2>Philips Avent SCD843\/26 Philips<\/h2>\n<p>najrzadsze imiona, kotki do druku, lol surprise kolorowanki, laurka kolorowanki na dzie\u0144 mamy, stare piosenki, jak narysowac kota, dzieci z bullerbyn quiz, lol do druku, test dynastia mizio\u0142k\u00f3w, mia i ja kolorowanki do druku, quiz z bajek, julian, cytat z kubusia puchatka o mi\u0142o\u015bci, quiz flagi<\/p>\n<p>yyyyy<\/p>\n<p>&nbsp;<\/p>\n","protected":false},"excerpt":{"rendered":"<p>Philips AVENT Baby monitor SCD843\/26. Maksymalny zasi\u0119g: 300 m, Maksymalny zakres wewn\u0119trzny (pomieszczenie): 50 m. Standardowe rozwi\u0105zania komunikacyjne: FHSS, Pasmo cz\u0119stotliwo\u015bci: 2.4 GHz. Kolor produktu: Bia\u0142y. D\u0142ugo\u015b\u0107 przek\u0105tnej ekranu: 8,89 cm (3.5&#8243;), Typ wy\u015bwietlacza: LCD. Rodzaj zasilania: Pr\u0105d przemienny, Napi\u0119cie wej\u015bciowe AC: 100 &#8211; 240 V, Cz\u0119stotliwo\u015b\u0107 wej\u015bciowa AC: 50 &#8211; 60 Hz Philips Avent [&hellip;]<\/p>\n","protected":false},"featured_media":4294,"comment_status":"closed","ping_status":"open","template":"","meta":[],"product_cat":[899,261],"product_tag":[662,728,610,853,604,615],"class_list":["post-4293","product","type-product","status-publish","has-post-thumbnail","hentry","product_cat-nianie-elektroniczne-i-monitory-oddechu","product_cat-philips","product_tag-bajki-na-dobranoc","product_tag-bezwarunkowa-milosc-do-dziecka-cytaty","product_tag-co-na-prezent-dla-nastolatkow","product_tag-kolorowanki-do-druku-dla-doroslych","product_tag-zagadki-trudne","product_tag-znane-misie-z-filmow-animowanych"],"_links":{"self":[{"href":"http:\/\/klubmamgdynia.pl\/index.php\/wp-json\/wp\/v2\/product\/4293","targetHints":{"allow":["GET"]}}],"collection":[{"href":"http:\/\/klubmamgdynia.pl\/index.php\/wp-json\/wp\/v2\/product"}],"about":[{"href":"http:\/\/klubmamgdynia.pl\/index.php\/wp-json\/wp\/v2\/types\/product"}],"replies":[{"embeddable":true,"href":"http:\/\/klubmamgdynia.pl\/index.php\/wp-json\/wp\/v2\/comments?post=4293"}],"wp:featuredmedia":[{"embeddable":true,"href":"http:\/\/klubmamgdynia.pl\/index.php\/wp-json\/wp\/v2\/media\/4294"}],"wp:attachment":[{"href":"http:\/\/klubmamgdynia.pl\/index.php\/wp-json\/wp\/v2\/media?parent=4293"}],"wp:term":[{"taxonomy":"product_cat","embeddable":true,"href":"http:\/\/klubmamgdynia.pl\/index.php\/wp-json\/wp\/v2\/product_cat?post=4293"},{"taxonomy":"product_tag","embeddable":true,"href":"http:\/\/klubmamgdynia.pl\/index.php\/wp-json\/wp\/v2\/product_tag?post=4293"}],"curies":[{"name":"wp","href":"https:\/\/api.w.org\/{rel}","templated":true}]}}