{"id":4297,"date":"2019-05-11T16:25:41","date_gmt":"2019-05-11T14:25:41","guid":{"rendered":"http:\/\/klubmamgdynia.pl\/index.php\/produkt\/can-am-outlander-x-xc-1000r-2022\/"},"modified":"2026-05-17T22:05:28","modified_gmt":"2026-05-17T20:05:28","slug":"can-am-outlander-x-xc-1000r-2022","status":"publish","type":"product","link":"http:\/\/klubmamgdynia.pl\/index.php\/produkt\/can-am-outlander-x-xc-1000r-2022\/","title":{"rendered":"CAN-AM OUTLANDER X XC 1000R 2022"},"content":{"rendered":"<p>JESTE\u015aMY AUTORYZOWANYMDEALEREMFIRMY BRP SEA DOO I CAN AMNA DZISIEJSZYM OG\u0141OSZENIUPRZEDSTAWIAM :OUTLANDER X XC 1000RMODEL 2022KOLOR: CHALK GRAY&amp; CAN-AM REDKod produktu: 1XNGHOMOLOGACJA: INTCena katalogowa: 17 990 euro brutto*Mo\u017cliwy zakup w euro i w z\u0142ot\u00f3wkach*Cena w z\u0142otych mo\u017ce ulec zmianie w zale\u017cno\u015bci od kursu euroKoszt rejestracji (ci\u0105gnik rolniczy): 1 800 euroCena obejmuje:Monta\u017c kitu homologacyjnego (klakson, kierunkowskazy, \u015bwiat\u0142a awaryjne, pod\u015bwietlenie tablicy rejestracyjnej)Przegl\u0105dRejestracja w PolsceUbezpieczenie OCJeste\u015bmy autoryzowanym dealerem firmy BRP w woj. \u015bwi\u0119tokrzyskim.Prowadzimy serwis gwarancyjny i pogwarancyjny wed\u0142ug standard\u00f3w BRP przegl\u0105dy,naprawy i diagnostyka.DANE TECHNICZNENAP\u0118D:Silnik: Rotax 976, czterosuwowy, ch\u0142odzony ciecz\u0105, jednocylindrowy w uk\u0142adzie V, cztery zawory na cylinder, 90 KMRozruch: elektrycznyZasilanie paliwem: inteligentna kontrola przepustnicy (iTC\u2122) z elektronicznym wtryskiem paliwa (EFI)Przeniesienie nap\u0119du: automatyczna bezstopniowa skrzynia bieg\u00f3w CVT z prze\u0142o\u017ceniami High, Low, Park, Neutral, Reverse, L hamowanie silnikiemUk\u0142ad jezdny: elektronicznie do\u0142\u0105czany 2&#215;4\/4&#215;4 z blokad\u0105 przedniego dyferencja\u0142u Visco-4lockPODWOZIE:Zawieszenie przednie: podw\u00f3jne wahacze, amortyzatory FOX\u2020 1.5 PODIUM\u2020 RC2, skok 23.3 cmZawieszenie tylne: niezale\u017cne wahacze TTI, wleczone, amortyzatory FOX\u2020 1.5 PODIUM\u2020 RC2, skok 25.1 cmHamulce przednie: hydrauliczne, tarczowe wentylowane, \u015brednica tarczy 214 mm, zaciski dwu t\u0142oczkoweHamulec tylny: hydrauliczny, tarczowy wentylowany, \u015brednica tarczy 214 mm, zacisk dwu t\u0142oczkowyWYMIARY:D\u0142ugo\u015b\u0107 x Szeroko\u015b\u0107 x Wysoko\u015b\u0107: 218.4 x 121.9 x 126 cmMasa w\u0142asna: 375 kgRozstaw osi: 129.5 cmWysoko\u015b\u0107 siedziska: 87.7 cmPrze\u015bwit: 27.9 cmDopuszczalne obci\u0105\u017cenie baga\u017cnika: przedni 45 kg, tylny 90 kgDopuszczalna masa holowanej przyczepy: 750 kg z hamulcami, 335 kg bez hamulc\u00f3wPojemno\u015b\u0107 wodoodpornego schowka: 21,4 LPojemno\u015b\u0107 zbiornika paliwa: 20,5 LWYPOSA\u017bENIE:Oprzyrz\u0105dowanie: 7.6 calowy wy\u015bwietlacz: Pr\u0119dko\u015bciomierz, Zegar, Obrotomierz, Licznik godzin\/km, Pozycja bieg\u00f3w, Temperatura, Wska\u017anik nap\u0119du 4&#215;4, \u015awiat\u0142a, Elektroniczny wska\u017anik paliwaGniazdko typu DC w konsoli przedniej (15-A)Dwa reflektory przednie o \u0142\u0105cznej mocy 230 W, \u015bwiat\u0142o hamowaniaMocowanie z hakiem holowniczym i wi\u0105zk\u0105 elektryczn\u0105PAKIET X XC:14 calowe aluminiowe felgi z BeadlockPrzednie oraz tylne amortyzatory Fox 1.5 Podium RC2Trzy-stopniowe dynamiczne wspomaganie kierownicyPe\u0142na aluminiowa os\u0142ona podwozia26 calowe opony ITP\u2020 TerracrossBlokada dyferencja\u0142u Visco-LockWyprofilowana aluminiowa kierownica z os\u0142onami d\u0142oniP\u00f3\u0142ki z systemem LinQKolorystyka pakietu XSystem (BTC)Poszerzenie b\u0142otnik\u00f3w* zdj\u0119cia pogl\u0105dowe* sprzedaj\u0105cy nie odpowiada za b\u0142\u0119dy w opisie og\u0142oszenia lub jego nieaktualno\u015b\u0107.Faktura: faktura VATUszkodzony:<\/p>\n<h2>CAN-AM OUTLANDER X XC 1000R 2022 <\/h2>\n<p>maska misia do druku, szopka do druku, nasza zima z\u0142a tekst, piosenki dla dzieci tekst, nietypowe imiona, zagadki wielkanocne do druku, kolorowanki z bajek, zagadki logiczne, prezent dla dziewczynki na roczek, cytaty o przyja\u017ani kr\u00f3tkie, prezent dla ch\u0142opca 7 lat<\/p>\n<p>yyyyy<\/p>\n<p>&nbsp;<\/p>\n","protected":false},"excerpt":{"rendered":"<p>JESTE\u015aMY AUTORYZOWANYMDEALEREMFIRMY BRP SEA DOO I CAN AMNA DZISIEJSZYM OG\u0141OSZENIUPRZEDSTAWIAM :OUTLANDER X XC 1000RMODEL 2022KOLOR: CHALK GRAY&amp; CAN-AM REDKod produktu: 1XNGHOMOLOGACJA: INTCena katalogowa: 17 990 euro brutto*Mo\u017cliwy zakup w euro i w z\u0142ot\u00f3wkach*Cena w z\u0142otych mo\u017ce ulec zmianie w zale\u017cno\u015bci od kursu euroKoszt rejestracji (ci\u0105gnik rolniczy): 1 800 euroCena obejmuje:Monta\u017c kitu homologacyjnego (klakson, kierunkowskazy, \u015bwiat\u0142a [&hellip;]<\/p>\n","protected":false},"featured_media":4298,"comment_status":"closed","ping_status":"open","template":"","meta":[],"product_cat":[1210],"product_tag":[855,682,715],"class_list":["post-4297","product","type-product","status-publish","has-post-thumbnail","hentry","product_cat-quady-i-atv","product_tag-nietypowe-imiona-zenskie","product_tag-przyjazn-cytaty","product_tag-zosia-samosia"],"_links":{"self":[{"href":"http:\/\/klubmamgdynia.pl\/index.php\/wp-json\/wp\/v2\/product\/4297","targetHints":{"allow":["GET"]}}],"collection":[{"href":"http:\/\/klubmamgdynia.pl\/index.php\/wp-json\/wp\/v2\/product"}],"about":[{"href":"http:\/\/klubmamgdynia.pl\/index.php\/wp-json\/wp\/v2\/types\/product"}],"replies":[{"embeddable":true,"href":"http:\/\/klubmamgdynia.pl\/index.php\/wp-json\/wp\/v2\/comments?post=4297"}],"wp:featuredmedia":[{"embeddable":true,"href":"http:\/\/klubmamgdynia.pl\/index.php\/wp-json\/wp\/v2\/media\/4298"}],"wp:attachment":[{"href":"http:\/\/klubmamgdynia.pl\/index.php\/wp-json\/wp\/v2\/media?parent=4297"}],"wp:term":[{"taxonomy":"product_cat","embeddable":true,"href":"http:\/\/klubmamgdynia.pl\/index.php\/wp-json\/wp\/v2\/product_cat?post=4297"},{"taxonomy":"product_tag","embeddable":true,"href":"http:\/\/klubmamgdynia.pl\/index.php\/wp-json\/wp\/v2\/product_tag?post=4297"}],"curies":[{"name":"wp","href":"https:\/\/api.w.org\/{rel}","templated":true}]}}