{"id":4319,"date":"2019-10-11T10:22:17","date_gmt":"2019-10-11T08:22:17","guid":{"rendered":"http:\/\/klubmamgdynia.pl\/index.php\/produkt\/mattel-minionki-bob-wielkie-uderzenie-gmd90-gmd92\/"},"modified":"2026-04-19T03:59:54","modified_gmt":"2026-04-19T01:59:54","slug":"mattel-minionki-bob-wielkie-uderzenie-gmd90-gmd92","status":"publish","type":"product","link":"http:\/\/klubmamgdynia.pl\/index.php\/produkt\/mattel-minionki-bob-wielkie-uderzenie-gmd90-gmd92\/","title":{"rendered":"Mattel Minionki Bob Wielkie Uderzenie (GMD90 GMD92)"},"content":{"rendered":"<p>Niezwyk\u0142a zabawa pe\u0142na akcji!<br \/>\nPrze\u017cywaj przygody pe\u0142ne akcji dzi\u0119ki tym figurkom inspirowanym filmem \u201eMinionki: Wej\u015bcie Gru\u201d \u2013 ka\u017cdy 10-centymetrowy \u017c\u00f3\u0142ty psotnik ma inny ruch i akcesorium filmowe!                            <\/p>\n<p>Naci\u015bnij przycisk, aby zacz\u0105\u0107 zabaw\u0119!<br \/>\nMinionek Kevin jest uzbrojony w serowy blaster z dwoma przyciskami! Wci\u015bnij przycisk na g\u0142owie Kevina, aby ustawi\u0107 blaster w pozycji do strza\u0142u, a potem naci\u015bnij przycisk na blasterze, aby wystrzeli\u0107 \u201eser\u201d!                            <\/p>\n<p>Wymienne akcesoria!<br \/>\nDzi\u0119ki blasterowi Kevin jest got\u00f3w zmierzy\u0107 si\u0119 z nowymi z\u0142oczy\u0144cami z filmu \u201eMinionki: Wej\u015bcie Gru\u201d.                            <\/p>\n<p>Naci\u015bnij kieszonk\u0119, aby zacz\u0105\u0107 zabaw\u0119!<br \/>\nRoztrzepany Otto z ulubionym kamieniem jest gotowy \u201eodlecie\u0107\u201d w \u015bwiat przyg\u00f3d. Wystarczy nacisn\u0105\u0107 przycisk na kombinezonie, aby zacz\u0105\u0142 rusza\u0107 skrzyd\u0142ami.                            <\/p>\n<p>Rozci\u0105gnij ramiona!<br \/>\nFigurka Minionka Boba ma mechaniczne r\u0119ce, kt\u00f3re mo\u017cna rozci\u0105ga\u0107 i ustawia\u0107 w r\u00f3\u017cnych pozach. Bobowi towarzyszy mi\u015b-przytulanka Tim, co jeszcze bardziej poszerza mo\u017cliwo\u015bci prze\u017cywania fantastycznych przyg\u00f3d.                            <\/p>\n<p>Nakr\u0119\u0107 i pu\u015b\u0107!<br \/>\nStuart jest gotowy na przygod\u0119 na wrotkach. Nakr\u0119\u0107 i pu\u015b\u0107 t\u0119 figurk\u0119 inspirowan\u0105 filmem \u201eMinionki: Wej\u015bcie Gru\u201d, aby zobaczy\u0107, jak obraca g\u0142ow\u0105 w szalonym tempie!                            <\/p>\n<p>Naci\u015bnij przycisk i przygotuj si\u0119 do walki!<br \/>\nAktywowany przyciskiem Minionek Kevin jest got\u00f3w pokona\u0107 ka\u017cdego przeciwnika. Dzi\u0119ki du\u017cej prawej r\u0119ce figurka mo\u017ce stawi\u0107 czo\u0142a nowemu z\u0142oczy\u0144cy \u2013 Jeanowi Clawedowi.                            <\/p>\n<p>Odtwarzaj filmowe momenty i wymieniaj akcesoria<br \/>\nZbierz wszystkie figurki, aby odtworzy\u0107 emocje i psoty inspirowane filmem \u201eMinionki: Wej\u015bcie Gru\u201d. Wymieniaj akcesoria mi\u0119dzy figurkami i wymy\u015blaj w\u0142asne niezapomniane przygody!<\/p>\n<h2>Mattel Minionki Bob Wielkie Uderzenie (GMD90 GMD92) Mattel<\/h2>\n<p>zagadki dla dzieci 7 lat, trudne zagadki na inteligencje, kolorowanki do druku zwierz\u0119ta, nietypowe imiona, prezent roczek, prezent na roczek nie zabawka, najrzadsze imiona w polsce, gdzie strumyk p\u0142ynie z wolna, sentencja rodzina, mateusz imi\u0119, filmy animowane \u015bwi\u0105teczne, jak narysowa\u0107 kr\u00f3lika, rozalia imi\u0119, smok wawelski bajka, zagadki na logiczne my\u015blenie, wzruszaj\u0105ce teksty dla mamy, mitologia test wiedzy<\/p>\n<p>yyyyy<\/p>\n<p>&nbsp;<\/p>\n","protected":false},"excerpt":{"rendered":"<p>Niezwyk\u0142a zabawa pe\u0142na akcji! Prze\u017cywaj przygody pe\u0142ne akcji dzi\u0119ki tym figurkom inspirowanym filmem \u201eMinionki: Wej\u015bcie Gru\u201d \u2013 ka\u017cdy 10-centymetrowy \u017c\u00f3\u0142ty psotnik ma inny ruch i akcesorium filmowe! Naci\u015bnij przycisk, aby zacz\u0105\u0107 zabaw\u0119! Minionek Kevin jest uzbrojony w serowy blaster z dwoma przyciskami! Wci\u015bnij przycisk na g\u0142owie Kevina, aby ustawi\u0107 blaster w pozycji do strza\u0142u, a [&hellip;]<\/p>\n","protected":false},"featured_media":4320,"comment_status":"closed","ping_status":"open","template":"","meta":[],"product_cat":[95,289],"product_tag":[854,866,726,601],"class_list":["post-4319","product","type-product","status-publish","has-post-thumbnail","hentry","product_cat-figurki-makiety-i-zestawy","product_cat-mattel","product_tag-cytaty-rodzina","product_tag-opis-do-zdjecia-dziecka-na-fb","product_tag-quiz-zemsta","product_tag-zagadki-co-to-jest"],"_links":{"self":[{"href":"http:\/\/klubmamgdynia.pl\/index.php\/wp-json\/wp\/v2\/product\/4319","targetHints":{"allow":["GET"]}}],"collection":[{"href":"http:\/\/klubmamgdynia.pl\/index.php\/wp-json\/wp\/v2\/product"}],"about":[{"href":"http:\/\/klubmamgdynia.pl\/index.php\/wp-json\/wp\/v2\/types\/product"}],"replies":[{"embeddable":true,"href":"http:\/\/klubmamgdynia.pl\/index.php\/wp-json\/wp\/v2\/comments?post=4319"}],"wp:featuredmedia":[{"embeddable":true,"href":"http:\/\/klubmamgdynia.pl\/index.php\/wp-json\/wp\/v2\/media\/4320"}],"wp:attachment":[{"href":"http:\/\/klubmamgdynia.pl\/index.php\/wp-json\/wp\/v2\/media?parent=4319"}],"wp:term":[{"taxonomy":"product_cat","embeddable":true,"href":"http:\/\/klubmamgdynia.pl\/index.php\/wp-json\/wp\/v2\/product_cat?post=4319"},{"taxonomy":"product_tag","embeddable":true,"href":"http:\/\/klubmamgdynia.pl\/index.php\/wp-json\/wp\/v2\/product_tag?post=4319"}],"curies":[{"name":"wp","href":"https:\/\/api.w.org\/{rel}","templated":true}]}}