{"id":4329,"date":"2018-06-16T14:38:56","date_gmt":"2018-06-16T12:38:56","guid":{"rendered":"http:\/\/klubmamgdynia.pl\/index.php\/produkt\/mattel-masters-of-the-universe-figurka-panthor-gvn49\/"},"modified":"2026-05-17T22:56:05","modified_gmt":"2026-05-17T20:56:05","slug":"mattel-masters-of-the-universe-figurka-panthor-gvn49","status":"publish","type":"product","link":"http:\/\/klubmamgdynia.pl\/index.php\/produkt\/mattel-masters-of-the-universe-figurka-panthor-gvn49\/","title":{"rendered":"Mattel MASTERS OF THE UNIVERSE Figurka Panthor GVN49"},"content":{"rendered":"<p>Panthor, kt\u00f3rego tutaj prezentujemy jest kocim towarzyszem z\u0142ego Skeletora. To gigantyczna, fioletowa pantera z ostrymi jak brzytwy z\u0119bami i dysponuj\u0105ca ogromn\u0105 si\u0142\u0105. Figurka tej postaci zosta\u0142a niesamowicie wiernie odwzorowana.                            <\/p>\n<p>Panthor wyst\u0119puje w pe\u0142nej zbroi i posiada wiele punkt\u00f3w artykulacji, dzi\u0119ki czemu zabawa w odgrywanie scenek znanych z kultowej produkcji oraz tworzenie w\u0142asnych opowie\u015bci z udzia\u0142em ulubionych bohater\u00f3w b\u0119dzie jeszcze ciekawsze. Zbroj\u0119 mo\u017cemy z \u0142atwo\u015bci\u0105 zdj\u0105\u0107 z figurki. Zabawka osi\u0105ga d\u0142ugo\u015b\u0107 ok. 24 cm i wysoko\u015b\u0107 ok. 14 cm i jest dedykowana dzieciom powy\u017cej 6 roku \u017cycia.                            <\/p>\n<p>Masters of The Universe to kultowy film i serial animowany opowiadaj\u0105cy o losach najsilniejszego cz\u0142owieka we wszech\u015bwiecie &#8211; He-Mana oraz jego przyjaci\u00f3\u0142 i ich najwi\u0119kszego wroga z\u0142ego Skeletora, kt\u00f3ry pragnie zdoby\u0107 moc Pos\u0119pnego Czerepu.                            <\/p>\n<p>Zbierz pozosta\u0142e figurki z serii, by wzbogaci\u0107 swoj\u0105 kolekcj\u0119 i wymy\u015bla\u0107 jeszcze wi\u0119cej historyjek                            <\/p>\n<p>            Mattel MASTERS OF THE UNIVERSE Figurka Panthor GVN49<\/p>\n<p>            Mattel MASTERS OF THE UNIVERSE Figurka Ram Man + Akcesoria GVL78<\/p>\n<p>            Mattel MASTERS OF THE UNIVERSE Figurka Clamp Champ + Akcesoria GVL79<\/p>\n<p>            Mattel figurka Masters of the Universe Origins Orko GNN93<\/p>\n<p>            Mattel Masters of The Universe Figurka Skeletor GNN84 GNN88 <\/p>\n<p>            Mattel Masters of The Universe Figurka He Man GNN84 GNN85 <\/p>\n<p>            Mattel Masters of The Universe Scare Glow GNN84 GNN94 <\/p>\n<p>            Mattel Masters of The Universe Prince Adam &amp; Sky Sled GPP30 <\/p>\n<p>            Mattel Masters of The Universe Figurka Battle Cat GNN70<\/p>\n<h2>Mattel MASTERS OF THE UNIVERSE Figurka Panthor GVN49 Mattel<\/h2>\n<p>wulkan z sody, testy z lektury opowie\u015bci z narni lew czarownica i stara szafa, imi\u0119 nadia, \u017carty na prima aprilis w domu<\/p>\n<p>yyyyy<\/p>\n<p>&nbsp;<\/p>\n","protected":false},"excerpt":{"rendered":"<p>Panthor, kt\u00f3rego tutaj prezentujemy jest kocim towarzyszem z\u0142ego Skeletora. To gigantyczna, fioletowa pantera z ostrymi jak brzytwy z\u0119bami i dysponuj\u0105ca ogromn\u0105 si\u0142\u0105. Figurka tej postaci zosta\u0142a niesamowicie wiernie odwzorowana. Panthor wyst\u0119puje w pe\u0142nej zbroi i posiada wiele punkt\u00f3w artykulacji, dzi\u0119ki czemu zabawa w odgrywanie scenek znanych z kultowej produkcji oraz tworzenie w\u0142asnych opowie\u015bci z udzia\u0142em [&hellip;]<\/p>\n","protected":false},"featured_media":4330,"comment_status":"closed","ping_status":"open","template":"","meta":[],"product_cat":[95,289],"product_tag":[841,840,805],"class_list":["post-4329","product","type-product","status-publish","has-post-thumbnail","hentry","product_cat-figurki-makiety-i-zestawy","product_cat-mattel","product_tag-quiz-o-flagach","product_tag-stare-bajki","product_tag-znaczenie-imienia-alan"],"_links":{"self":[{"href":"http:\/\/klubmamgdynia.pl\/index.php\/wp-json\/wp\/v2\/product\/4329","targetHints":{"allow":["GET"]}}],"collection":[{"href":"http:\/\/klubmamgdynia.pl\/index.php\/wp-json\/wp\/v2\/product"}],"about":[{"href":"http:\/\/klubmamgdynia.pl\/index.php\/wp-json\/wp\/v2\/types\/product"}],"replies":[{"embeddable":true,"href":"http:\/\/klubmamgdynia.pl\/index.php\/wp-json\/wp\/v2\/comments?post=4329"}],"wp:featuredmedia":[{"embeddable":true,"href":"http:\/\/klubmamgdynia.pl\/index.php\/wp-json\/wp\/v2\/media\/4330"}],"wp:attachment":[{"href":"http:\/\/klubmamgdynia.pl\/index.php\/wp-json\/wp\/v2\/media?parent=4329"}],"wp:term":[{"taxonomy":"product_cat","embeddable":true,"href":"http:\/\/klubmamgdynia.pl\/index.php\/wp-json\/wp\/v2\/product_cat?post=4329"},{"taxonomy":"product_tag","embeddable":true,"href":"http:\/\/klubmamgdynia.pl\/index.php\/wp-json\/wp\/v2\/product_tag?post=4329"}],"curies":[{"name":"wp","href":"https:\/\/api.w.org\/{rel}","templated":true}]}}