{"id":4335,"date":"2022-03-25T16:58:05","date_gmt":"2022-03-25T15:58:05","guid":{"rendered":"http:\/\/klubmamgdynia.pl\/index.php\/produkt\/barbie-lalka-zestaw-domowy-makaron-ghk43\/"},"modified":"2026-04-03T23:03:04","modified_gmt":"2026-04-03T21:03:04","slug":"barbie-lalka-zestaw-domowy-makaron-ghk43","status":"publish","type":"product","link":"http:\/\/klubmamgdynia.pl\/index.php\/produkt\/barbie-lalka-zestaw-domowy-makaron-ghk43\/","title":{"rendered":"Barbie Lalka + Zestaw Domowy Makaron GHK43"},"content":{"rendered":"<p>Baw si\u0119 z Barbie i daj si\u0119 ponie\u015b\u0107 wyobra\u017ani!Barbie jest zawsze gotowa na nowe wyzwania i sprawdzi\u0142a si\u0119 ju\u017c w ponad 200 zawodach, inspiruj\u0105c dzieci do wiary w to, \u017ce mog\u0105 by\u0107 kim chc\u0105!                            <\/p>\n<p>Zosta\u0144 szefow\u0105 kuchni!Dzi\u0119ki zestawowi do zabawy Domowy Makaron lalka Barbie zach\u0119ca ma\u0142ych szef\u00f3w kuchni do puszczenia wodzy fantazji w kuchni i doskonalenia swoich umiej\u0119tno\u015bci kulinarnych!                            <\/p>\n<p>Zr\u00f3b w\u0142asny makaron!W\u0142\u00f3\u017c bia\u0142\u0105 mas\u0119 do otworu po\u015brodku stanowiska do pracy i postaw miseczk\u0119 nad otworem. Naci\u015bnij d\u017awigni\u0119 i obserwuj, jak \u201emakaron\u201d pojawia si\u0119 w miseczce!                            <\/p>\n<p>Dodaj troch\u0119 warzyw!Umie\u015b\u0107 zielon\u0105 mas\u0119 w foremce na ladzie. Doci\u015bnij foremk\u0119 w d\u00f3\u0142, a potem otw\u00f3rz, by ods\u0142oni\u0107 \u201ebroku\u0142y\u201d i \u201epora\u201d!                            <\/p>\n<p>Zapraszam do sto\u0142u!Po wyczarowaniu pysznego posi\u0142ku Barbie jest gotowa zje\u015b\u0107 \u201emakaron\u201d pa\u0142eczkami! Pychota!                            <\/p>\n<p>Tyle zawod\u00f3w, tak wiele mo\u017cliwo\u015bci!Zbierz wszystkie lalki i zestawy Barbie z linii Kariera, aby odkrywa\u0107 r\u00f3\u017cne zawody oraz marzenia. Z Barbie mo\u017cesz by\u0107 kim chcesz!<\/p>\n<h2>Barbie Lalka + Zestaw Domowy Makaron GHK43 Barbie<\/h2>\n<p>kartka walentynkowa zrobiona przez dzieci, wiersz na wielkanocnym stole, cytat na dzie\u0144 mamy, menu urodzinowe dla dzieci w wieku 8 10 lat, dla dzieci warszawa, cytaty o dziecku, \u015bwi\u0105teczne filmy familijne, cytat o dziecku, w uk\u0142adzie s\u0142onecznym tekst, dinozaury kolorowanki, tr\u00f3jmiasto atrakcje dla dzieci, atrakcje we wroc\u0142awiu dla dzieci<\/p>\n<p>yyyyy<\/p>\n<p>&nbsp;<\/p>\n","protected":false},"excerpt":{"rendered":"<p>Baw si\u0119 z Barbie i daj si\u0119 ponie\u015b\u0107 wyobra\u017ani!Barbie jest zawsze gotowa na nowe wyzwania i sprawdzi\u0142a si\u0119 ju\u017c w ponad 200 zawodach, inspiruj\u0105c dzieci do wiary w to, \u017ce mog\u0105 by\u0107 kim chc\u0105! Zosta\u0144 szefow\u0105 kuchni!Dzi\u0119ki zestawowi do zabawy Domowy Makaron lalka Barbie zach\u0119ca ma\u0142ych szef\u00f3w kuchni do puszczenia wodzy fantazji w kuchni i [&hellip;]<\/p>\n","protected":false},"featured_media":4336,"comment_status":"closed","ping_status":"open","template":"","meta":[],"product_cat":[173,65],"product_tag":[758,768,816],"class_list":["post-4335","product","type-product","status-publish","has-post-thumbnail","hentry","product_cat-barbie","product_cat-lalki","product_tag-julian","product_tag-krotkie-zagadki-logiczne","product_tag-place-zabaw-warszawa"],"_links":{"self":[{"href":"http:\/\/klubmamgdynia.pl\/index.php\/wp-json\/wp\/v2\/product\/4335","targetHints":{"allow":["GET"]}}],"collection":[{"href":"http:\/\/klubmamgdynia.pl\/index.php\/wp-json\/wp\/v2\/product"}],"about":[{"href":"http:\/\/klubmamgdynia.pl\/index.php\/wp-json\/wp\/v2\/types\/product"}],"replies":[{"embeddable":true,"href":"http:\/\/klubmamgdynia.pl\/index.php\/wp-json\/wp\/v2\/comments?post=4335"}],"wp:featuredmedia":[{"embeddable":true,"href":"http:\/\/klubmamgdynia.pl\/index.php\/wp-json\/wp\/v2\/media\/4336"}],"wp:attachment":[{"href":"http:\/\/klubmamgdynia.pl\/index.php\/wp-json\/wp\/v2\/media?parent=4335"}],"wp:term":[{"taxonomy":"product_cat","embeddable":true,"href":"http:\/\/klubmamgdynia.pl\/index.php\/wp-json\/wp\/v2\/product_cat?post=4335"},{"taxonomy":"product_tag","embeddable":true,"href":"http:\/\/klubmamgdynia.pl\/index.php\/wp-json\/wp\/v2\/product_tag?post=4335"}],"curies":[{"name":"wp","href":"https:\/\/api.w.org\/{rel}","templated":true}]}}