{"id":4341,"date":"2019-02-06T01:19:23","date_gmt":"2019-02-06T00:19:23","guid":{"rendered":"http:\/\/klubmamgdynia.pl\/index.php\/produkt\/quad-xtr-150cc-003-8-trans-0zl\/"},"modified":"2026-04-05T21:35:28","modified_gmt":"2026-04-05T19:35:28","slug":"quad-xtr-150cc-003-8-trans-0zl","status":"publish","type":"product","link":"http:\/\/klubmamgdynia.pl\/index.php\/produkt\/quad-xtr-150cc-003-8-trans-0zl\/","title":{"rendered":"QUAD XTR 150CC 003\/8 TRANS 0Z\u0141"},"content":{"rendered":"<p>QUAD 003\/8 Model 003\/8 to propozycja dla os\u00f3b chc\u0105cych zazna\u0107 jazdy terenowej. Du\u017cy quad o charakterystyce przeprawowej \u015bwietnie sprawdzi si\u0119 na rodzinne, rekreacyjne przejazdy jak r\u00f3wnie\u017c b\u0119dzie nieodzownym partnerem w pracach gospodarczych czy ogrodniczych. Obszerne baga\u017cniki daj\u0105 mo\u017cliwo\u015b\u0107 przewiezienia wielu rzeczy.XTR 003\/8SPECYFIKACJA TECHNICZNA:SILNIK: 4 suw, 1 cylindrowyPOJEMNO\u015a\u0106: 150 cm3MOC: 16 KMROZRUCH: elektrycznyUK\u0141AD ZASILANIA: ga\u017anikNAP\u0118D: \u0142a\u0144cuch 428HKO\u0141A: 8 caliCena: 5999 z\u0142*Odbi\u00f3r osobisty w salonie: z\u0142o\u017cenie pojazdu, przygotowanie pojazdu do u\u017cytkowania, przegl\u0105d zerowy dop\u0142ata 200z\u0142.Faktura: faktura VATUszkodzony:<\/p>\n<h2>QUAD XTR 150CC 003\/8 TRANS 0Z\u0141 <\/h2>\n<p>kucyki pony kolorowanka, pa\u0144stwa europy i ich stolice quiz, buziak gify na dobranoc smieszne, kuchcikowo przepisy dla dzieci, rysowanki, paloma, filmy animowane \u015bwi\u0105teczne<\/p>\n<p>yyyyy<\/p>\n<p>&nbsp;<\/p>\n","protected":false},"excerpt":{"rendered":"<p>QUAD 003\/8 Model 003\/8 to propozycja dla os\u00f3b chc\u0105cych zazna\u0107 jazdy terenowej. Du\u017cy quad o charakterystyce przeprawowej \u015bwietnie sprawdzi si\u0119 na rodzinne, rekreacyjne przejazdy jak r\u00f3wnie\u017c b\u0119dzie nieodzownym partnerem w pracach gospodarczych czy ogrodniczych. Obszerne baga\u017cniki daj\u0105 mo\u017cliwo\u015b\u0107 przewiezienia wielu rzeczy.XTR 003\/8SPECYFIKACJA TECHNICZNA:SILNIK: 4 suw, 1 cylindrowyPOJEMNO\u015a\u0106: 150 cm3MOC: 16 KMROZRUCH: elektrycznyUK\u0141AD ZASILANIA: ga\u017anikNAP\u0118D: \u0142a\u0144cuch [&hellip;]<\/p>\n","protected":false},"featured_media":4342,"comment_status":"closed","ping_status":"open","template":"","meta":[],"product_cat":[1210],"product_tag":[720,637,773],"class_list":["post-4341","product","type-product","status-publish","has-post-thumbnail","hentry","product_cat-quady-i-atv","product_tag-malowanki","product_tag-niech-zyja-wakacje-tekst","product_tag-test-z-lektury-opowiesci-z-narnii-lew-czarownica-i-stara-szafa"],"_links":{"self":[{"href":"http:\/\/klubmamgdynia.pl\/index.php\/wp-json\/wp\/v2\/product\/4341","targetHints":{"allow":["GET"]}}],"collection":[{"href":"http:\/\/klubmamgdynia.pl\/index.php\/wp-json\/wp\/v2\/product"}],"about":[{"href":"http:\/\/klubmamgdynia.pl\/index.php\/wp-json\/wp\/v2\/types\/product"}],"replies":[{"embeddable":true,"href":"http:\/\/klubmamgdynia.pl\/index.php\/wp-json\/wp\/v2\/comments?post=4341"}],"wp:featuredmedia":[{"embeddable":true,"href":"http:\/\/klubmamgdynia.pl\/index.php\/wp-json\/wp\/v2\/media\/4342"}],"wp:attachment":[{"href":"http:\/\/klubmamgdynia.pl\/index.php\/wp-json\/wp\/v2\/media?parent=4341"}],"wp:term":[{"taxonomy":"product_cat","embeddable":true,"href":"http:\/\/klubmamgdynia.pl\/index.php\/wp-json\/wp\/v2\/product_cat?post=4341"},{"taxonomy":"product_tag","embeddable":true,"href":"http:\/\/klubmamgdynia.pl\/index.php\/wp-json\/wp\/v2\/product_tag?post=4341"}],"curies":[{"name":"wp","href":"https:\/\/api.w.org\/{rel}","templated":true}]}}