{"id":4359,"date":"2016-01-29T18:39:00","date_gmt":"2016-01-29T17:39:00","guid":{"rendered":"http:\/\/klubmamgdynia.pl\/index.php\/produkt\/starpak-olowek-z-gumka-nasa-491020\/"},"modified":"2026-04-05T21:59:14","modified_gmt":"2026-04-05T19:59:14","slug":"starpak-olowek-z-gumka-nasa-491020","status":"publish","type":"product","link":"http:\/\/klubmamgdynia.pl\/index.php\/produkt\/starpak-olowek-z-gumka-nasa-491020\/","title":{"rendered":"Starpak O\u0142\u00f3wek Z Gumk\u0105 Nasa 491020"},"content":{"rendered":"<h2>Starpak O\u0142\u00f3wek Z Gumk\u0105 Nasa 491020 Starpak<\/h2>\n<p>trudne zagadki, proste dekoracje \u015bwi\u0105teczne dla dzieci, uk\u0142ad s\u0142oneczny dla dzieci do druku, quizy hobbit, malowanki dla dziewczynek, ba\u0142wanek do druku, list do gwiazdora<\/p>\n<p>yyyyy<\/p>\n<p>&nbsp;<\/p>\n","protected":false},"excerpt":{"rendered":"<p>Starpak O\u0142\u00f3wek Z Gumk\u0105 Nasa 491020 Starpak trudne zagadki, proste dekoracje \u015bwi\u0105teczne dla dzieci, uk\u0142ad s\u0142oneczny dla dzieci do druku, quizy hobbit, malowanki dla dziewczynek, ba\u0142wanek do druku, list do gwiazdora yyyyy &nbsp;<\/p>\n","protected":false},"featured_media":4360,"comment_status":"closed","ping_status":"open","template":"","meta":[],"product_cat":[269,962],"product_tag":[686,798,812],"class_list":["post-4359","product","type-product","status-publish","has-post-thumbnail","hentry","product_cat-starpak","product_cat-szkolne-przybory-do-pisania","product_tag-co-na-roczek-dla-chlopca","product_tag-prezenty-dla-nastolatki","product_tag-zagadki-logiczne-na-inteligencje"],"_links":{"self":[{"href":"http:\/\/klubmamgdynia.pl\/index.php\/wp-json\/wp\/v2\/product\/4359","targetHints":{"allow":["GET"]}}],"collection":[{"href":"http:\/\/klubmamgdynia.pl\/index.php\/wp-json\/wp\/v2\/product"}],"about":[{"href":"http:\/\/klubmamgdynia.pl\/index.php\/wp-json\/wp\/v2\/types\/product"}],"replies":[{"embeddable":true,"href":"http:\/\/klubmamgdynia.pl\/index.php\/wp-json\/wp\/v2\/comments?post=4359"}],"wp:featuredmedia":[{"embeddable":true,"href":"http:\/\/klubmamgdynia.pl\/index.php\/wp-json\/wp\/v2\/media\/4360"}],"wp:attachment":[{"href":"http:\/\/klubmamgdynia.pl\/index.php\/wp-json\/wp\/v2\/media?parent=4359"}],"wp:term":[{"taxonomy":"product_cat","embeddable":true,"href":"http:\/\/klubmamgdynia.pl\/index.php\/wp-json\/wp\/v2\/product_cat?post=4359"},{"taxonomy":"product_tag","embeddable":true,"href":"http:\/\/klubmamgdynia.pl\/index.php\/wp-json\/wp\/v2\/product_tag?post=4359"}],"curies":[{"name":"wp","href":"https:\/\/api.w.org\/{rel}","templated":true}]}}