{"id":4381,"date":"2024-11-07T19:41:51","date_gmt":"2024-11-07T18:41:51","guid":{"rendered":"http:\/\/klubmamgdynia.pl\/?post_type=product&#038;p=4381"},"modified":"2026-04-27T05:11:08","modified_gmt":"2026-04-27T03:11:08","slug":"barbie-chelsea-lalka-wakacyjna-z-kolkiem-zyrafa-grt80-grt81","status":"publish","type":"product","link":"http:\/\/klubmamgdynia.pl\/index.php\/produkt\/barbie-chelsea-lalka-wakacyjna-z-kolkiem-zyrafa-grt80-grt81\/","title":{"rendered":"Barbie &#8211; Chelsea lalka wakacyjna z k\u00f3\u0142kiem \u017byraf\u0105 GRT80 GRT81"},"content":{"rendered":"<p>Barbie Chelsea Lalka wakacyjna z akcesoriami<br \/>\nZestaw do zabawy Barbie Chelsea The Lost Birthday Wakacyjna lalka zabierze dzieci na wspania\u0142\u0105 przygod\u0119 w towarzystwie zwierz\u0119cych przyjaci\u00f3\u0142. Jest tu lalka Chelsea w kolorowym kostiumie k\u0105pielowym z tropikalnym nadrukiem, figurka \u017c\u00f3\u0142wika i akcesoria inspiruj\u0105ce do ca\u0142odniowej zabawy. Dziewczynka mo\u017ce posadzi\u0107 Chelsea na r\u0119czniku i \u201eposmarowa\u0107 j\u0105\u201d balsamem do opalania. Potem mo\u017ce za\u0142o\u017cy\u0107 jej mask\u0119 do nurkowania, okulary przeciws\u0142oneczne oraz sanda\u0142ki i wskoczy\u0107 do wody z ko\u0142em do \u201ep\u0142ywania\u201d. To \u015bwietny prezent dla ma\u0142ych poszukiwaczy przyg\u00f3d w wieku od 3 do 7 lat!                            <\/p>\n<p>Zawarto\u015b\u0107 zestawuW zestawie znajduje si\u0119: lalka Chelsea w kostiumie k\u0105pielowym, figurka zwierzaka, r\u0119czniczek, balsam do opalania, maska do nurkowania, okulary przeciws\u0142oneczne oraz ko\u0142o do p\u0142ywania. Lalka nie stoi samodzielnie. Lalka i ko\u0142o do p\u0142ywania nie unosz\u0105 si\u0119 na wodzie.                            <\/p>\n<p>Zobacz inne zestawy:                            <\/p>\n<p>            Barbie &#8211; Chelsea lalka wakacyjna z k\u00f3\u0142kiem Flamingiem GRT80 GRT82<\/p>\n<p>            Barbie &#8211; Chelsea lalka wakacyjna z k\u00f3\u0142kiem Zebr\u0105 GRT80 GRT83<\/p>\n<p>            Barbie &#8211; Chelsea lalka wakacyjna z k\u00f3\u0142kiem \u017byraf\u0105 GRT80 GRT81<\/p>\n<h2>Barbie &#8211; Chelsea lalka wakacyjna z k\u00f3\u0142kiem \u017byraf\u0105 GRT80 GRT81 Barbie<\/h2>\n<p>opis rodzina, cytaty o wychowaniu i nauczaniu, kolorowanka antystresowa, adriana znaczenie imienia, r\u00f3\u017cne zagadki, prezenty na roczek, test z lektury asiunia, cytaty o dziecku, kolorowanki lol surprise, zabawki dla rocznej dziewczynki, quiz o hobbicie<\/p>\n<p>yyyyy<\/p>\n<p>&nbsp;<\/p>\n","protected":false},"excerpt":{"rendered":"<p>Barbie Chelsea Lalka wakacyjna z akcesoriami Zestaw do zabawy Barbie Chelsea The Lost Birthday Wakacyjna lalka zabierze dzieci na wspania\u0142\u0105 przygod\u0119 w towarzystwie zwierz\u0119cych przyjaci\u00f3\u0142. Jest tu lalka Chelsea w kolorowym kostiumie k\u0105pielowym z tropikalnym nadrukiem, figurka \u017c\u00f3\u0142wika i akcesoria inspiruj\u0105ce do ca\u0142odniowej zabawy. Dziewczynka mo\u017ce posadzi\u0107 Chelsea na r\u0119czniku i \u201eposmarowa\u0107 j\u0105\u201d balsamem do [&hellip;]<\/p>\n","protected":false},"featured_media":4382,"comment_status":"closed","ping_status":"open","template":"","meta":[],"product_cat":[173,65],"product_tag":[603,685,673,703,589],"class_list":["post-4381","product","type-product","status-publish","has-post-thumbnail","hentry","product_cat-barbie","product_cat-lalki","product_tag-bajki-do-czytania","product_tag-cytaty-o-rodzinie","product_tag-juz-blisko-koleda-tekst","product_tag-prezent-dla-nastolatki","product_tag-prezent-dla-rocznego-dziecka"],"_links":{"self":[{"href":"http:\/\/klubmamgdynia.pl\/index.php\/wp-json\/wp\/v2\/product\/4381","targetHints":{"allow":["GET"]}}],"collection":[{"href":"http:\/\/klubmamgdynia.pl\/index.php\/wp-json\/wp\/v2\/product"}],"about":[{"href":"http:\/\/klubmamgdynia.pl\/index.php\/wp-json\/wp\/v2\/types\/product"}],"replies":[{"embeddable":true,"href":"http:\/\/klubmamgdynia.pl\/index.php\/wp-json\/wp\/v2\/comments?post=4381"}],"wp:featuredmedia":[{"embeddable":true,"href":"http:\/\/klubmamgdynia.pl\/index.php\/wp-json\/wp\/v2\/media\/4382"}],"wp:attachment":[{"href":"http:\/\/klubmamgdynia.pl\/index.php\/wp-json\/wp\/v2\/media?parent=4381"}],"wp:term":[{"taxonomy":"product_cat","embeddable":true,"href":"http:\/\/klubmamgdynia.pl\/index.php\/wp-json\/wp\/v2\/product_cat?post=4381"},{"taxonomy":"product_tag","embeddable":true,"href":"http:\/\/klubmamgdynia.pl\/index.php\/wp-json\/wp\/v2\/product_tag?post=4381"}],"curies":[{"name":"wp","href":"https:\/\/api.w.org\/{rel}","templated":true}]}}