{"id":4401,"date":"2013-10-30T18:55:09","date_gmt":"2013-10-30T17:55:09","guid":{"rendered":"http:\/\/klubmamgdynia.pl\/index.php\/produkt\/gazelo-lalka-z-akcesoriami\/"},"modified":"2026-04-24T17:00:05","modified_gmt":"2026-04-24T15:00:05","slug":"gazelo-lalka-z-akcesoriami","status":"publish","type":"product","link":"http:\/\/klubmamgdynia.pl\/index.php\/produkt\/gazelo-lalka-z-akcesoriami\/","title":{"rendered":"Gazelo Lalka Z Akcesoriami"},"content":{"rendered":"<p>SUPER CENA &#8211; TANIA DOSTAWA ! &#8211; gazelo Lalka z akcesoriami j.polski TG416923 16037 &#8211; PACZKOMAT, POCZTA, KURIER<\/p>\n<h2>Gazelo Lalka Z Akcesoriami Gazelo<\/h2>\n<p>swinka peppa do czytania, zagadki dla m\u0142odzie\u017cy, gotowe zaproszenia na urodziny do wydrukowania, domki z rolek po papierze toaletowym, jad\u0105 jad\u0105 misie tekst, zagadki logiczne matematyczne dla dzieci, pytania do lektury asiunia, lukrecja imi\u0119, niespotykane imiona \u017ce\u0144skie, karnawa\u0142 maska karnawa\u0142owa szablon, \u0142amig\u0142\u00f3wki logiczne dla dzieci, maski zwierz\u0105t szablony do druku, farma dyni poznan, krzy\u017c\u00f3wki dla dzieci, wroc\u0142aw dla dzieci, elzbieta imie, bajka o piesku do czytania, jak zapakowa\u0107 prezent dla dziecka<\/p>\n<p>yyyyy<\/p>\n<p>&nbsp;<\/p>\n","protected":false},"excerpt":{"rendered":"<p>SUPER CENA &#8211; TANIA DOSTAWA ! &#8211; gazelo Lalka z akcesoriami j.polski TG416923 16037 &#8211; PACZKOMAT, POCZTA, KURIER Gazelo Lalka Z Akcesoriami Gazelo swinka peppa do czytania, zagadki dla m\u0142odzie\u017cy, gotowe zaproszenia na urodziny do wydrukowania, domki z rolek po papierze toaletowym, jad\u0105 jad\u0105 misie tekst, zagadki logiczne matematyczne dla dzieci, pytania do lektury asiunia, [&hellip;]<\/p>\n","protected":false},"featured_media":4402,"comment_status":"closed","ping_status":"open","template":"","meta":[],"product_cat":[1213,65],"product_tag":[666,789,605,629,724],"class_list":["post-4401","product","type-product","status-publish","has-post-thumbnail","hentry","product_cat-gazelo","product_cat-lalki","product_tag-afrykanskie-imiona","product_tag-kaczuszka","product_tag-milena","product_tag-smieszne-zagadki-z-odpowiedziami","product_tag-zagadki-podchwytliwe"],"_links":{"self":[{"href":"http:\/\/klubmamgdynia.pl\/index.php\/wp-json\/wp\/v2\/product\/4401","targetHints":{"allow":["GET"]}}],"collection":[{"href":"http:\/\/klubmamgdynia.pl\/index.php\/wp-json\/wp\/v2\/product"}],"about":[{"href":"http:\/\/klubmamgdynia.pl\/index.php\/wp-json\/wp\/v2\/types\/product"}],"replies":[{"embeddable":true,"href":"http:\/\/klubmamgdynia.pl\/index.php\/wp-json\/wp\/v2\/comments?post=4401"}],"wp:featuredmedia":[{"embeddable":true,"href":"http:\/\/klubmamgdynia.pl\/index.php\/wp-json\/wp\/v2\/media\/4402"}],"wp:attachment":[{"href":"http:\/\/klubmamgdynia.pl\/index.php\/wp-json\/wp\/v2\/media?parent=4401"}],"wp:term":[{"taxonomy":"product_cat","embeddable":true,"href":"http:\/\/klubmamgdynia.pl\/index.php\/wp-json\/wp\/v2\/product_cat?post=4401"},{"taxonomy":"product_tag","embeddable":true,"href":"http:\/\/klubmamgdynia.pl\/index.php\/wp-json\/wp\/v2\/product_tag?post=4401"}],"curies":[{"name":"wp","href":"https:\/\/api.w.org\/{rel}","templated":true}]}}