{"id":4403,"date":"2015-04-16T01:19:44","date_gmt":"2015-04-15T23:19:44","guid":{"rendered":"http:\/\/klubmamgdynia.pl\/index.php\/produkt\/centra-plus-cb-802-80ah-700-a-p\/"},"modified":"2026-05-17T23:04:50","modified_gmt":"2026-05-17T21:04:50","slug":"centra-plus-cb-802-80ah-700-a-p","status":"publish","type":"product","link":"http:\/\/klubmamgdynia.pl\/index.php\/produkt\/centra-plus-cb-802-80ah-700-a-p\/","title":{"rendered":"Centra Plus Cb 802 80Ah 700 A P+"},"content":{"rendered":"<p>CENTRA PLUSWY\u017bSZA MOC ROZRUCHOWANAJPOPULARNIEJSZY PRODUKT MARKI CENTRAPotrzebujesz wi\u0119kszej mocy rozruchowej?Wybierz akumulator Centra Plus, kt\u00f3ry charakteryzuje si\u0119 o 15% wi\u0119ksz\u0105 moc\u0105 rozruchow\u0105.Dlaczego warto wybra\u0107 Centr\u0119 Plus?Dzi\u0119ki bardzo wysokiej jako\u015bci i zastosowaniu nowoczesnych technologii akumulatoryCentra Plus s\u0105 stosowane przez producent\u00f3w samochod\u00f3w jako pierwsze wyposa\u017cenie.\u015awiadczy to o tym, \u017ce Centra jest doceniana w Polsce i na \u015awiecie oraz uwa\u017cana za mark\u0119 PREMIUM.Europejska jako\u015b\u0107Akumulatory CENTRA PLUS s\u0105 produkowane w Europie zgodnie z najwy\u017cszymi standardami europejskimi w zakresie jako\u015bci produkcji.MARKA GODNA ZAUFANIACentra nale\u017cy do ameryka\u0144skiej firmy Exide Technologies &#8211; \u015bwiatowego lidera na rynku akumulator\u00f3w rozruchowych. Firma posiada bogat\u0105, trwaj\u0105c\u0105 ponad 120 lat, histori\u0119 w bran\u017cy akumulator\u00f3w. Exide jest og\u00f3lno\u015bwiatowym prekursorem w dziedzinie rozwoju przemys\u0142owego.<\/p>\n<h2>Centra Plus Cb 802 80Ah 700 A P+ Centra<\/h2>\n<p>co kupic dziewczynce na roczek, alan znaczenie imienia, miasto dzieci pl, cytaty o mamie, mama cytaty, zagadki, kolorowanki do druku dla dziewczynek, narysowa\u0107 rysunki \u0142atwe, znajd\u017a r\u00f3\u017cnice, w zieleni \u0142\u0105ka majowa tekst, pomysl na prezent na roczek, star wars kolorowanka, nela w krainie wombat\u00f3w, dobre \u017carty na prima aprilis, kolorowanki lego ninjago<\/p>\n<p>yyyyy<\/p>\n<p>&nbsp;<\/p>\n","protected":false},"excerpt":{"rendered":"<p>CENTRA PLUSWY\u017bSZA MOC ROZRUCHOWANAJPOPULARNIEJSZY PRODUKT MARKI CENTRAPotrzebujesz wi\u0119kszej mocy rozruchowej?Wybierz akumulator Centra Plus, kt\u00f3ry charakteryzuje si\u0119 o 15% wi\u0119ksz\u0105 moc\u0105 rozruchow\u0105.Dlaczego warto wybra\u0107 Centr\u0119 Plus?Dzi\u0119ki bardzo wysokiej jako\u015bci i zastosowaniu nowoczesnych technologii akumulatoryCentra Plus s\u0105 stosowane przez producent\u00f3w samochod\u00f3w jako pierwsze wyposa\u017cenie.\u015awiadczy to o tym, \u017ce Centra jest doceniana w Polsce i na \u015awiecie oraz [&hellip;]<\/p>\n","protected":false},"featured_media":4404,"comment_status":"closed","ping_status":"open","template":"","meta":[],"product_cat":[564,1222],"product_tag":[626,584,594,682,830,869],"class_list":["post-4403","product","type-product","status-publish","has-post-thumbnail","hentry","product_cat-akumulatory","product_cat-centra","product_tag-jacek","product_tag-liwia","product_tag-podchwytliwe-zagadki-dla-dzieci","product_tag-przyjazn-cytaty","product_tag-rodzina-cytaty","product_tag-zagadki-na-logike"],"_links":{"self":[{"href":"http:\/\/klubmamgdynia.pl\/index.php\/wp-json\/wp\/v2\/product\/4403","targetHints":{"allow":["GET"]}}],"collection":[{"href":"http:\/\/klubmamgdynia.pl\/index.php\/wp-json\/wp\/v2\/product"}],"about":[{"href":"http:\/\/klubmamgdynia.pl\/index.php\/wp-json\/wp\/v2\/types\/product"}],"replies":[{"embeddable":true,"href":"http:\/\/klubmamgdynia.pl\/index.php\/wp-json\/wp\/v2\/comments?post=4403"}],"wp:featuredmedia":[{"embeddable":true,"href":"http:\/\/klubmamgdynia.pl\/index.php\/wp-json\/wp\/v2\/media\/4404"}],"wp:attachment":[{"href":"http:\/\/klubmamgdynia.pl\/index.php\/wp-json\/wp\/v2\/media?parent=4403"}],"wp:term":[{"taxonomy":"product_cat","embeddable":true,"href":"http:\/\/klubmamgdynia.pl\/index.php\/wp-json\/wp\/v2\/product_cat?post=4403"},{"taxonomy":"product_tag","embeddable":true,"href":"http:\/\/klubmamgdynia.pl\/index.php\/wp-json\/wp\/v2\/product_tag?post=4403"}],"curies":[{"name":"wp","href":"https:\/\/api.w.org\/{rel}","templated":true}]}}