{"id":443,"date":"2018-11-04T03:48:17","date_gmt":"2018-11-04T02:48:17","guid":{"rendered":"http:\/\/klubmamgdynia.pl\/index.php\/produkt\/rodenstock-r7135-b-52-20-140\/"},"modified":"2026-04-29T22:15:16","modified_gmt":"2026-04-29T20:15:16","slug":"rodenstock-r7135-b-52-20-140","status":"publish","type":"product","link":"http:\/\/klubmamgdynia.pl\/index.php\/produkt\/rodenstock-r7135-b-52-20-140\/","title":{"rendered":"Rodenstock R7135 B (52-20-140)"},"content":{"rendered":"<p>Oprawy okularowe Rodenstock<\/p>\n<h2>Rodenstock R7135 B (52-20-140) Rodenstock<\/h2>\n<p>film rodzinny o \u015bwi\u0119tach, \u0142amig\u0142\u00f3wki dla dzieci, piesek kolorowanka, zagadki o bajkach, postacie z bajek, aurelia, kolorowanki samochody, kolorowanki andrzejki do wydruku, najlepsze place zabaw warszawa, prezent dla 1 latka, historia pluszowego misia, zagadki logiczne dla doros\u0142ych, dyplomy do druku pdf, pole dyniowe pozna\u0144, bajki na dobranoc, bajka do czytania na dobranoc, oryginalny prezent na roczek dla dziewczynki<\/p>\n<p>yyyyy<\/p>\n<p>&nbsp;<\/p>\n","protected":false},"excerpt":{"rendered":"<p>Oprawy okularowe Rodenstock Rodenstock R7135 B (52-20-140) Rodenstock film rodzinny o \u015bwi\u0119tach, \u0142amig\u0142\u00f3wki dla dzieci, piesek kolorowanka, zagadki o bajkach, postacie z bajek, aurelia, kolorowanki samochody, kolorowanki andrzejki do wydruku, najlepsze place zabaw warszawa, prezent dla 1 latka, historia pluszowego misia, zagadki logiczne dla doros\u0142ych, dyplomy do druku pdf, pole dyniowe pozna\u0144, bajki na dobranoc, [&hellip;]<\/p>\n","protected":false},"featured_media":444,"comment_status":"closed","ping_status":"open","template":"","meta":[],"product_cat":[149,148],"product_tag":[685,670,636],"class_list":["post-443","product","type-product","status-publish","has-post-thumbnail","hentry","product_cat-okulary-oprawki-i-szkla","product_cat-rodenstock","product_tag-cytaty-o-rodzinie","product_tag-irma","product_tag-teksty-kolysanek"],"_links":{"self":[{"href":"http:\/\/klubmamgdynia.pl\/index.php\/wp-json\/wp\/v2\/product\/443","targetHints":{"allow":["GET"]}}],"collection":[{"href":"http:\/\/klubmamgdynia.pl\/index.php\/wp-json\/wp\/v2\/product"}],"about":[{"href":"http:\/\/klubmamgdynia.pl\/index.php\/wp-json\/wp\/v2\/types\/product"}],"replies":[{"embeddable":true,"href":"http:\/\/klubmamgdynia.pl\/index.php\/wp-json\/wp\/v2\/comments?post=443"}],"wp:featuredmedia":[{"embeddable":true,"href":"http:\/\/klubmamgdynia.pl\/index.php\/wp-json\/wp\/v2\/media\/444"}],"wp:attachment":[{"href":"http:\/\/klubmamgdynia.pl\/index.php\/wp-json\/wp\/v2\/media?parent=443"}],"wp:term":[{"taxonomy":"product_cat","embeddable":true,"href":"http:\/\/klubmamgdynia.pl\/index.php\/wp-json\/wp\/v2\/product_cat?post=443"},{"taxonomy":"product_tag","embeddable":true,"href":"http:\/\/klubmamgdynia.pl\/index.php\/wp-json\/wp\/v2\/product_tag?post=443"}],"curies":[{"name":"wp","href":"https:\/\/api.w.org\/{rel}","templated":true}]}}