{"id":4455,"date":"2016-04-09T10:52:14","date_gmt":"2016-04-09T08:52:14","guid":{"rendered":"http:\/\/klubmamgdynia.pl\/index.php\/produkt\/pronefra-180-ml-pieskot\/"},"modified":"2026-04-30T07:46:44","modified_gmt":"2026-04-30T05:46:44","slug":"pronefra-180-ml-pieskot","status":"publish","type":"product","link":"http:\/\/klubmamgdynia.pl\/index.php\/produkt\/pronefra-180-ml-pieskot\/","title":{"rendered":"Pronefra 180 Ml Pies,Kot"},"content":{"rendered":"<p>Mieszanka paszowa uzupe\u0142niaj\u0105ca, zawiesina doustna, wspomagaj\u0105ca w przypadku przewlek\u0142ej niewydolno\u015bci nerek.Wspomaganie funkcji nerek w przypadku ich przewlek\u0142ej niewydolno\u015bciPRONEFRA jest zalecana dla kot\u00f3w i ps\u00f3w w celu wspomagania funkcji nerek w przypadku ich przewlek\u0142ej niewydolno\u015bciPRONEFRA jest bardzo smaczna, oparta na skojarzonym dzia\u0142aniu 5 sk\u0142adnik\u00f3w:W\u0119glan wapnia i w\u0119glan magnezu obni\u017caj\u0105 dost\u0119pno\u015b\u0107 fosforu z diety poprzez jego wi\u0105zanie w jelitach.Chitozan wi\u0105\u017ce toksyny mocznicowe w jelitach.Polisacharydy z ro\u015bliny\u00a0Astragalus\u00a0przyczyniaj\u0105 si\u0119 do utrzymania prawid\u0142owej budowy nerek.Oligopeptydy otrzymywane z ryb morskich przyczyniaj\u0105 si\u0119 do utrzymania w\u0142a\u015bciwego ci\u015bnienia krwi.INSTRUKACJA STOSOWANIAWstrz\u0105sn\u0105\u0107 przed u\u017cyciem. Na dnie opakowania mo\u017ce pojawi\u0107 si\u0119 nieznaczny osad.Podawa\u0107 2 razy dziennie (zalecane podanie razem z jedzeniem) , przy u\u017cyciu strzykawki dozuj\u0105cej (koty: 1 ml \/ 4 kg 2 razy dziennie; psy 1 ml\/5 kg 2 razy dziennie), pocz\u0105tkowo przez okres do 6 miesi\u0119cy.Pronefra jest bardzo smaczna, co u\u0142atwia jej podanie zwierz\u0119ciu.Mo\u017ce by\u0107 mieszana z karm\u0105 lub podawana bezpo\u015brednio zwierz\u0119ciu przy u\u017cyciu do\u0142\u0105czonej strzykawki dozuj\u0105cej.Nie przekracza\u0107 zalecanej dawki. Zwierz\u0119 powinno mie\u0107 zapewniony sta\u0142y dost\u0119p do wody.Przed u\u017cyciem lub przed przed\u0142u\u017ceniem okresu stosowania zaleca si\u0119 konsultacj\u0119 z lekarzem weterynarii.Pronefra mo\u017ce nie by\u0107 dobrze tolerowana przez niekt\u00f3re zwierz\u0119ta w starszym wieku lub b\u0119d\u0105ce w trakcie leczenia z powodu osobniczej nadwra\u017cliwo\u015bci pokarmowej. W przypadku zarzucania tre\u015bci pokarmowej zaleca si\u0119 ostro\u017cne obni\u017cenie zalecanej dawki produktu przez okres kilku dni; w przypadku utrzymywania si\u0119 tej reakcji zaleca si\u0119 konsultacj\u0119 z lekarzem weterynarii.<\/p>\n<h2>Pronefra 180 Ml Pies,Kot Virbac<\/h2>\n<p>cytat z kubusia puchatka o mi\u0142o\u015bci, kolorowanka prezent, prezent dla 16 latki, jak narysowac kota, zagadki matematyczne z odpowiedziami, maurycy, zagadki matematyczne dla dzieci 7 lat, narysowa\u0107 rysunki \u0142atwe, okolice wroc\u0142awia, ostatni dzwonek tekst, pieski, prezent na roczek od babci, imiona z bajek, \u0142amig\u0142\u00f3wki matematyczne, kira, szlaczki dla dzieci do druku, trudne zagadki logiczne z odpowiedziami, test z lektury miko\u0142ajek do druku, zagadki logiczne trudne, prezenty na roczek dla dziewczynki<\/p>\n<p>yyyyy<\/p>\n<p>&nbsp;<\/p>\n","protected":false},"excerpt":{"rendered":"<p>Mieszanka paszowa uzupe\u0142niaj\u0105ca, zawiesina doustna, wspomagaj\u0105ca w przypadku przewlek\u0142ej niewydolno\u015bci nerek.Wspomaganie funkcji nerek w przypadku ich przewlek\u0142ej niewydolno\u015bciPRONEFRA jest zalecana dla kot\u00f3w i ps\u00f3w w celu wspomagania funkcji nerek w przypadku ich przewlek\u0142ej niewydolno\u015bciPRONEFRA jest bardzo smaczna, oparta na skojarzonym dzia\u0142aniu 5 sk\u0142adnik\u00f3w:W\u0119glan wapnia i w\u0119glan magnezu obni\u017caj\u0105 dost\u0119pno\u015b\u0107 fosforu z diety poprzez jego wi\u0105zanie [&hellip;]<\/p>\n","protected":false},"featured_media":4456,"comment_status":"closed","ping_status":"open","template":"","meta":[],"product_cat":[1231,1230],"product_tag":[716,580,689,814,661,738],"class_list":["post-4455","product","type-product","status-publish","has-post-thumbnail","hentry","product_cat-odzywki-i-witaminy-dla-psow","product_cat-virbac","product_tag-filmy-animowane-o-swietach","product_tag-janusz","product_tag-linda","product_tag-prezenty-dla-nastolatek","product_tag-swinka-peppa-kolorowanka","product_tag-wroclaw-dla-dzieci"],"_links":{"self":[{"href":"http:\/\/klubmamgdynia.pl\/index.php\/wp-json\/wp\/v2\/product\/4455","targetHints":{"allow":["GET"]}}],"collection":[{"href":"http:\/\/klubmamgdynia.pl\/index.php\/wp-json\/wp\/v2\/product"}],"about":[{"href":"http:\/\/klubmamgdynia.pl\/index.php\/wp-json\/wp\/v2\/types\/product"}],"replies":[{"embeddable":true,"href":"http:\/\/klubmamgdynia.pl\/index.php\/wp-json\/wp\/v2\/comments?post=4455"}],"wp:featuredmedia":[{"embeddable":true,"href":"http:\/\/klubmamgdynia.pl\/index.php\/wp-json\/wp\/v2\/media\/4456"}],"wp:attachment":[{"href":"http:\/\/klubmamgdynia.pl\/index.php\/wp-json\/wp\/v2\/media?parent=4455"}],"wp:term":[{"taxonomy":"product_cat","embeddable":true,"href":"http:\/\/klubmamgdynia.pl\/index.php\/wp-json\/wp\/v2\/product_cat?post=4455"},{"taxonomy":"product_tag","embeddable":true,"href":"http:\/\/klubmamgdynia.pl\/index.php\/wp-json\/wp\/v2\/product_tag?post=4455"}],"curies":[{"name":"wp","href":"https:\/\/api.w.org\/{rel}","templated":true}]}}