{"id":4459,"date":"2015-05-05T19:51:53","date_gmt":"2015-05-05T17:51:53","guid":{"rendered":"http:\/\/klubmamgdynia.pl\/index.php\/produkt\/icom-osmiornica-puszczajaca-banki-na-baterie\/"},"modified":"2026-05-17T22:30:08","modified_gmt":"2026-05-17T20:30:08","slug":"icom-osmiornica-puszczajaca-banki-na-baterie","status":"publish","type":"product","link":"http:\/\/klubmamgdynia.pl\/index.php\/produkt\/icom-osmiornica-puszczajaca-banki-na-baterie\/","title":{"rendered":"Icom O\u015bmiornica Puszczaj\u0105ca Ba\u0144ki Na Baterie"},"content":{"rendered":"<p>O\u015aMIORNICA PUSZCZAJ\u0104CA BA\u0143KI NA BATERIE<\/p>\n<h2>Icom O\u015bmiornica Puszczaj\u0105ca Ba\u0144ki Na Baterie Icom<\/h2>\n<p>\u015bmieszne \u0142ama\u0144ce j\u0119zykowe, janusz, bajka do czytania, god\u0142o polski do druku, zagadki na logike, gad\u017cety dla nastolatek, ma\u0142y ksi\u0105\u017ce cytaty o przyja\u017ani, imi\u0119 pola, zagadki dla dzieci 4-5 lat online, rodzina cytaty, konie quiz, quizy flagi, zagadki wielkanocne przedszkole, kolorowanki do druku dla ch\u0142opc\u00f3w, zagadki dla doros\u0142ych, kolorowanki konie z je\u017ad\u017acem, znaczenie imienia milan, rozrywka dla dzieci<\/p>\n<p>yyyyy<\/p>\n<p>&nbsp;<\/p>\n","protected":false},"excerpt":{"rendered":"<p>O\u015aMIORNICA PUSZCZAJ\u0104CA BA\u0143KI NA BATERIE Icom O\u015bmiornica Puszczaj\u0105ca Ba\u0144ki Na Baterie Icom \u015bmieszne \u0142ama\u0144ce j\u0119zykowe, janusz, bajka do czytania, god\u0142o polski do druku, zagadki na logike, gad\u017cety dla nastolatek, ma\u0142y ksi\u0105\u017ce cytaty o przyja\u017ani, imi\u0119 pola, zagadki dla dzieci 4-5 lat online, rodzina cytaty, konie quiz, quizy flagi, zagadki wielkanocne przedszkole, kolorowanki do druku dla [&hellip;]<\/p>\n","protected":false},"featured_media":4460,"comment_status":"closed","ping_status":"open","template":"","meta":[],"product_cat":[472,102],"product_tag":[658,834,735,814,769,694,607],"class_list":["post-4459","product","type-product","status-publish","has-post-thumbnail","hentry","product_cat-banki-mydlane","product_cat-icom","product_tag-alan-znaczenie-imienia","product_tag-bajka-do-czytania-na-dobranoc","product_tag-prezent-na-roczek-dziewczynka","product_tag-prezenty-dla-nastolatek","product_tag-psi-patrol-do-czytania","product_tag-zagadki-swiateczne-dla-dzieci","product_tag-zarty-na-prima-aprilis-dla-rodzicow"],"_links":{"self":[{"href":"http:\/\/klubmamgdynia.pl\/index.php\/wp-json\/wp\/v2\/product\/4459","targetHints":{"allow":["GET"]}}],"collection":[{"href":"http:\/\/klubmamgdynia.pl\/index.php\/wp-json\/wp\/v2\/product"}],"about":[{"href":"http:\/\/klubmamgdynia.pl\/index.php\/wp-json\/wp\/v2\/types\/product"}],"replies":[{"embeddable":true,"href":"http:\/\/klubmamgdynia.pl\/index.php\/wp-json\/wp\/v2\/comments?post=4459"}],"wp:featuredmedia":[{"embeddable":true,"href":"http:\/\/klubmamgdynia.pl\/index.php\/wp-json\/wp\/v2\/media\/4460"}],"wp:attachment":[{"href":"http:\/\/klubmamgdynia.pl\/index.php\/wp-json\/wp\/v2\/media?parent=4459"}],"wp:term":[{"taxonomy":"product_cat","embeddable":true,"href":"http:\/\/klubmamgdynia.pl\/index.php\/wp-json\/wp\/v2\/product_cat?post=4459"},{"taxonomy":"product_tag","embeddable":true,"href":"http:\/\/klubmamgdynia.pl\/index.php\/wp-json\/wp\/v2\/product_tag?post=4459"}],"curies":[{"name":"wp","href":"https:\/\/api.w.org\/{rel}","templated":true}]}}