{"id":4491,"date":"2021-07-21T20:43:58","date_gmt":"2021-07-21T18:43:58","guid":{"rendered":"http:\/\/klubmamgdynia.pl\/index.php\/produkt\/majorette-pojazdy-miejskie-smieciarka-man-tgs-2057500\/"},"modified":"2026-05-02T04:28:48","modified_gmt":"2026-05-02T02:28:48","slug":"majorette-pojazdy-miejskie-smieciarka-man-tgs-2057500","status":"publish","type":"product","link":"http:\/\/klubmamgdynia.pl\/index.php\/produkt\/majorette-pojazdy-miejskie-smieciarka-man-tgs-2057500\/","title":{"rendered":"Majorette Pojazdy Miejskie \u015amieciarka Man Tgs 2057500"},"content":{"rendered":"<p>Majorette City to seria pojazd\u00f3w miejskich, spotykanych na co dzie\u0144 na ulicach! Kolekcja uczy, jak wa\u017cn\u0105 rol\u0119 stanowi\u0105 s\u0142u\u017cby porz\u0105dkowe miasta i kszta\u0142tuj\u0105 \u015bwiadomo\u015b\u0107 dbania o \u015brodowisko oraz porz\u0105dek. Modele inspirowane s\u0105 prawdziwymi pojazdami wielkich producent\u00f3w, takich jak: MAN, Renault, Porsche, czy VW, posiadaj\u0105 tak\u017ce logo producenta. Ruchome cz\u0119\u015bci daj\u0105 jeszcze wi\u0119cej rado\u015bci podczas zabawy. Pojazdy miejskie s\u0105 niezb\u0119dnym dope\u0142nieniem ka\u017cdej &#8222;miejskiej&#8221; zabawy, a tak\u017ce kolekcji Majorette.Cechy serii:pojazdy bez nap\u0119dudost\u0119pne modele: MAN, Renault, Mercedes Benz, Porsche, Toyotaruchome cz\u0119\u015bcimateria\u0142: metal\/plasticd\u0142ugo\u015b\u0107: ok. 7.5 cmdla dzieci w wieku: 3+Cena dotyczy: Majorette City &#8211; \u015amieciarka MAN TGS 2057500 z unoszon\u0105 tyln\u0105 klap\u0105.<\/p>\n<h2>Majorette Pojazdy Miejskie \u015amieciarka Man Tgs 2057500 Majorette<\/h2>\n<p>zabawy z 7 latkiem, kolorowanki dla dzieci do druku, \u0142amig\u0142\u00f3wki matematyczne, proste dekoracje \u015bwi\u0105teczne dla dzieci, zagadki dla dzieci 6 lat, test z lektury narnia lew czarownica i stara szafa, karty pracy dla dzieci z ukrainy pdf, bajka do czytania na dobranoc, kielich z hosti\u0105 do druku, zagadki, alina, zagadki \u015bwi\u0105teczne dla dzieci, piosenki na dobranoc tekst<\/p>\n<p>yyyyy<\/p>\n<p>&nbsp;<\/p>\n","protected":false},"excerpt":{"rendered":"<p>Majorette City to seria pojazd\u00f3w miejskich, spotykanych na co dzie\u0144 na ulicach! Kolekcja uczy, jak wa\u017cn\u0105 rol\u0119 stanowi\u0105 s\u0142u\u017cby porz\u0105dkowe miasta i kszta\u0142tuj\u0105 \u015bwiadomo\u015b\u0107 dbania o \u015brodowisko oraz porz\u0105dek. Modele inspirowane s\u0105 prawdziwymi pojazdami wielkich producent\u00f3w, takich jak: MAN, Renault, Porsche, czy VW, posiadaj\u0105 tak\u017ce logo producenta. Ruchome cz\u0119\u015bci daj\u0105 jeszcze wi\u0119cej rado\u015bci podczas zabawy. [&hellip;]<\/p>\n","protected":false},"featured_media":4492,"comment_status":"closed","ping_status":"open","template":"","meta":[],"product_cat":[83,343],"product_tag":[831,667,867,697,695,607],"class_list":["post-4491","product","type-product","status-publish","has-post-thumbnail","hentry","product_cat-auta-i-inne-pojazdy-do-zabawy","product_cat-majorette","product_tag-bruno","product_tag-kolorowanka-lol","product_tag-kolorowanki-dla-dziewczynek","product_tag-krotkie-bajki-do-czytania","product_tag-rzadkie-imiona-zenskie","product_tag-zarty-na-prima-aprilis-dla-rodzicow"],"_links":{"self":[{"href":"http:\/\/klubmamgdynia.pl\/index.php\/wp-json\/wp\/v2\/product\/4491","targetHints":{"allow":["GET"]}}],"collection":[{"href":"http:\/\/klubmamgdynia.pl\/index.php\/wp-json\/wp\/v2\/product"}],"about":[{"href":"http:\/\/klubmamgdynia.pl\/index.php\/wp-json\/wp\/v2\/types\/product"}],"replies":[{"embeddable":true,"href":"http:\/\/klubmamgdynia.pl\/index.php\/wp-json\/wp\/v2\/comments?post=4491"}],"wp:featuredmedia":[{"embeddable":true,"href":"http:\/\/klubmamgdynia.pl\/index.php\/wp-json\/wp\/v2\/media\/4492"}],"wp:attachment":[{"href":"http:\/\/klubmamgdynia.pl\/index.php\/wp-json\/wp\/v2\/media?parent=4491"}],"wp:term":[{"taxonomy":"product_cat","embeddable":true,"href":"http:\/\/klubmamgdynia.pl\/index.php\/wp-json\/wp\/v2\/product_cat?post=4491"},{"taxonomy":"product_tag","embeddable":true,"href":"http:\/\/klubmamgdynia.pl\/index.php\/wp-json\/wp\/v2\/product_tag?post=4491"}],"curies":[{"name":"wp","href":"https:\/\/api.w.org\/{rel}","templated":true}]}}