{"id":453,"date":"2025-01-24T09:23:35","date_gmt":"2025-01-24T08:23:35","guid":{"rendered":"http:\/\/klubmamgdynia.pl\/index.php\/produkt\/woopie-ubranko-dla-lalki-kurteczka-z-kapturem-buciki-43-46-cm\/"},"modified":"2026-04-20T17:02:49","modified_gmt":"2026-04-20T15:02:49","slug":"woopie-ubranko-dla-lalki-kurteczka-z-kapturem-buciki-43-46-cm","status":"publish","type":"product","link":"http:\/\/klubmamgdynia.pl\/index.php\/produkt\/woopie-ubranko-dla-lalki-kurteczka-z-kapturem-buciki-43-46-cm\/","title":{"rendered":"Woopie Ubranko Dla Lalki Kurteczka Z Kapturem Buciki 43-46 Cm"},"content":{"rendered":"<p>Zestaw Kolorowy od niezawodnej marki Woopie, b\u0119dzie wspania\u0142ym dodatkiem dla Twojej lalki. Dziecko rozwija wyobra\u017ani\u0119 i kreatywno\u015b\u0107 odgrywaj\u0105c scenki ze swoim bobasem. Du\u017ca ilo\u015b\u0107 dodatk\u00f3w sprawi, \u017ce dziecko b\u0119dzie mog\u0142o ubiera\u0107 bobasa na r\u00f3\u017cne sposoby!Charakterystyka:- przeznaczona dla lalki o wymiarach 43-46 cm- wykonanie najwy\u017cszej jako\u015bci &#8211; dopracowane szczeg\u00f3\u0142y- doskonale i szczeg\u00f3\u0142owo odwzorowane nadruki- opakowanie doskonale nadaj\u0119 si\u0119 na prezentZestaw zawiera:- kurteczka z kapturem- spodenki- buciki<\/p>\n<h2>Woopie Ubranko Dla Lalki Kurteczka Z Kapturem Buciki 43-46 Cm Woopie<\/h2>\n<p>kolorowanka lego friends, kr\u00f3tkie bajki do czytania, \u015bwinka peppa do druku, karyna, zagadki o wiosnie, bajka do czytania o piesku, quiz minecraft, zagadki dla dzieci 4-5 lat online, pomys\u0142y na prezent dla nastolatki, psi patrol kolorowanka, warszawa atrakcje dla dzieci, zagadki dla starszych dzieci, gabriela, wiersz o wakacjach, olaf znaczenie imienia, sta\u0142a pod \u015bniegiem<\/p>\n<p>yyyyy<\/p>\n<p>&nbsp;<\/p>\n","protected":false},"excerpt":{"rendered":"<p>Zestaw Kolorowy od niezawodnej marki Woopie, b\u0119dzie wspania\u0142ym dodatkiem dla Twojej lalki. Dziecko rozwija wyobra\u017ani\u0119 i kreatywno\u015b\u0107 odgrywaj\u0105c scenki ze swoim bobasem. Du\u017ca ilo\u015b\u0107 dodatk\u00f3w sprawi, \u017ce dziecko b\u0119dzie mog\u0142o ubiera\u0107 bobasa na r\u00f3\u017cne sposoby!Charakterystyka:- przeznaczona dla lalki o wymiarach 43-46 cm- wykonanie najwy\u017cszej jako\u015bci &#8211; dopracowane szczeg\u00f3\u0142y- doskonale i szczeg\u00f3\u0142owo odwzorowane nadruki- opakowanie doskonale [&hellip;]<\/p>\n","protected":false},"featured_media":454,"comment_status":"closed","ping_status":"open","template":"","meta":[],"product_cat":[50,177],"product_tag":[650,792,770,872],"class_list":["post-453","product","type-product","status-publish","has-post-thumbnail","hentry","product_cat-ubranka-i-buty-dla-lalek","product_cat-woopie","product_tag-choinka-z-bibuly","product_tag-cytaty-o-mamie","product_tag-samolot-z-papieru","product_tag-zagadki-dla-dzieci-6-lat"],"_links":{"self":[{"href":"http:\/\/klubmamgdynia.pl\/index.php\/wp-json\/wp\/v2\/product\/453","targetHints":{"allow":["GET"]}}],"collection":[{"href":"http:\/\/klubmamgdynia.pl\/index.php\/wp-json\/wp\/v2\/product"}],"about":[{"href":"http:\/\/klubmamgdynia.pl\/index.php\/wp-json\/wp\/v2\/types\/product"}],"replies":[{"embeddable":true,"href":"http:\/\/klubmamgdynia.pl\/index.php\/wp-json\/wp\/v2\/comments?post=453"}],"wp:featuredmedia":[{"embeddable":true,"href":"http:\/\/klubmamgdynia.pl\/index.php\/wp-json\/wp\/v2\/media\/454"}],"wp:attachment":[{"href":"http:\/\/klubmamgdynia.pl\/index.php\/wp-json\/wp\/v2\/media?parent=453"}],"wp:term":[{"taxonomy":"product_cat","embeddable":true,"href":"http:\/\/klubmamgdynia.pl\/index.php\/wp-json\/wp\/v2\/product_cat?post=453"},{"taxonomy":"product_tag","embeddable":true,"href":"http:\/\/klubmamgdynia.pl\/index.php\/wp-json\/wp\/v2\/product_tag?post=453"}],"curies":[{"name":"wp","href":"https:\/\/api.w.org\/{rel}","templated":true}]}}