{"id":4531,"date":"2017-10-01T19:37:25","date_gmt":"2017-10-01T17:37:25","guid":{"rendered":"http:\/\/klubmamgdynia.pl\/index.php\/produkt\/hauck-pierwszy-rower-e-z-rider-10-czarny\/"},"modified":"2026-04-04T18:25:30","modified_gmt":"2026-04-04T16:25:30","slug":"hauck-pierwszy-rower-e-z-rider-10-czarny","status":"publish","type":"product","link":"http:\/\/klubmamgdynia.pl\/index.php\/produkt\/hauck-pierwszy-rower-e-z-rider-10-czarny\/","title":{"rendered":"Hauck Pierwszy Rower E-Z Rider 10 Czarny"},"content":{"rendered":"<p>Hauck Rowerek biegowy E-Z Rider 10, black red to wspania\u0142a sportowa zabawka dla aktywnych maluszk\u00f3w. Podczas przyjemnych przeja\u017cd\u017cek na wygodnym rowerku biegowym dziecko nabywa umiej\u0119tno\u015b\u0107 r\u00f3wnowagi. Zdolno\u015b\u0107 t\u0105 wykorzysta nast\u0119pnie podczas peda\u0142owania na tradycyjnym rowerze. Stabilna jazda nie b\u0119dzie \u017cadnym problemem. Rodzice idealnie dostosuj\u0105 wielko\u015b\u0107 konstrukcji do potrzeb dziecka dzi\u0119ki regulowanym elementom. Zalet\u0105 rowerka Hauck E-Z Rider 10 jest lekka konstrukcja. Pojazd bez peda\u0142\u00f3w i dodatkowych bocznych k\u00f3\u0142ek nap\u0119dza si\u0119 naprzemienn\u0105 prac\u0105 n\u00f3g. Ma\u0142y cyklista poprzez odpowiednie balansowanie cia\u0142em szybko nauczy si\u0119 trzyma\u0107 r\u00f3wnowag\u0119 oraz odpowiednio skr\u0119ca\u0107 pojazdem. Rower biegowy Hauck doskonale nadaje si\u0119 do nauki jazdy. Zabawka uprzyjemni dzieciom wszystkie spacerki oraz zabawy na podw\u00f3rku.Zalety:\u2022 Solidna i lekka konstrukcja;\u2022 Regulowane siode\u0142ko oraz kierownica.\u2022 Uchwyty antypo\u015blizgowe oraz por\u0119czne dla ma\u0142ych dzieci;\u2022 Zabawka biegowa gwarantuje ruch i aktywno\u015b\u0107 ma\u0142ych dzieci;\u2022 Niewielkie wymiary pojazdu pozwalaj\u0105 \u0107wiczy\u0107 jazd\u0119 tak\u017ce w mieszkaniu od najm\u0142odszych lat.W zestawie:\u2022 Rowerek biegowy E-Z Rider;\u2022 Ko\u0142a z oponami typu EVA 10\u201dCechy:\u2022 Wiek dziecka: od 2 lat;\u2022 Maksymalne obci\u0105\u017cenie: do 20 kg.<\/p>\n<h2>Hauck Pierwszy Rower E-Z Rider 10 Czarny Hauck<\/h2>\n<p>bajka terapeutyczna o emocjach, krzy\u017c\u00f3wki dla dzieci do druku, quiz felix net i nika oraz gang niewidzialnych ludzi, quiz znaki drogowe, quiz o minecraft, kolorowanki disney, cytaty o wychowaniu dzieci, domki nad morzem z atrakcjami dla dzieci, kr\u00f3tkie \u017cyczenia wielkanocne dla dzieci, przyja\u017a\u0144, co na prezent dla 7 latki, narysowa\u0107 rysunki \u0142atwe, opis rodzina, zabawy logiczne dla dzieci, maska batmana do druku, zagadki o wiosnie, szablony papierowe lalki do ubierania do wydruku, bajka do czytania o piesku<\/p>\n<p>yyyyy<\/p>\n<p>&nbsp;<\/p>\n","protected":false},"excerpt":{"rendered":"<p>Hauck Rowerek biegowy E-Z Rider 10, black red to wspania\u0142a sportowa zabawka dla aktywnych maluszk\u00f3w. Podczas przyjemnych przeja\u017cd\u017cek na wygodnym rowerku biegowym dziecko nabywa umiej\u0119tno\u015b\u0107 r\u00f3wnowagi. Zdolno\u015b\u0107 t\u0105 wykorzysta nast\u0119pnie podczas peda\u0142owania na tradycyjnym rowerze. Stabilna jazda nie b\u0119dzie \u017cadnym problemem. Rodzice idealnie dostosuj\u0105 wielko\u015b\u0107 konstrukcji do potrzeb dziecka dzi\u0119ki regulowanym elementom. Zalet\u0105 rowerka Hauck [&hellip;]<\/p>\n","protected":false},"featured_media":4532,"comment_status":"closed","ping_status":"open","template":"","meta":[],"product_cat":[108,453],"product_tag":[720,739,679,693],"class_list":["post-4531","product","type-product","status-publish","has-post-thumbnail","hentry","product_cat-hauck","product_cat-rowerki-biegowe","product_tag-malowanki","product_tag-prima-aprilis-w-szkole","product_tag-zabawki-na-roczek-dla-dziewczynki","product_tag-zagadki-dla-doroslych"],"_links":{"self":[{"href":"http:\/\/klubmamgdynia.pl\/index.php\/wp-json\/wp\/v2\/product\/4531","targetHints":{"allow":["GET"]}}],"collection":[{"href":"http:\/\/klubmamgdynia.pl\/index.php\/wp-json\/wp\/v2\/product"}],"about":[{"href":"http:\/\/klubmamgdynia.pl\/index.php\/wp-json\/wp\/v2\/types\/product"}],"replies":[{"embeddable":true,"href":"http:\/\/klubmamgdynia.pl\/index.php\/wp-json\/wp\/v2\/comments?post=4531"}],"wp:featuredmedia":[{"embeddable":true,"href":"http:\/\/klubmamgdynia.pl\/index.php\/wp-json\/wp\/v2\/media\/4532"}],"wp:attachment":[{"href":"http:\/\/klubmamgdynia.pl\/index.php\/wp-json\/wp\/v2\/media?parent=4531"}],"wp:term":[{"taxonomy":"product_cat","embeddable":true,"href":"http:\/\/klubmamgdynia.pl\/index.php\/wp-json\/wp\/v2\/product_cat?post=4531"},{"taxonomy":"product_tag","embeddable":true,"href":"http:\/\/klubmamgdynia.pl\/index.php\/wp-json\/wp\/v2\/product_tag?post=4531"}],"curies":[{"name":"wp","href":"https:\/\/api.w.org\/{rel}","templated":true}]}}