{"id":4555,"date":"2021-11-01T02:06:59","date_gmt":"2021-11-01T01:06:59","guid":{"rendered":"http:\/\/klubmamgdynia.pl\/index.php\/produkt\/moluk-moluk-pastelowa-zabawka-kreatywna-3-x-oibo\/"},"modified":"2026-04-08T23:38:27","modified_gmt":"2026-04-08T21:38:27","slug":"moluk-moluk-pastelowa-zabawka-kreatywna-3-x-oibo","status":"publish","type":"product","link":"http:\/\/klubmamgdynia.pl\/index.php\/produkt\/moluk-moluk-pastelowa-zabawka-kreatywna-3-x-oibo\/","title":{"rendered":"Moluk Moluk Pastelowa Zabawka Kreatywna 3 X Oibo"},"content":{"rendered":"<p>Oibo w pastelowym wydaniu. Kreatywna zabawka dla mniejszych i wi\u0119kszych to dzie\u0142o szwajcarskiej marki Moluk. Miks kuli i sze\u015bcianu mo\u017cna \u015bmia\u0142o wygina\u0107, zgniata\u0107, rozci\u0105ga\u0107 i uk\u0142ada\u0107 jak klocki. Sprawdzi si\u0119 dla dzieci w r\u00f3\u017cnym wieku. Maluchy pos\u0142u\u017c\u0105 si\u0119 zabawk\u0105 jako gryzakiem, nieco starsze dzieci b\u0119d\u0105 turla\u0107 i odbija\u0107 Oibo. Starszaki b\u0119d\u0105 z zabawki budowa\u0107 wie\u017ce i inne konstrukcje. Wytrzyma\u0142a i elastyczna zabawka przetrwa ka\u017cd\u0105 zabaw\u0119. Dzieci spokojnie mog\u0105 na niej stawa\u0107, rzuca\u0107 i podgryza\u0107 j\u0105. Oibo wspomaga rozw\u00f3j dzieci kszta\u0142tuj\u0105c koordynacj\u0119 r\u0119ka-oko i zdolno\u015bci motoryczne. Zestaw zawiera trzy bry\u0142y Oibo w nasyconych kolorach. Wiek: 0+\u015arednica bry\u0142y: 8 cmWymiary opakowania: 19 cm x 6,2 cmNie zawiera: BPA, ftalan\u00f3w, lateksu oraz o\u0142owiu<\/p>\n<h2>Moluk Moluk Pastelowa Zabawka Kreatywna 3 X Oibo Moluk<\/h2>\n<p>rysunki dla pocz\u0105tkuj\u0105cych, spiderman do druku, proste zagadki, milan imie, co mo\u017cna zrobi\u0107 z rolek po papierze toaletowym, zgadywanki dla dzieci, kolorowanka \u015bwinka peppa, znaczenie imienia alan, kr\u00f3tkie czytanki dla dzieci do wydruku, quiz o dinozaurach<\/p>\n<p>yyyyy<\/p>\n<p>&nbsp;<\/p>\n","protected":false},"excerpt":{"rendered":"<p>Oibo w pastelowym wydaniu. Kreatywna zabawka dla mniejszych i wi\u0119kszych to dzie\u0142o szwajcarskiej marki Moluk. Miks kuli i sze\u015bcianu mo\u017cna \u015bmia\u0142o wygina\u0107, zgniata\u0107, rozci\u0105ga\u0107 i uk\u0142ada\u0107 jak klocki. Sprawdzi si\u0119 dla dzieci w r\u00f3\u017cnym wieku. Maluchy pos\u0142u\u017c\u0105 si\u0119 zabawk\u0105 jako gryzakiem, nieco starsze dzieci b\u0119d\u0105 turla\u0107 i odbija\u0107 Oibo. Starszaki b\u0119d\u0105 z zabawki budowa\u0107 wie\u017ce [&hellip;]<\/p>\n","protected":false},"featured_media":4556,"comment_status":"closed","ping_status":"open","template":"","meta":[],"product_cat":[63,1238],"product_tag":[639,665,588,628,649],"class_list":["post-4555","product","type-product","status-publish","has-post-thumbnail","hentry","product_cat-grzechotki-i-gryzaki","product_cat-moluk","product_tag-nela-imie","product_tag-proste-zagadki","product_tag-wzruszajace-slowa-dla-przyjaciela","product_tag-zagadka","product_tag-zagadki-dla-nastolatkow"],"_links":{"self":[{"href":"http:\/\/klubmamgdynia.pl\/index.php\/wp-json\/wp\/v2\/product\/4555","targetHints":{"allow":["GET"]}}],"collection":[{"href":"http:\/\/klubmamgdynia.pl\/index.php\/wp-json\/wp\/v2\/product"}],"about":[{"href":"http:\/\/klubmamgdynia.pl\/index.php\/wp-json\/wp\/v2\/types\/product"}],"replies":[{"embeddable":true,"href":"http:\/\/klubmamgdynia.pl\/index.php\/wp-json\/wp\/v2\/comments?post=4555"}],"wp:featuredmedia":[{"embeddable":true,"href":"http:\/\/klubmamgdynia.pl\/index.php\/wp-json\/wp\/v2\/media\/4556"}],"wp:attachment":[{"href":"http:\/\/klubmamgdynia.pl\/index.php\/wp-json\/wp\/v2\/media?parent=4555"}],"wp:term":[{"taxonomy":"product_cat","embeddable":true,"href":"http:\/\/klubmamgdynia.pl\/index.php\/wp-json\/wp\/v2\/product_cat?post=4555"},{"taxonomy":"product_tag","embeddable":true,"href":"http:\/\/klubmamgdynia.pl\/index.php\/wp-json\/wp\/v2\/product_tag?post=4555"}],"curies":[{"name":"wp","href":"https:\/\/api.w.org\/{rel}","templated":true}]}}