{"id":4565,"date":"2023-05-19T08:22:19","date_gmt":"2023-05-19T06:22:19","guid":{"rendered":"http:\/\/klubmamgdynia.pl\/?post_type=product&#038;p=4565"},"modified":"2026-04-30T14:01:53","modified_gmt":"2026-04-30T12:01:53","slug":"sleepee-mata-do-zabawy-royal-baby-sand","status":"publish","type":"product","link":"http:\/\/klubmamgdynia.pl\/index.php\/produkt\/sleepee-mata-do-zabawy-royal-baby-sand\/","title":{"rendered":"Sleepee Mata Do Zabawy Royal Baby Sand"},"content":{"rendered":"<p>Mata do zabawy Sleepee jest pomy\u015blana tak, aby towarzyszy\u0107 maluszkowi na r\u00f3\u017cnych etapach rozwoju. Mo\u017cna u\u017cywa\u0107 jej jako kojca, maty do gimnastyki, materaca i gniazdka do wypoczynku.Lekka, zapakowana w woreczek do przenoszenia aby bez problemu mo\u017cna by\u0142o zabiera\u0107 j\u0105 na spotkanie ze znajomymi, wyjazdy czy wizyty u dziadk\u00f3w.Mat\u0119 Sleepee mo\u017cna stosowa\u0107 te\u017c jako le\u017cank\u0119 czy te\u017c pierwsz\u0105 mat\u0119 zabaw dla dziecka \u2013 kolory przyci\u0105gaj\u0105 uwag\u0119 Malucha oraz rozwijaj\u0105 zmys\u0142y niemowlaka. Mata pomocna jest tak\u017ce w nauce le\u017cenia na brzuszku i nauki trzymania g\u0142\u00f3wki.Wykonana z certyfikowanego, mi\u0119kkiego weluru. Pikowana z dw\u00f3ch stron. Jak w przypadku wi\u0119kszo\u015bci produkt\u00f3w z linii Royal baby zaopatrzona w 2 urocze uszka, kt\u00f3re dodaj\u0105 jej s\u0142odkiego charakteru.Niezwykle mi\u0119kka mata do zabawy dla dziecka w ka\u017cdym wieku!Specyfikacja:Sk\u0142ad: 100% bawe\u0142na najwy\u017cszej jako\u015bci z unikatowym wzorem zaprojektowanym dla Sleepee, welur 80% bawe\u0142na, 20% poliesterWymiary: 120 cmTkanina posiada Certfikat Oeko-Tex Standrd 100Wype\u0142nienie: antyalergiczna w\u0142\u00f3knina silikonowaCzyszczenie: pranie w 30 stopniach \u2013 bez wirowaniaCzas oczekiwania: 1-3 dniProducent: Sleepee<\/p>\n<h2>Sleepee Mata Do Zabawy Royal Baby Sand Sleepee<\/h2>\n<p>pomysly na prezent na roczek, quiz o flagach, zabawy dla 5 latka, dzie\u0144 pluszowego misia 2021, kolorowanka wakacje, test z dzieci z bullerbyn, cyferki do druku<\/p>\n<p>yyyyy<\/p>\n<p>&nbsp;<\/p>\n","protected":false},"excerpt":{"rendered":"<p>Mata do zabawy Sleepee jest pomy\u015blana tak, aby towarzyszy\u0107 maluszkowi na r\u00f3\u017cnych etapach rozwoju. Mo\u017cna u\u017cywa\u0107 jej jako kojca, maty do gimnastyki, materaca i gniazdka do wypoczynku.Lekka, zapakowana w woreczek do przenoszenia aby bez problemu mo\u017cna by\u0142o zabiera\u0107 j\u0105 na spotkanie ze znajomymi, wyjazdy czy wizyty u dziadk\u00f3w.Mat\u0119 Sleepee mo\u017cna stosowa\u0107 te\u017c jako le\u017cank\u0119 czy [&hellip;]<\/p>\n","protected":false},"featured_media":4566,"comment_status":"closed","ping_status":"open","template":"","meta":[],"product_cat":[55,1239],"product_tag":[648,790,590,602,778],"class_list":["post-4565","product","type-product","status-publish","has-post-thumbnail","hentry","product_cat-maty-edukacyjne","product_cat-sleepee","product_tag-dobrej-nocy-i-sza","product_tag-gry-planszowe-dla-nastolatkow","product_tag-plac-zabaw-warszawa","product_tag-quiz-o-zwierzetach-domowych","product_tag-zabawki-na-roczek-dla-chlopca"],"_links":{"self":[{"href":"http:\/\/klubmamgdynia.pl\/index.php\/wp-json\/wp\/v2\/product\/4565","targetHints":{"allow":["GET"]}}],"collection":[{"href":"http:\/\/klubmamgdynia.pl\/index.php\/wp-json\/wp\/v2\/product"}],"about":[{"href":"http:\/\/klubmamgdynia.pl\/index.php\/wp-json\/wp\/v2\/types\/product"}],"replies":[{"embeddable":true,"href":"http:\/\/klubmamgdynia.pl\/index.php\/wp-json\/wp\/v2\/comments?post=4565"}],"wp:featuredmedia":[{"embeddable":true,"href":"http:\/\/klubmamgdynia.pl\/index.php\/wp-json\/wp\/v2\/media\/4566"}],"wp:attachment":[{"href":"http:\/\/klubmamgdynia.pl\/index.php\/wp-json\/wp\/v2\/media?parent=4565"}],"wp:term":[{"taxonomy":"product_cat","embeddable":true,"href":"http:\/\/klubmamgdynia.pl\/index.php\/wp-json\/wp\/v2\/product_cat?post=4565"},{"taxonomy":"product_tag","embeddable":true,"href":"http:\/\/klubmamgdynia.pl\/index.php\/wp-json\/wp\/v2\/product_tag?post=4565"}],"curies":[{"name":"wp","href":"https:\/\/api.w.org\/{rel}","templated":true}]}}