{"id":4567,"date":"2021-02-22T02:35:35","date_gmt":"2021-02-22T01:35:35","guid":{"rendered":"http:\/\/klubmamgdynia.pl\/index.php\/produkt\/wyrzutnia-rakiet-wojsko-mozdzierz-efekty-dzwiekowe-swietlne\/"},"modified":"2026-05-17T22:02:54","modified_gmt":"2026-05-17T20:02:54","slug":"wyrzutnia-rakiet-wojsko-mozdzierz-efekty-dzwiekowe-swietlne","status":"publish","type":"product","link":"http:\/\/klubmamgdynia.pl\/index.php\/produkt\/wyrzutnia-rakiet-wojsko-mozdzierz-efekty-dzwiekowe-swietlne\/","title":{"rendered":"Wyrzutnia Rakiet Wojsko Mo\u017adzierz Efekty D\u017awi\u0119kowe \u015awietlne"},"content":{"rendered":"<p>Wyrzutnia Rakiet Wojsko Mo\u017adzierz Efekty D\u017awi\u0119kowe \u015awietlne Poczuj si\u0119 jak na prawdziwym polu bitwy. Zabawkowa bro\u0144, kt\u00f3ra sprawi du\u017co frajdy. Przedstawiamy zestaw dla wszystkich fan\u00f3w wojska i zabawek nawi\u0105zuj\u0105cych do militari\u00f3w. Zabawka ta zosta\u0142a zaprojektowana z my\u015bl\u0105 o ma\u0142ych \u017co\u0142nierzach, kt\u00f3rzy upodobali sobie ten bohaterskim zaw\u00f3d. Dzi\u0119ki tej zabawce ka\u017cdy maluch mo\u017ce poczu\u0107 si\u0119 jak nieustraszony dow\u00f3dca na prawdziwym polu bitwy. Czas na obron\u0119.Wyrzutnia zmienia k\u0105t nachylenia, posiada podstawk\u0119, kt\u00f3ra po ustawieniu utrzymuje w odpowiedniej pozycji.Jak uruchomi\u0107 wyrzutni\u0119? Wystarczy nabi\u0107 pociski poprzez specjalnie do\u0142\u0105czone narz\u0119dzie, nast\u0119pnie wrzuci\u0107 do mo\u017adzierza, specjalnie zamontowana spr\u0119\u017cyna powoduje wyrzut wraz z realistycznym d\u017awi\u0119kiem wybuchu.Pociski s\u0105 ca\u0142kowicie bezpieczne, otoczone mi\u0119kk\u0105 piank\u0105. Odkr\u0119caj\u0105c g\u00f3rn\u0105 cz\u0119\u015b\u0107 pocisku g\u0142owice, mo\u017cna uruchomi\u0107 efekty \u015bwietlne. Du\u017cy efekt daje zasi\u0119g strza\u0142u to a\u017c 5 m!Obro\u0144 swoje terytorium! I ciesz si\u0119 zabaw\u0105!Wymiary ca\u0142ej wyrzutni: 35 cm x 50 cm x 56 cm\u015brednica ko\u0142a:24 cmWymiary pocisku: 21 cm x 5 cm x 5 cmWymiary opakowania:64 cm x 32 cm x 8 cmZestaw przeznaczony jest dla wszystkich powy\u017cej 3. roku \u017cycia. Pociski i wyrzutniaposiada certyfikat CE, co w po\u0142\u0105czeniu ze zgodno\u015bci\u0105 z norm\u0105 EN 71 jest gwarancj\u0105 bezpiecze\u0144stwa p\u0142yn\u0105cego z u\u017cytkowania. Zasilany jest \u0142\u0105cznie 12 x AG13, w zestawie.<\/p>\n<h2>Wyrzutnia Rakiet Wojsko Mo\u017adzierz Efekty D\u017awi\u0119kowe \u015awietlne Lean<\/h2>\n<p>co kupi\u0107 dziecku na roczek, halloween dla dzieci warszawa, malowanki dla dzieci, gaja imi\u0119, zabawki dla dziewczynki na roczek, gdzie na ferie zimowe 2022, nela w krainie wombat\u00f3w, \u017c\u0105rty na prima aprilis, szlaczki dla dzieci do druku, ozdoby choinkowe dla dzieci, zagadki trudne, henryk, krzy\u017c\u00f3wki dla dzieci, leon imi\u0119, dobrej nocy<\/p>\n<p>yyyyy<\/p>\n<p>&nbsp;<\/p>\n","protected":false},"excerpt":{"rendered":"<p>Wyrzutnia Rakiet Wojsko Mo\u017adzierz Efekty D\u017awi\u0119kowe \u015awietlne Poczuj si\u0119 jak na prawdziwym polu bitwy. Zabawkowa bro\u0144, kt\u00f3ra sprawi du\u017co frajdy. Przedstawiamy zestaw dla wszystkich fan\u00f3w wojska i zabawek nawi\u0105zuj\u0105cych do militari\u00f3w. Zabawka ta zosta\u0142a zaprojektowana z my\u015bl\u0105 o ma\u0142ych \u017co\u0142nierzach, kt\u00f3rzy upodobali sobie ten bohaterskim zaw\u00f3d. Dzi\u0119ki tej zabawce ka\u017cdy maluch mo\u017ce poczu\u0107 si\u0119 jak [&hellip;]<\/p>\n","protected":false},"featured_media":4568,"comment_status":"closed","ping_status":"open","template":"","meta":[],"product_cat":[1067,40],"product_tag":[864,660,832,602,661,615],"class_list":["post-4567","product","type-product","status-publish","has-post-thumbnail","hentry","product_cat-lean","product_cat-zabawki-militarne","product_tag-basen-warszawa","product_tag-bianka","product_tag-desery-dla-dzieci","product_tag-quiz-o-zwierzetach-domowych","product_tag-swinka-peppa-kolorowanka","product_tag-znane-misie-z-filmow-animowanych"],"_links":{"self":[{"href":"http:\/\/klubmamgdynia.pl\/index.php\/wp-json\/wp\/v2\/product\/4567","targetHints":{"allow":["GET"]}}],"collection":[{"href":"http:\/\/klubmamgdynia.pl\/index.php\/wp-json\/wp\/v2\/product"}],"about":[{"href":"http:\/\/klubmamgdynia.pl\/index.php\/wp-json\/wp\/v2\/types\/product"}],"replies":[{"embeddable":true,"href":"http:\/\/klubmamgdynia.pl\/index.php\/wp-json\/wp\/v2\/comments?post=4567"}],"wp:featuredmedia":[{"embeddable":true,"href":"http:\/\/klubmamgdynia.pl\/index.php\/wp-json\/wp\/v2\/media\/4568"}],"wp:attachment":[{"href":"http:\/\/klubmamgdynia.pl\/index.php\/wp-json\/wp\/v2\/media?parent=4567"}],"wp:term":[{"taxonomy":"product_cat","embeddable":true,"href":"http:\/\/klubmamgdynia.pl\/index.php\/wp-json\/wp\/v2\/product_cat?post=4567"},{"taxonomy":"product_tag","embeddable":true,"href":"http:\/\/klubmamgdynia.pl\/index.php\/wp-json\/wp\/v2\/product_tag?post=4567"}],"curies":[{"name":"wp","href":"https:\/\/api.w.org\/{rel}","templated":true}]}}