{"id":4569,"date":"2023-03-11T13:05:32","date_gmt":"2023-03-11T12:05:32","guid":{"rendered":"http:\/\/klubmamgdynia.pl\/?post_type=product&#038;p=4569"},"modified":"2026-04-06T11:04:51","modified_gmt":"2026-04-06T09:04:51","slug":"clementoni-1000el-high-quality-collection-panorama-square-flamingo-dance","status":"publish","type":"product","link":"http:\/\/klubmamgdynia.pl\/index.php\/produkt\/clementoni-1000el-high-quality-collection-panorama-square-flamingo-dance\/","title":{"rendered":"Clementoni 1000El. High Quality Collection Panorama Square Flamingo Dance"},"content":{"rendered":"<p>1000-piece jigsaw puzzle for adultsSize of completed jigsaw puzzle: 98 x 33 cm<\/p>\n<h2>Clementoni 1000El. High Quality Collection Panorama Square Flamingo Dance Clementoni<\/h2>\n<p>mitologia test, prezent dla m\u0142odzie\u017cy, karty matematyczne tabliczka mno\u017cenia do wydruku, po\u0142\u0105cz kropki do druku, quizy dla dzieci, skye kolorowanka, ju\u017c blisko kol\u0119da tekst, \u015bwinka peppa bajki do czytania, kawaly na prima aprilis, bardzo trudne zagadki<\/p>\n<p>yyyyy<\/p>\n<p>&nbsp;<\/p>\n","protected":false},"excerpt":{"rendered":"<p>1000-piece jigsaw puzzle for adultsSize of completed jigsaw puzzle: 98 x 33 cm Clementoni 1000El. High Quality Collection Panorama Square Flamingo Dance Clementoni mitologia test, prezent dla m\u0142odzie\u017cy, karty matematyczne tabliczka mno\u017cenia do wydruku, po\u0142\u0105cz kropki do druku, quizy dla dzieci, skye kolorowanka, ju\u017c blisko kol\u0119da tekst, \u015bwinka peppa bajki do czytania, kawaly na prima [&hellip;]<\/p>\n","protected":false},"featured_media":4570,"comment_status":"closed","ping_status":"open","template":"","meta":[],"product_cat":[163,90],"product_tag":[742,579,726,846],"class_list":["post-4569","product","type-product","status-publish","has-post-thumbnail","hentry","product_cat-clementoni","product_cat-puzzle","product_tag-piosenki-dla-dzieci-tekst","product_tag-quiz-opowiesci-z-narnii-lew-czarownica-i-stara-szafa","product_tag-quiz-zemsta","product_tag-rysowanki"],"_links":{"self":[{"href":"http:\/\/klubmamgdynia.pl\/index.php\/wp-json\/wp\/v2\/product\/4569","targetHints":{"allow":["GET"]}}],"collection":[{"href":"http:\/\/klubmamgdynia.pl\/index.php\/wp-json\/wp\/v2\/product"}],"about":[{"href":"http:\/\/klubmamgdynia.pl\/index.php\/wp-json\/wp\/v2\/types\/product"}],"replies":[{"embeddable":true,"href":"http:\/\/klubmamgdynia.pl\/index.php\/wp-json\/wp\/v2\/comments?post=4569"}],"wp:featuredmedia":[{"embeddable":true,"href":"http:\/\/klubmamgdynia.pl\/index.php\/wp-json\/wp\/v2\/media\/4570"}],"wp:attachment":[{"href":"http:\/\/klubmamgdynia.pl\/index.php\/wp-json\/wp\/v2\/media?parent=4569"}],"wp:term":[{"taxonomy":"product_cat","embeddable":true,"href":"http:\/\/klubmamgdynia.pl\/index.php\/wp-json\/wp\/v2\/product_cat?post=4569"},{"taxonomy":"product_tag","embeddable":true,"href":"http:\/\/klubmamgdynia.pl\/index.php\/wp-json\/wp\/v2\/product_tag?post=4569"}],"curies":[{"name":"wp","href":"https:\/\/api.w.org\/{rel}","templated":true}]}}