{"id":4609,"date":"2025-01-30T12:38:36","date_gmt":"2025-01-30T11:38:36","guid":{"rendered":"http:\/\/klubmamgdynia.pl\/?post_type=product&#038;p=4609"},"modified":"2026-04-07T12:23:15","modified_gmt":"2026-04-07T10:23:15","slug":"amara-masc-cynkowa-20-g","status":"publish","type":"product","link":"http:\/\/klubmamgdynia.pl\/index.php\/produkt\/amara-masc-cynkowa-20-g\/","title":{"rendered":"Amara Ma\u015b\u0107 Cynkowa 20 g"},"content":{"rendered":"<p>Amara Ma\u015b\u0107 Cynkowa 20 gZASTOSOWANIELek Ma\u015b\u0107 cynkowa ma posta\u0107 ma\u015bci do stosowania miejscowego na sk\u00f3r\u0119. Lek zawiera substancj\u0119 czynn\u0105 tlenek cynku, kt\u00f3ry posiada dzia\u0142anie wysuszaj\u0105ce.WSKAZANIAWspomagaj\u0105co w \u0142agodnych stanach zapalnych sk\u00f3ry, na otarcia nask\u00f3rka i pomocniczo w leczeniu tr\u0105dziku.DZIA\u0141ANIEDzia\u0142a wysuszaj\u0105co.SK\u0141ADCo zawiera lek Ma\u015b\u0107 cynkowaSubstancj\u0105 czynn\u0105 leku jest tlenek cynku.100 g ma\u015bci zawiera 10 g tlenku cynku.Pozosta\u0142e sk\u0142adniki leku to: wazelina hydrofilowa (cholesterol, alkohol stearylowy, wosk bia\u0142y, wazelina bia\u0142a).SPOS\u00d3B U\u017bYCIALek jest przeznaczony do stosowania miejscowego na sk\u00f3r\u0119.O ile lekarz nie zaleci inaczej, nale\u017cy nanosi\u0107 cienk\u0105 warstw\u0119 ma\u015bci r\u0119koma 1-2 razy dziennie na chorobowo zmienione powierzchnie sk\u00f3ry. Przed zastosowaniem i po zastosowaniu nale\u017cy umy\u0107 dok\u0142adnie r\u0119ce.W przypadku tr\u0105dziku ma\u015b\u0107 nanosi\u0107 punktowo.W przypadku w\u0105tpliwo\u015bci zwi\u0105zanych ze stosowaniem leku, nale\u017cy skontaktowa\u0107 si\u0119 z lekarzem.PRZECIWWSKAZANIANie nale\u017cy stosowa\u0107 w przypadku nadwra\u017cliwo\u015bci na tlenek cynku lub inne sk\u0142adniki ma\u015bci.Nie stosowa\u0107 na uszkodzon\u0105 sk\u00f3r\u0119 oraz w ostrych stanach zapalnych sk\u00f3ry.<\/p>\n<h2>Amara Ma\u015b\u0107 Cynkowa 20 g Amara<\/h2>\n<p>zagadki dla 6 latka, sara, pomysly na prezent na roczek, przysz\u0142a zima bia\u0142a, felix net i nika oraz gang niewidzialnych ludzi pytania i odpowiedzi, najlepsze zagadki, zagadki matematyczne na logik\u0119, bajka na dobranoc do czytania, motyl kolorowanka, co dla rocznego dziecka, darmowe quizy<\/p>\n<p>yyyyy<\/p>\n<p>&nbsp;<\/p>\n","protected":false},"excerpt":{"rendered":"<p>Amara Ma\u015b\u0107 Cynkowa 20 gZASTOSOWANIELek Ma\u015b\u0107 cynkowa ma posta\u0107 ma\u015bci do stosowania miejscowego na sk\u00f3r\u0119. Lek zawiera substancj\u0119 czynn\u0105 tlenek cynku, kt\u00f3ry posiada dzia\u0142anie wysuszaj\u0105ce.WSKAZANIAWspomagaj\u0105co w \u0142agodnych stanach zapalnych sk\u00f3ry, na otarcia nask\u00f3rka i pomocniczo w leczeniu tr\u0105dziku.DZIA\u0141ANIEDzia\u0142a wysuszaj\u0105co.SK\u0141ADCo zawiera lek Ma\u015b\u0107 cynkowaSubstancj\u0105 czynn\u0105 leku jest tlenek cynku.100 g ma\u015bci zawiera 10 g tlenku cynku.Pozosta\u0142e [&hellip;]<\/p>\n","protected":false},"featured_media":4610,"comment_status":"closed","ping_status":"open","template":"","meta":[],"product_cat":[1245,200],"product_tag":[781,766,672,712],"class_list":["post-4609","product","type-product","status-publish","has-post-thumbnail","hentry","product_cat-amara","product_cat-nutrikosmetyki-i-leki-dermatologiczne","product_tag-cytaty-o-wychowaniu-dzieci","product_tag-kira","product_tag-trudne-zagadki-z-odpowiedziami","product_tag-zagadki-o-zwierzetach"],"_links":{"self":[{"href":"http:\/\/klubmamgdynia.pl\/index.php\/wp-json\/wp\/v2\/product\/4609","targetHints":{"allow":["GET"]}}],"collection":[{"href":"http:\/\/klubmamgdynia.pl\/index.php\/wp-json\/wp\/v2\/product"}],"about":[{"href":"http:\/\/klubmamgdynia.pl\/index.php\/wp-json\/wp\/v2\/types\/product"}],"replies":[{"embeddable":true,"href":"http:\/\/klubmamgdynia.pl\/index.php\/wp-json\/wp\/v2\/comments?post=4609"}],"wp:featuredmedia":[{"embeddable":true,"href":"http:\/\/klubmamgdynia.pl\/index.php\/wp-json\/wp\/v2\/media\/4610"}],"wp:attachment":[{"href":"http:\/\/klubmamgdynia.pl\/index.php\/wp-json\/wp\/v2\/media?parent=4609"}],"wp:term":[{"taxonomy":"product_cat","embeddable":true,"href":"http:\/\/klubmamgdynia.pl\/index.php\/wp-json\/wp\/v2\/product_cat?post=4609"},{"taxonomy":"product_tag","embeddable":true,"href":"http:\/\/klubmamgdynia.pl\/index.php\/wp-json\/wp\/v2\/product_tag?post=4609"}],"curies":[{"name":"wp","href":"https:\/\/api.w.org\/{rel}","templated":true}]}}