{"id":4615,"date":"2011-03-19T13:13:11","date_gmt":"2011-03-19T12:13:11","guid":{"rendered":"http:\/\/klubmamgdynia.pl\/index.php\/produkt\/clementoni-naukowa-zabawa-cialo-ludzkie-szkielet-mini-50515\/"},"modified":"2026-04-22T20:58:51","modified_gmt":"2026-04-22T18:58:51","slug":"clementoni-naukowa-zabawa-cialo-ludzkie-szkielet-mini-50515","status":"publish","type":"product","link":"http:\/\/klubmamgdynia.pl\/index.php\/produkt\/clementoni-naukowa-zabawa-cialo-ludzkie-szkielet-mini-50515\/","title":{"rendered":"Clementoni Naukowa Zabawa Cia\u0142o Ludzkie Szkielet Mini 50515"},"content":{"rendered":"<p>Realistyczny model ludzkiego cia\u0142a w prosty i przyst\u0119pny spos\u00f3b odkrywa anatomi\u0119 cz\u0142owieka. Zawiera: modele cz\u0105steczek DNA, modele narz\u0105d\u00f3w i ludzkiego szkieletu. Aby odkrywa\u0107 i uczy\u0107 si\u0119 podczas zabawy.Wiek: 8+<\/p>\n<h2>Clementoni Naukowa Zabawa Cia\u0142o Ludzkie Szkielet Mini 50515 Clementoni<\/h2>\n<p>wzruszaj\u0105ce s\u0142owa dla przyjaciela, sentencja dla dziecka, julian znaczenie imienia, roczek prezent, quizy dla dzieci 8 lat, aniela znaczenie imienia, test z lektury opowie\u015bci z narnii lew czarownica i stara szafa z odpowiedziami, pia, pytania do lektury asiunia, babciu droga babciu tekst, kolorowanki do druku pokemon, o\u015brodki wczasowe nad morzem dla rodzin z dzie\u0107mi, podchwytliwe zagadki matematyczne, atrakcje dla dzieci wroc\u0142aw i okolice, cicha noc po angielsku, kolorowanka flamingi, europa stolice quiz, zabawy ruchowe dla dzieci w przedszkolu, basen warszawa, quizy o skokach narciarskich<\/p>\n<p>yyyyy<\/p>\n<p>&nbsp;<\/p>\n","protected":false},"excerpt":{"rendered":"<p>Realistyczny model ludzkiego cia\u0142a w prosty i przyst\u0119pny spos\u00f3b odkrywa anatomi\u0119 cz\u0142owieka. Zawiera: modele cz\u0105steczek DNA, modele narz\u0105d\u00f3w i ludzkiego szkieletu. Aby odkrywa\u0107 i uczy\u0107 si\u0119 podczas zabawy.Wiek: 8+ Clementoni Naukowa Zabawa Cia\u0142o Ludzkie Szkielet Mini 50515 Clementoni wzruszaj\u0105ce s\u0142owa dla przyjaciela, sentencja dla dziecka, julian znaczenie imienia, roczek prezent, quizy dla dzieci 8 lat, [&hellip;]<\/p>\n","protected":false},"featured_media":4616,"comment_status":"closed","ping_status":"open","template":"","meta":[],"product_cat":[163,72],"product_tag":[663,814,577,615],"class_list":["post-4615","product","type-product","status-publish","has-post-thumbnail","hentry","product_cat-clementoni","product_cat-mali-naukowcy","product_tag-kolorowanki-dla-dzieci-do-druku","product_tag-prezenty-dla-nastolatek","product_tag-znaki-drogowe-test","product_tag-znane-misie-z-filmow-animowanych"],"_links":{"self":[{"href":"http:\/\/klubmamgdynia.pl\/index.php\/wp-json\/wp\/v2\/product\/4615","targetHints":{"allow":["GET"]}}],"collection":[{"href":"http:\/\/klubmamgdynia.pl\/index.php\/wp-json\/wp\/v2\/product"}],"about":[{"href":"http:\/\/klubmamgdynia.pl\/index.php\/wp-json\/wp\/v2\/types\/product"}],"replies":[{"embeddable":true,"href":"http:\/\/klubmamgdynia.pl\/index.php\/wp-json\/wp\/v2\/comments?post=4615"}],"wp:featuredmedia":[{"embeddable":true,"href":"http:\/\/klubmamgdynia.pl\/index.php\/wp-json\/wp\/v2\/media\/4616"}],"wp:attachment":[{"href":"http:\/\/klubmamgdynia.pl\/index.php\/wp-json\/wp\/v2\/media?parent=4615"}],"wp:term":[{"taxonomy":"product_cat","embeddable":true,"href":"http:\/\/klubmamgdynia.pl\/index.php\/wp-json\/wp\/v2\/product_cat?post=4615"},{"taxonomy":"product_tag","embeddable":true,"href":"http:\/\/klubmamgdynia.pl\/index.php\/wp-json\/wp\/v2\/product_tag?post=4615"}],"curies":[{"name":"wp","href":"https:\/\/api.w.org\/{rel}","templated":true}]}}