{"id":4631,"date":"2025-09-25T03:49:21","date_gmt":"2025-09-25T01:49:21","guid":{"rendered":"http:\/\/klubmamgdynia.pl\/?post_type=product&#038;p=4631"},"modified":"2026-04-04T13:36:03","modified_gmt":"2026-04-04T11:36:03","slug":"fotelik-samochodowy-babysafe-booster-15-36kg-grey-black-poduszka-nakladka-na-pas","status":"publish","type":"product","link":"http:\/\/klubmamgdynia.pl\/index.php\/produkt\/fotelik-samochodowy-babysafe-booster-15-36kg-grey-black-poduszka-nakladka-na-pas\/","title":{"rendered":"Fotelik samochodowy Babysafe Booster 15-36Kg Grey Black + Poduszka Nak\u0142adka Na Pas"},"content":{"rendered":"<p>BabySafe Booster Fotelik Samochodowy Podstawka 15-36 kg Grey Black + Poduszka Nak\u0142adka Na PasJest to podstawka siedziska przeznaczon\u0105 dla starszych dzieci. Dzi\u0119ki swoim wymiarom, \u015bwietnie sprawdzi si\u0119 zar\u00f3wno u dwunastolatka, jak i u czteroletniego fana wycieczek samochodowych. Siedzisko zosta\u0142o zaprojektowane tak, by zapewni\u0107 komfort podr\u00f3\u017cy, przy jednoczesnym zachowaniu najwy\u017cszego bezpiecze\u0144stwa. Warto tutaj nadmieni\u0107 cho\u0107by o dodatkowym pasie, kt\u00f3ry utrzymuje pas bezpiecze\u0144stwa na jednej, ustalonej i bezpiecznej dla dziecka pozycji. Pozwala to na zapewnienie komfortu w czasie jazdy, a to po\u0142\u0105czone z bardzo wygodnym g\u0105bkowym siedziskiem i tapicerk\u0105 wykonan\u0105 z przyjemnego w dotyku materia\u0142u sprawia, \u017ce twoje ma\u0142e szcz\u0119\u015bcie nie b\u0119dzie chcia\u0142o robi\u0107 przerwy na ka\u017cdej napotkanej stacji benzynowej.Produkt posiada wygodne dla dziecka pod\u0142okietniki, kt\u00f3re stabilizuj\u0105 jego pozycj\u0119 w czasie jazdy (tak\u017ce na szybszych zakr\u0119tach) i umo\u017cliwiaj\u0105 modelowe poprowadzenie pas\u00f3w bezpiecze\u0144stwa. Pozwala to im w prawid\u0142owy spos\u00f3b zadzia\u0142a\u0107 w razie kolizji i zmaksymalizowa\u0107 ich po\u017c\u0105dane dzia\u0142anie. Oczywi\u015bcie pod\u0142okietniki pozwalaj\u0105 tak\u017ce oprze\u0107 dziecku na nich r\u0119ce \u2013 wszak zdecydowanie wygodnie siedzi si\u0119 na fotelu ni\u017celi na krze\u015ble.Podstawka jest bardzo lekka i por\u0119czna, dzi\u0119ki czemu z \u0142atwo\u015bci\u0105 prze\u0142o\u017cysz j\u0105 do innego auta. Tapicerk\u0119 bardzo \u0142atwo zdj\u0105\u0107 z siedziska, dzi\u0119ki czemu mo\u017cna j\u0105 upra\u0107 i ponownie za\u0142o\u017cy\u0107. Produkt wyst\u0119puje w kilku wariantach kolorystycznych, co pozwala na dopasowanie jego koloru do upodoba\u0144 dziecka (lub koloru karoserii).BabySafe Poduszka Nak\u0142adka na Pas Bezpiecze\u0144stwaDzieci maj\u0105 to do siebie, \u017ce kochaj\u0105 ucina\u0107 sobie drzemki najcz\u0119\u015bciej podczas podr\u00f3\u017cy samochodem. Jednak jest to bardzo niewygodne i niekomfortowe, dlatego marka BabySafe stworzy\u0142a nak\u0142adk\u0119 na pas, kt\u00f3ra pe\u0142ni funkcje poduszki. Produkt zosta\u0142 wykonany z wysokiej jako\u015bci materia\u0142\u00f3w, aby zapewni\u0107 100% wygod\u0119.<\/p>\n<h2>Fotelik samochodowy Babysafe Booster 15-36Kg Grey Black + Poduszka Nak\u0142adka Na Pas BabySafe<\/h2>\n<p>bajki do czytania dla 6 latka, sentencje o dzieciach, sabina, miriam imie, kondrad imie, imie kuba, szablony postacie do szopki do druku, quiz online, prezent na dzien dziecka 7 lat, zagadki dla 8 latka, r\u00f3\u017ca imie<\/p>\n<p>yyyyy<\/p>\n<p>&nbsp;<\/p>\n","protected":false},"excerpt":{"rendered":"<p>BabySafe Booster Fotelik Samochodowy Podstawka 15-36 kg Grey Black + Poduszka Nak\u0142adka Na PasJest to podstawka siedziska przeznaczon\u0105 dla starszych dzieci. Dzi\u0119ki swoim wymiarom, \u015bwietnie sprawdzi si\u0119 zar\u00f3wno u dwunastolatka, jak i u czteroletniego fana wycieczek samochodowych. Siedzisko zosta\u0142o zaprojektowane tak, by zapewni\u0107 komfort podr\u00f3\u017cy, przy jednoczesnym zachowaniu najwy\u017cszego bezpiecze\u0144stwa. Warto tutaj nadmieni\u0107 cho\u0107by o [&hellip;]<\/p>\n","protected":false},"featured_media":4632,"comment_status":"closed","ping_status":"open","template":"","meta":[],"product_cat":[972,32],"product_tag":[618,735,595],"class_list":["post-4631","product","type-product","status-publish","has-post-thumbnail","hentry","product_cat-babysafe","product_cat-foteliki-samochodowe","product_tag-lato-lato-lato-czeka-tekst","product_tag-prezent-na-roczek-dziewczynka","product_tag-zagadki-dla-6-latka"],"_links":{"self":[{"href":"http:\/\/klubmamgdynia.pl\/index.php\/wp-json\/wp\/v2\/product\/4631","targetHints":{"allow":["GET"]}}],"collection":[{"href":"http:\/\/klubmamgdynia.pl\/index.php\/wp-json\/wp\/v2\/product"}],"about":[{"href":"http:\/\/klubmamgdynia.pl\/index.php\/wp-json\/wp\/v2\/types\/product"}],"replies":[{"embeddable":true,"href":"http:\/\/klubmamgdynia.pl\/index.php\/wp-json\/wp\/v2\/comments?post=4631"}],"wp:featuredmedia":[{"embeddable":true,"href":"http:\/\/klubmamgdynia.pl\/index.php\/wp-json\/wp\/v2\/media\/4632"}],"wp:attachment":[{"href":"http:\/\/klubmamgdynia.pl\/index.php\/wp-json\/wp\/v2\/media?parent=4631"}],"wp:term":[{"taxonomy":"product_cat","embeddable":true,"href":"http:\/\/klubmamgdynia.pl\/index.php\/wp-json\/wp\/v2\/product_cat?post=4631"},{"taxonomy":"product_tag","embeddable":true,"href":"http:\/\/klubmamgdynia.pl\/index.php\/wp-json\/wp\/v2\/product_tag?post=4631"}],"curies":[{"name":"wp","href":"https:\/\/api.w.org\/{rel}","templated":true}]}}