{"id":4643,"date":"2011-04-27T06:50:49","date_gmt":"2011-04-27T04:50:49","guid":{"rendered":"http:\/\/klubmamgdynia.pl\/index.php\/produkt\/mediderm-krem-1-kg\/"},"modified":"2026-04-29T16:32:32","modified_gmt":"2026-04-29T14:32:32","slug":"mediderm-krem-1-kg","status":"publish","type":"product","link":"http:\/\/klubmamgdynia.pl\/index.php\/produkt\/mediderm-krem-1-kg\/","title":{"rendered":"Mediderm krem 1 kg"},"content":{"rendered":"<p>MEDIDERM KREM 1 KG<\/p>\n<p>Mediderm jest to lekki, niet\u0142usty krem o delikatnym, naturalnym zapachu, kt\u00f3ry przynosi ulg\u0119 w schorzeniach charakteryzuj\u0105cych si\u0119 sucho\u015bci\u0105 sk\u00f3ry.                            <\/p>\n<p>            Mediderm dla suchej sk\u00f3ry to:<\/p>\n<p>ulga &#8211; nawil\u017ca i \u0142agodzi objawy w stanach sucho\u015bci sk\u00f3ry, dzia\u0142a \u0142agodz\u0105co i redukuje \u0142uszczenie si\u0119 sk\u00f3rypiel\u0119gnacja &#8211; zapewnia w\u0142a\u015bciw\u0105 piel\u0119gnacj\u0119 chorobowo zmienionej sk\u00f3ry, dostarcza adekwatnej ilo\u015bci wody o wysokim stopniu czysto\u015bciochrona &#8211; tworzy warstw\u0119 ochronn\u0105, zapobiega nadmiernej utracie wody.Ponadto:szybko si\u0119 wch\u0142anianie daje uczucia t\u0142usto\u015bcinie brudzi ubrania i po\u015bcielinie zawiera lanoliny ani cynkunie zawiera barwnik\u00f3w i substancji zapachowychpoprawia komfort \u017cycia: fizyczny i psychicznydo stosowania u doros\u0142ych i dzieci                            <\/p>\n<p>            Co zawiera Mediderm?<\/p>\n<p>Sk\u0142adniki aktywne to: parafina ciek\u0142a, wazelina bia\u0142a, woda oczyszczona. Woda zastosowana do produkcji kremu Mediderm jest wod\u0105 o bardzo wysokim stopniu czysto\u015bci, dzi\u0119ki unikalnemu systemowi oczyszczania.                            <\/p>\n<p>            Jak dzia\u0142a Mediderm?<\/p>\n<p>Tworzy na sk\u00f3rze warstw\u0119 ochronn\u0105, kt\u00f3ra reguluje parowanie wody.Zatrzymuje wod\u0119 w g\u0142\u0119bszych warstwach sk\u00f3ry.Utrzymuje odpowiedni stopie\u0144 nawil\u017cenia sk\u00f3ry.Nawil\u017ca i nat\u0142uszcza, przez co sk\u00f3ra staje si\u0119 bardziej g\u0142adka, mi\u0119kka i elastyczna.Pomaga zapobiega\u0107 nadmiernemu p\u0119kaniu oraz \u0142uszczeniu si\u0119 sk\u00f3ry.Koi \u015bwi\u0105d i pieczenie, \u0142agodzi podra\u017cnienia.                            <\/p>\n<p>            Kto mo\u017ce stosowa\u0107 Mediderm?<\/p>\n<p>dzieci (od 1-go miesi\u0105ca \u017cycia, po uprzednim wykonaniu pr\u00f3bnej aplikacji na niewielkiej powierzchni sk\u00f3ry, w celu stwierdzenia ewentualnej nadwra\u017cliwo\u015bci)doro\u015bliosoby starsze                            <\/p>\n<p>            Sk\u0142ad:<\/p>\n<p>Paraffinum Liquidum, Cetomacrogol 1000, Aqua Purificata, Petrolatum, Cetearyl Alcohol, Phenoxyethanol.<\/p>\n<h2>Mediderm krem 1 kg Farmina<\/h2>\n<p>quiz o bo\u017cym narodzeniu, kolorowanka uk\u0142ad s\u0142oneczny dla dzieci do druku, kolorowanka \u015bwi\u0105teczna do wydruku, motto dla nauczyciela, zaproszenia na urodziny do wydruku czarno bia\u0142e, pi\u0119kne cytaty o synku, najrzadsze imiona w polsce, imi\u0119 pola<\/p>\n<p>yyyyy<\/p>\n<p>&nbsp;<\/p>\n","protected":false},"excerpt":{"rendered":"<p>MEDIDERM KREM 1 KG Mediderm jest to lekki, niet\u0142usty krem o delikatnym, naturalnym zapachu, kt\u00f3ry przynosi ulg\u0119 w schorzeniach charakteryzuj\u0105cych si\u0119 sucho\u015bci\u0105 sk\u00f3ry. Mediderm dla suchej sk\u00f3ry to: ulga &#8211; nawil\u017ca i \u0142agodzi objawy w stanach sucho\u015bci sk\u00f3ry, dzia\u0142a \u0142agodz\u0105co i redukuje \u0142uszczenie si\u0119 sk\u00f3rypiel\u0119gnacja &#8211; zapewnia w\u0142a\u015bciw\u0105 piel\u0119gnacj\u0119 chorobowo zmienionej sk\u00f3ry, dostarcza adekwatnej ilo\u015bci [&hellip;]<\/p>\n","protected":false},"featured_media":4644,"comment_status":"closed","ping_status":"open","template":"","meta":[],"product_cat":[1250,200],"product_tag":[668,827,612,841,812,604],"class_list":["post-4643","product","type-product","status-publish","has-post-thumbnail","hentry","product_cat-farmina","product_cat-nutrikosmetyki-i-leki-dermatologiczne","product_tag-atrakcje-dla-dzieci-wroclaw","product_tag-bajki-dla-niemowlat","product_tag-kolorowanki-do-druku","product_tag-quiz-o-flagach","product_tag-zagadki-logiczne-na-inteligencje","product_tag-zagadki-trudne"],"_links":{"self":[{"href":"http:\/\/klubmamgdynia.pl\/index.php\/wp-json\/wp\/v2\/product\/4643","targetHints":{"allow":["GET"]}}],"collection":[{"href":"http:\/\/klubmamgdynia.pl\/index.php\/wp-json\/wp\/v2\/product"}],"about":[{"href":"http:\/\/klubmamgdynia.pl\/index.php\/wp-json\/wp\/v2\/types\/product"}],"replies":[{"embeddable":true,"href":"http:\/\/klubmamgdynia.pl\/index.php\/wp-json\/wp\/v2\/comments?post=4643"}],"wp:featuredmedia":[{"embeddable":true,"href":"http:\/\/klubmamgdynia.pl\/index.php\/wp-json\/wp\/v2\/media\/4644"}],"wp:attachment":[{"href":"http:\/\/klubmamgdynia.pl\/index.php\/wp-json\/wp\/v2\/media?parent=4643"}],"wp:term":[{"taxonomy":"product_cat","embeddable":true,"href":"http:\/\/klubmamgdynia.pl\/index.php\/wp-json\/wp\/v2\/product_cat?post=4643"},{"taxonomy":"product_tag","embeddable":true,"href":"http:\/\/klubmamgdynia.pl\/index.php\/wp-json\/wp\/v2\/product_tag?post=4643"}],"curies":[{"name":"wp","href":"https:\/\/api.w.org\/{rel}","templated":true}]}}